{"id":161,"date":"2016-09-28T14:46:07","date_gmt":"2016-09-28T17:46:07","guid":{"rendered":"https:\/\/wp.ufpel.edu.br\/ppgant\/?page_id=161"},"modified":"2022-03-07T13:45:21","modified_gmt":"2022-03-07T16:45:21","slug":"processo-seletivo-2","status":"publish","type":"page","link":"https:\/\/wp.ufpel.edu.br\/ppgant\/processo-seletivo-2\/","title":{"rendered":"Processo Seletivo Doutorado"},"content":{"rendered":"<p><span style=\"color: #993300\"><strong>PROCESSO SELETIVO <span style=\"font-size: 14pt\">2022<\/span><\/strong><\/span><\/p>\n<p>Orienta\u00e7\u00f5es para matricula dos aprovados em: https:\/\/wp.ufpel.edu.br\/ppgant\/2022\/03\/07\/matricula-ingressantes-2022\/<\/p>\n<p><a href=\"https:\/\/wp.ufpel.edu.br\/ppgant\/files\/2022\/03\/Resultado-FINAL-Selecao-Doutorado-PPGANT-2022-1.pdf\">Resultado FINAL &#8211; Sele\u00e7\u00e3o Doutorado PPGANT 2022<\/a><\/p>\n<p><a href=\"https:\/\/wp.ufpel.edu.br\/ppgant\/files\/2022\/03\/Resultado-Etapa-3-Selecao-Doutorado-2022-1.pdf\">Resultado Etapa 3 &#8211; Sele\u00e7\u00e3o Doutorado 2022 <\/a><\/p>\n<p><a href=\"https:\/\/wp.ufpel.edu.br\/ppgant\/files\/2022\/02\/Resultado-Preliminar-Etapa-2.pdf\">Resultado Preliminar &#8211; Etapa 2<\/a><\/p>\n<p><a href=\"https:\/\/wp.ufpel.edu.br\/ppgant\/files\/2022\/02\/Cronograma-de-Arguicoes-Doutorado-2022-Pagina1.pdf\">Cronograma de Argui\u00e7\u00f5es <\/a><\/p>\n<p><a href=\"https:\/\/wp.ufpel.edu.br\/ppgant\/files\/2022\/02\/Resultado-ETAPA-1-Selecao-Doutorado-PPGANT-2022-3.pdf\">Resultado ETAPA 1 <\/a><\/p>\n<p><a href=\"https:\/\/wp.ufpel.edu.br\/ppgant\/files\/2022\/02\/INSCRICOES-HOMOLOGADAS-PPGANT-DOUTORADO-2022-1.pdf\">INSCRI\u00c7\u00d5ES HOMOLOGADAS PPGANT DOUTORADO 2022<\/a><\/p>\n<p><a href=\"https:\/\/wp.ufpel.edu.br\/ppgant\/files\/2021\/12\/Edital-de-selecao-PPGAnt-Doutorado-2022.pdf\">Edital de sele\u00e7\u00e3o PPGAnt Doutorado-2022<\/a><\/p>\n<p><a href=\"https:\/\/wp.ufpel.edu.br\/ppgant\/files\/2021\/12\/Edital-de-Retificacao-34.pdf\">Edital de Retifica\u00e7\u00e3o<\/a><\/p>\n<p><a href=\"https:\/\/wp.ufpel.edu.br\/ppgant\/files\/2021\/12\/1.3.1-Formulario-Inscricao-Doutorado.docx\">1.3.1 Formul\u00e1rio Inscri\u00e7\u00e3o Doutorado<\/a><\/p>\n<p><a href=\"https:\/\/wp.ufpel.edu.br\/ppgant\/files\/2021\/12\/1.3.1.1-Formulario-Declaracao-Etnia.doc\">1.3.1.1 Formul\u00e1rio Declara\u00e7\u00e3o Etnia<\/a><\/p>\n<p><a href=\"https:\/\/wp.ufpel.edu.br\/ppgant\/files\/2021\/12\/1.3.1.1-Autodeclaracao-Identidade-Genero.pdf\">1.3.1.1 Autodeclaracao Identidade G\u00eanero<\/a><\/p>\n<p><a href=\"https:\/\/wp.ufpel.edu.br\/ppgant\/files\/2021\/12\/1.3.4-Formulario-Quadro-Pontuacao-CV.docx\">1.3.4 Formul\u00e1rio Quadro Pontua\u00e7\u00e3o CV<\/a><\/p>\n","protected":false},"excerpt":{"rendered":"<p>PROCESSO SELETIVO 2022 Orienta\u00e7\u00f5es para matricula dos aprovados em: https:\/\/wp.ufpel.edu.br\/ppgant\/2022\/03\/07\/matricula-ingressantes-2022\/ Resultado FINAL &#8211; Sele\u00e7\u00e3o Doutorado PPGANT 2022 Resultado Etapa 3 &#8211; Sele\u00e7\u00e3o Doutorado 2022 Resultado Preliminar &#8211; Etapa 2 Cronograma de Argui\u00e7\u00f5es Resultado ETAPA 1 INSCRI\u00c7\u00d5ES HOMOLOGADAS PPGANT DOUTORADO 2022 Edital de sele\u00e7\u00e3o PPGAnt Doutorado-2022 Edital de Retifica\u00e7\u00e3o 1.3.1 Formul\u00e1rio Inscri\u00e7\u00e3o Doutorado 1.3.1.1 Formul\u00e1rio Declara\u00e7\u00e3o [&hellip;]<\/p>\n","protected":false},"author":453,"featured_media":0,"parent":0,"menu_order":2,"comment_status":"closed","ping_status":"closed","template":"","meta":{"footnotes":""},"class_list":["post-161","page","type-page","status-publish","hentry"],"jetpack_sharing_enabled":true,"_links":{"self":[{"href":"https:\/\/wp.ufpel.edu.br\/ppgant\/wp-json\/wp\/v2\/pages\/161","targetHints":{"allow":["GET"]}}],"collection":[{"href":"https:\/\/wp.ufpel.edu.br\/ppgant\/wp-json\/wp\/v2\/pages"}],"about":[{"href":"https:\/\/wp.ufpel.edu.br\/ppgant\/wp-json\/wp\/v2\/types\/page"}],"author":[{"embeddable":true,"href":"https:\/\/wp.ufpel.edu.br\/ppgant\/wp-json\/wp\/v2\/users\/453"}],"replies":[{"embeddable":true,"href":"https:\/\/wp.ufpel.edu.br\/ppgant\/wp-json\/wp\/v2\/comments?post=161"}],"version-history":[{"count":90,"href":"https:\/\/wp.ufpel.edu.br\/ppgant\/wp-json\/wp\/v2\/pages\/161\/revisions"}],"predecessor-version":[{"id":2030,"href":"https:\/\/wp.ufpel.edu.br\/ppgant\/wp-json\/wp\/v2\/pages\/161\/revisions\/2030"}],"wp:attachment":[{"href":"https:\/\/wp.ufpel.edu.br\/ppgant\/wp-json\/wp\/v2\/media?parent=161"}],"curies":[{"name":"wp","href":"https:\/\/api.w.org\/{rel}","templated":true}]}}