{"id":1435,"date":"2020-10-15T15:40:33","date_gmt":"2020-10-15T18:40:33","guid":{"rendered":"https:\/\/wp.ufpel.edu.br\/ppgant\/?page_id=1435"},"modified":"2021-12-22T12:42:47","modified_gmt":"2021-12-22T15:42:47","slug":"coordinacion-secretaria","status":"publish","type":"page","link":"https:\/\/wp.ufpel.edu.br\/ppgant\/programa-de-posgrado-en-antropologia-ppgant\/coordinacion-secretaria\/","title":{"rendered":"Coordinaci\u00f3n \/ Secretaria"},"content":{"rendered":"<p><strong>Coordinador<\/strong><\/p>\n<p><strong><a href=\"http:\/\/lattes.cnpq.br\/3492897890555011\"><span style=\"font-weight: 400\">Rog\u00e9rio Reus Gon\u00e7alves da Rosa<\/span><\/a><br \/>\n<\/strong>contato: <a href=\"mailto:rosa.rogeriogoncalves@uol.com.br\"><span style=\"font-weight: 400\">rosa.rogeriogoncalves@uol.com.br<\/span><\/a><\/p>\n<p><strong>Coordinador Asistente<\/strong><\/p>\n<p><a href=\"http:\/\/lattes.cnpq.br\/7165514821360748\">Pedro Luis Machado Sanches<\/a>\u00a0<strong><br \/>\n<\/strong>contato: <a href=\"mailto:pedrolmsanches@gmail.com\">pedrolmsanches@gmail.com<\/a><\/p>\n<p>&nbsp;<\/p>\n<p><strong>Asistente Administrativa<\/strong><br \/>\nAline Pereira<\/p>\n<p>&nbsp;<\/p>\n<p><strong>Asistencia:<br \/>\n<\/strong>&#8212;<\/p>\n<p><strong>Direcci\u00f3n<br \/>\n<\/strong><span style=\"font-weight: 400\">Instituto de Ci\u00eancias Humanas<br \/>\n<\/span><span style=\"font-weight: 400\">Calle Alberto Rosa, 154 &#8211; Sala 117<br \/>\n<\/span><span style=\"font-weight: 400\">Pelotas &#8211; RS, Brasil (96010-770)<\/span><\/p>\n<p><strong>Contacto<br \/>\n<\/strong>Tel\u00e9fono: +55 53 <span style=\"font-weight: 400\">3284-5527<br \/>\n<\/span>Email: <span style=\"font-weight: 400\">ppgant.ufpeloficial@gmail.com<\/span><\/p>\n","protected":false},"excerpt":{"rendered":"<p>Coordinador Rog\u00e9rio Reus Gon\u00e7alves da Rosa contato: rosa.rogeriogoncalves@uol.com.br Coordinador Asistente Pedro Luis Machado Sanches\u00a0 contato: pedrolmsanches@gmail.com &nbsp; Asistente Administrativa Aline Pereira &nbsp; Asistencia: &#8212; Direcci\u00f3n Instituto de Ci\u00eancias Humanas Calle Alberto Rosa, 154 &#8211; Sala 117 Pelotas &#8211; RS, Brasil (96010-770) Contacto Tel\u00e9fono: +55 53 3284-5527 Email: ppgant.ufpeloficial@gmail.com<\/p>\n","protected":false},"author":453,"featured_media":0,"parent":1355,"menu_order":2,"comment_status":"closed","ping_status":"closed","template":"","meta":{"footnotes":""},"class_list":["post-1435","page","type-page","status-publish","hentry"],"jetpack_sharing_enabled":true,"_links":{"self":[{"href":"https:\/\/wp.ufpel.edu.br\/ppgant\/wp-json\/wp\/v2\/pages\/1435","targetHints":{"allow":["GET"]}}],"collection":[{"href":"https:\/\/wp.ufpel.edu.br\/ppgant\/wp-json\/wp\/v2\/pages"}],"about":[{"href":"https:\/\/wp.ufpel.edu.br\/ppgant\/wp-json\/wp\/v2\/types\/page"}],"author":[{"embeddable":true,"href":"https:\/\/wp.ufpel.edu.br\/ppgant\/wp-json\/wp\/v2\/users\/453"}],"replies":[{"embeddable":true,"href":"https:\/\/wp.ufpel.edu.br\/ppgant\/wp-json\/wp\/v2\/comments?post=1435"}],"version-history":[{"count":8,"href":"https:\/\/wp.ufpel.edu.br\/ppgant\/wp-json\/wp\/v2\/pages\/1435\/revisions"}],"predecessor-version":[{"id":1971,"href":"https:\/\/wp.ufpel.edu.br\/ppgant\/wp-json\/wp\/v2\/pages\/1435\/revisions\/1971"}],"up":[{"embeddable":true,"href":"https:\/\/wp.ufpel.edu.br\/ppgant\/wp-json\/wp\/v2\/pages\/1355"}],"wp:attachment":[{"href":"https:\/\/wp.ufpel.edu.br\/ppgant\/wp-json\/wp\/v2\/media?parent=1435"}],"curies":[{"name":"wp","href":"https:\/\/api.w.org\/{rel}","templated":true}]}}