{"id":1358,"date":"2020-10-05T18:51:16","date_gmt":"2020-10-05T21:51:16","guid":{"rendered":"https:\/\/wp.ufpel.edu.br\/ppgant\/?page_id=1358"},"modified":"2020-10-05T19:36:07","modified_gmt":"2020-10-05T22:36:07","slug":"academico","status":"publish","type":"page","link":"https:\/\/wp.ufpel.edu.br\/ppgant\/academico\/","title":{"rendered":"ACAD\u00c9MICO"},"content":{"rendered":"<p><b>MAESTR\u00cdA<\/b><\/p>\n<p><span style=\"font-weight: 400\">La estructura curricular de la Maestr\u00eda en Antropolog\u00eda de la UFPel consta de asignaturas obligatorias y optativas, adem\u00e1s del Seminario de Orientaci\u00f3n. Debido a sus dos \u00e1reas de concentraci\u00f3n, el programa prev\u00e9 que el estudiante que opte por integrar el \u00e1rea de concentraci\u00f3n en Antropolog\u00eda deber\u00e1 cursar, de manera obligatoria, las siguientes materias: Teor\u00eda Antropol\u00f3gica I, Teor\u00eda Antropol\u00f3gica II y Metodolog\u00eda en Antropolog\u00eda. El alumno que opte por el \u00e1rea de concentraci\u00f3n en Arqueolog\u00eda deber\u00e1 cursar de forma obligatoria las siguientes asignaturas: Teor\u00eda Arqueol\u00f3gica I, Teor\u00eda Arqueol\u00f3gica II y Metodolog\u00eda en Arqueolog\u00eda. Debido a la propuesta interdisciplinar de la asignatura, las disciplinas de Teor\u00eda Antropol\u00f3gica I y II y Teor\u00eda Arqueol\u00f3gica I y II podr\u00e1n ser tomadas como optativas para los alumnos que no las tengan como obligatorias para su \u00e1rea de concentraci\u00f3n. Estas asignaturas son de 4 cr\u00e9ditos y ser\u00e1n impartidas por el Departamento.<\/span><\/p>\n<p><span style=\"font-weight: 400\">Los cursos electivos son los de las L\u00edneas de Investigaci\u00f3n, son 4 cr\u00e9ditos, impartidos por los profesores titulares y colaboradores del Departamento y los Seminarios Especiales I, II y III, de 2 cr\u00e9ditos, son impartidos preferentemente por profesores visitantes.<\/span><\/p>\n<p><span style=\"font-weight: 400\">El alumno deber\u00e1 cursar 12 cr\u00e9ditos de asignaturas obligatorias, 12 cr\u00e9ditos entre optativas y seminarios (al menos una de las asignaturas optativas deber\u00e1 cursar en la L\u00ednea de Investigaci\u00f3n de la que el alumno forme parte), 4 cr\u00e9ditos del Seminario de Orientaci\u00f3n y 2 cr\u00e9ditos de Disertaci\u00f3n Defensa, totalizando 30 cr\u00e9ditos en el Programa.<\/span><\/p>\n<p><span style=\"font-weight: 400\">Como la UFPel ofrece Maestr\u00edas en Humanidades (Ciencias Sociales, Memoria Social y Patrimonio Cultural, Econom\u00eda, Educaci\u00f3n, Historia, Idiomas, entre otras), es posible que los estudiantes realicen otros cursos o seminarios en estos programas, ampliando sus cr\u00e9ditos electivos.<\/span><\/p>\n<p>&nbsp;<\/p>\n<p><b>DOCTORADO<\/b><\/p>\n<p><span style=\"font-weight: 400\">La estructura curricular del curso de Doctorado en Antropolog\u00eda de la UFPel consta de asignaturas obligatorias y optativas, adem\u00e1s del Seminario de Orientaci\u00f3n. Por sus dos \u00e1reas de concentraci\u00f3n, el programa prev\u00e9 que el estudiante que opte por integrar el \u00e1rea de concentraci\u00f3n en Antropolog\u00eda Social y Cultural deber\u00e1 cursar, como preceptivas, las siguientes materias: Teor\u00eda Antropol\u00f3gica I, Teor\u00eda Antropol\u00f3gica II y Metodolog\u00eda en Antropolog\u00eda. El alumno que opte por el \u00e1rea de concentraci\u00f3n en Arqueolog\u00eda deber\u00e1 cursar de forma obligatoria las siguientes asignaturas: Teor\u00eda Arqueol\u00f3gica I, Teor\u00eda Arqueol\u00f3gica II y Metodolog\u00eda en Arqueolog\u00eda. Debido a la propuesta interdisciplinar de la asignatura, las disciplinas de Teor\u00eda Antropol\u00f3gica I y II y Teor\u00eda Arqueol\u00f3gica I y II podr\u00e1n ser tomadas como optativas para los alumnos que no las tengan como obligatorias para su \u00e1rea de concentraci\u00f3n. Estas asignaturas son de 4 cr\u00e9ditos y ser\u00e1n impartidas por el Departamento.<\/span><\/p>\n<p><span style=\"font-weight: 400\">Los cursos electivos tienen 2 o 4 cr\u00e9ditos y est\u00e1n vinculados a una o m\u00e1s l\u00edneas de investigaci\u00f3n, generalmente ofrecidos por profesores permanentes y colaboradores. Las asignaturas de los Seminarios Especiales I, II, III y IV, todas con 2 cr\u00e9ditos, son impartidas preferentemente por profesores de otras instituciones u otros programas de posgrado de la UFPel.<\/span><\/p>\n<p><span style=\"font-weight: 400\">El alumno matriculado en el curso de doctorado deber\u00e1 completar al menos 12 cr\u00e9ditos de materias obligatorias, 24 cr\u00e9ditos de materias optativas, 8 cr\u00e9ditos de seminario de orientaci\u00f3n y 4 cr\u00e9ditos relacionados con la Presentaci\u00f3n de la Tesis Doctoral, totalizando 48 cr\u00e9ditos. De este total, al menos 24 cr\u00e9ditos se pueden destinar la maestr\u00eda, si has realizado el curso en el \u00e1rea de concentraci\u00f3n en la que est\u00e1s matriculado en PPGAnt.<\/span><\/p>\n<p><span style=\"font-weight: 400\">Dado que la UFPel ofrece Postgrados en Humanidades (Ciencias Sociales, Memoria Social y Patrimonio Cultural, Educaci\u00f3n, Historia, Idiomas, entre otros), el PPGAnt anima a los estudiantes a sentirse libres para cursar asignaturas en otros Departamentos, teniendo en cuenta los intereses de su investigaci\u00f3n. , ampliando as\u00ed los cr\u00e9ditos en cursos electivos.<\/span><\/p>\n<p><span style=\"font-weight: 400\">PPGAnt continuar\u00e1 con la adopci\u00f3n de acciones afirmativas para el curso de doctorado, como ya ocurre en la maestr\u00eda. En este sentido, en principio, se asignar\u00e1n hasta 2 (dos) plazas a candidatos ind\u00edgenas, negros y miembros de comunidades tradicionales (quilombolas, comunidades ribere\u00f1as, pomeranos, etc.).<\/span><\/p>\n","protected":false},"excerpt":{"rendered":"<p>MAESTR\u00cdA La estructura curricular de la Maestr\u00eda en Antropolog\u00eda de la UFPel consta de asignaturas obligatorias y optativas, adem\u00e1s del Seminario de Orientaci\u00f3n. Debido a sus dos \u00e1reas de concentraci\u00f3n, el programa prev\u00e9 que el estudiante que opte por integrar el \u00e1rea de concentraci\u00f3n en Antropolog\u00eda deber\u00e1 cursar, de manera obligatoria, las siguientes materias: Teor\u00eda [&hellip;]<\/p>\n","protected":false},"author":453,"featured_media":0,"parent":0,"menu_order":2,"comment_status":"closed","ping_status":"closed","template":"","meta":{"footnotes":""},"class_list":["post-1358","page","type-page","status-publish","hentry"],"jetpack_sharing_enabled":true,"_links":{"self":[{"href":"https:\/\/wp.ufpel.edu.br\/ppgant\/wp-json\/wp\/v2\/pages\/1358","targetHints":{"allow":["GET"]}}],"collection":[{"href":"https:\/\/wp.ufpel.edu.br\/ppgant\/wp-json\/wp\/v2\/pages"}],"about":[{"href":"https:\/\/wp.ufpel.edu.br\/ppgant\/wp-json\/wp\/v2\/types\/page"}],"author":[{"embeddable":true,"href":"https:\/\/wp.ufpel.edu.br\/ppgant\/wp-json\/wp\/v2\/users\/453"}],"replies":[{"embeddable":true,"href":"https:\/\/wp.ufpel.edu.br\/ppgant\/wp-json\/wp\/v2\/comments?post=1358"}],"version-history":[{"count":2,"href":"https:\/\/wp.ufpel.edu.br\/ppgant\/wp-json\/wp\/v2\/pages\/1358\/revisions"}],"predecessor-version":[{"id":1379,"href":"https:\/\/wp.ufpel.edu.br\/ppgant\/wp-json\/wp\/v2\/pages\/1358\/revisions\/1379"}],"wp:attachment":[{"href":"https:\/\/wp.ufpel.edu.br\/ppgant\/wp-json\/wp\/v2\/media?parent=1358"}],"curies":[{"name":"wp","href":"https:\/\/api.w.org\/{rel}","templated":true}]}}