{"id":1271,"date":"2020-09-28T19:37:19","date_gmt":"2020-09-28T22:37:19","guid":{"rendered":"https:\/\/wp.ufpel.edu.br\/ppgant\/?page_id=1271"},"modified":"2020-12-01T09:07:51","modified_gmt":"2020-12-01T12:07:51","slug":"projetos","status":"publish","type":"page","link":"https:\/\/wp.ufpel.edu.br\/ppgant\/linhas-e-projetos\/projetos\/","title":{"rendered":"Grupos de Pesquisa"},"content":{"rendered":"<p style=\"text-align: justify\"><a href=\"https:\/\/wp.ufpel.edu.br\/gpcie\/\">GPCIE &#8211; Grupo de Pesquisa Cultura, Imagin\u00e1rio e Educa\u00e7\u00e3o<\/a><br \/>\nIn\u00edcio das atividades: 2016<br \/>\nA proposta \u00e9 que seja ampla em estudos de manifesta\u00e7\u00f5es culturais no passado e no presente, no seu processo de difus\u00e3o atrav\u00e9s da educa\u00e7\u00e3o, e tendo como enfoque te\u00f3rico os estudos do imagin\u00e1rio, na sua amplitude maior, que compreende os pensamentos humanos como fruto das constru\u00e7\u00f5es culturais de cada grupo.<\/p>\n<p style=\"text-align: justify\"><a href=\"https:\/\/www.ufrgs.br\/gepac\/\">GEPAC &#8211; Grupo de Estudos e Pesquisas em Alimenta\u00e7\u00e3o, Consumo e Cultura<\/a><br \/>\nIn\u00edcio das atividades: 2006<br \/>\n<span style=\"font-weight: 400\">O grupo desenvolve suas atividades desde 2006, ainda que apenas em 2013 tenha sido registrado no Diret\u00f3rio de Grupos de Pesquisa do CNPq. A agenda de pesquisas do GEPAC \u00e9 perpassada por um conjunto de temas, que tomam a alimenta\u00e7\u00e3o e o consumo: 1. como express\u00f5es de um imagin\u00e1rio sobre o rural, constitu\u00eddo especialmente por moradores de centros urbanos em suas pr\u00e1ticas; 2. como reveladores de dilui\u00e7\u00f5es e redefini\u00e7\u00f5es das fronteiras entre rural e urbano, tal como manifestam as ambiguidades presentes nas pr\u00e1ticas produtivas e de consumo de variados segmentos de agricultores; 3. como sinais diacr\u00edticos de identidades que congregam o rural como atributo; 4. intervindo no debate sobre as din\u00e2micas de desenvolvimento do rural e correspondentes processos e pr\u00e1ticas de produ\u00e7\u00e3o de alimentos; 5. enquanto aglutinadores de significados, posicionamentos pol\u00edticos e processos constitutivos de novas redes.<\/span><\/p>\n<p><a href=\"https:\/\/www.facebook.com\/geeurbano\/\">GEEUR &#8211; Grupo de Estudos Etnogr\u00e1ficos Urbanos\u00a0<\/a><br \/>\nIn\u00edcio das atividades: 2011<br \/>\nO trabalho desenvolvido pelo grupo auxilia a forma\u00e7\u00e3o de discentes junto ao Programa de P\u00f3s-Gradua\u00e7\u00e3o em Antropologia e do Bacharelado em Antropologia da UFPel, e sustenta a pesquisa e a extens\u00e3o dos projetos liderados por seus participantes. Al\u00e9m disso, promove a intera\u00e7\u00e3o com outros grupos de pesquisa da UFPel.<\/p>\n","protected":false},"excerpt":{"rendered":"<p>GPCIE &#8211; Grupo de Pesquisa Cultura, Imagin\u00e1rio e Educa\u00e7\u00e3o In\u00edcio das atividades: 2016 A proposta \u00e9 que seja ampla em estudos de manifesta\u00e7\u00f5es culturais no passado e no presente, no seu processo de difus\u00e3o atrav\u00e9s da educa\u00e7\u00e3o, e tendo como enfoque te\u00f3rico os estudos do imagin\u00e1rio, na sua amplitude maior, que compreende os pensamentos humanos [&hellip;]<\/p>\n","protected":false},"author":453,"featured_media":0,"parent":120,"menu_order":0,"comment_status":"closed","ping_status":"closed","template":"","meta":{"footnotes":""},"class_list":["post-1271","page","type-page","status-publish","hentry"],"jetpack_sharing_enabled":true,"_links":{"self":[{"href":"https:\/\/wp.ufpel.edu.br\/ppgant\/wp-json\/wp\/v2\/pages\/1271","targetHints":{"allow":["GET"]}}],"collection":[{"href":"https:\/\/wp.ufpel.edu.br\/ppgant\/wp-json\/wp\/v2\/pages"}],"about":[{"href":"https:\/\/wp.ufpel.edu.br\/ppgant\/wp-json\/wp\/v2\/types\/page"}],"author":[{"embeddable":true,"href":"https:\/\/wp.ufpel.edu.br\/ppgant\/wp-json\/wp\/v2\/users\/453"}],"replies":[{"embeddable":true,"href":"https:\/\/wp.ufpel.edu.br\/ppgant\/wp-json\/wp\/v2\/comments?post=1271"}],"version-history":[{"count":6,"href":"https:\/\/wp.ufpel.edu.br\/ppgant\/wp-json\/wp\/v2\/pages\/1271\/revisions"}],"predecessor-version":[{"id":1654,"href":"https:\/\/wp.ufpel.edu.br\/ppgant\/wp-json\/wp\/v2\/pages\/1271\/revisions\/1654"}],"up":[{"embeddable":true,"href":"https:\/\/wp.ufpel.edu.br\/ppgant\/wp-json\/wp\/v2\/pages\/120"}],"wp:attachment":[{"href":"https:\/\/wp.ufpel.edu.br\/ppgant\/wp-json\/wp\/v2\/media?parent=1271"}],"curies":[{"name":"wp","href":"https:\/\/api.w.org\/{rel}","templated":true}]}}