{"id":814,"date":"2017-09-15T17:21:09","date_gmt":"2017-09-15T20:21:09","guid":{"rendered":"https:\/\/wp.ufpel.edu.br\/ppga\/?page_id=814"},"modified":"2017-09-15T17:39:42","modified_gmt":"2017-09-15T20:39:42","slug":"internacionalizacao","status":"publish","type":"page","link":"https:\/\/wp.ufpel.edu.br\/ppga\/?page_id=814","title":{"rendered":"Internacionaliza\u00e7\u00e3o"},"content":{"rendered":"<p>Prof. Dr. Antonio Costa de Oliveira<\/p>\n<p>Colabora\u00e7\u00f5es:<br \/>\nIt\u00e1lia \u2013 Universidade de Mil\u00e3o \u2013 Lucia Colombo e Martin Kater, EVOCODE.<\/p>\n<p>It\u00e1lia \u2013 Universidade de Bolonha, Roberto Tuberosa, Gen\u00e9tica de Milho para toler\u00e2ncia a frio e seca.<\/p>\n<p>Fran\u00e7a \u2013 Universidade de Perpignan, Olivier Panaud, CAPES\/COFECUB, diversidade de arroz.<\/p>\n<p>Espanha \u2013 Universidade de Val\u00eancia \u2013 Cristina Ferrandiz e Pac Madueno, EVOCODE.<\/p>\n<p>Mexico \u2013 CINVESTAV \u2013 Stefan de Folter, EVOCODE, CNPq \u2013 Regula\u00e7\u00e3o do desenvolvimento floral.<\/p>\n<p>Inglaterra \u2013 Universidade de Nottingham, Ian King, INTRONWHEAT, CNPQ\/BBSRC.<\/p>\n<p>EUA \u2013 University of Arizona, Rod WIng, IOMAP<\/p>\n<p>EUA \u2013 University of Georgia, Scott Jackson, Monsanto\/Beachell Fellow Program<\/p>\n<p>Projetos:<br \/>\nFAO &#8211; Improving Resilience to Drought in Rice and Sorghum through Mutation Breeding<\/p>\n<p>Comit\u00ea Organizador:<br \/>\nMembro do Comit\u00ea Organizador do PAG (<a href=\"http:\/\/www.intlpag.org\/2018\/connect\/organizing-committee\" target=\"_blank\" rel=\"noopener\">International Plant &amp; Animal Genome<\/a>)<\/p>\n<p>&nbsp;<\/p>\n","protected":false},"excerpt":{"rendered":"<p>Prof. Dr. Antonio Costa de Oliveira Colabora\u00e7\u00f5es: It\u00e1lia \u2013 Universidade de Mil\u00e3o \u2013 Lucia Colombo e Martin Kater, EVOCODE. It\u00e1lia \u2013 Universidade de Bolonha, Roberto Tuberosa, Gen\u00e9tica de Milho para toler\u00e2ncia a frio e seca. Fran\u00e7a \u2013 Universidade de Perpignan, Olivier Panaud, CAPES\/COFECUB, diversidade de arroz. Espanha \u2013 Universidade de Val\u00eancia \u2013 Cristina Ferrandiz e [&hellip;]<\/p>\n","protected":false},"author":255,"featured_media":0,"parent":0,"menu_order":0,"comment_status":"closed","ping_status":"closed","template":"","meta":{"jetpack_post_was_ever_published":false,"footnotes":""},"class_list":["post-814","page","type-page","status-publish","hentry"],"jetpack_sharing_enabled":true,"jetpack_shortlink":"https:\/\/wp.me\/P6SliF-d8","_links":{"self":[{"href":"https:\/\/wp.ufpel.edu.br\/ppga\/index.php?rest_route=\/wp\/v2\/pages\/814","targetHints":{"allow":["GET"]}}],"collection":[{"href":"https:\/\/wp.ufpel.edu.br\/ppga\/index.php?rest_route=\/wp\/v2\/pages"}],"about":[{"href":"https:\/\/wp.ufpel.edu.br\/ppga\/index.php?rest_route=\/wp\/v2\/types\/page"}],"author":[{"embeddable":true,"href":"https:\/\/wp.ufpel.edu.br\/ppga\/index.php?rest_route=\/wp\/v2\/users\/255"}],"replies":[{"embeddable":true,"href":"https:\/\/wp.ufpel.edu.br\/ppga\/index.php?rest_route=%2Fwp%2Fv2%2Fcomments&post=814"}],"version-history":[{"count":5,"href":"https:\/\/wp.ufpel.edu.br\/ppga\/index.php?rest_route=\/wp\/v2\/pages\/814\/revisions"}],"predecessor-version":[{"id":821,"href":"https:\/\/wp.ufpel.edu.br\/ppga\/index.php?rest_route=\/wp\/v2\/pages\/814\/revisions\/821"}],"wp:attachment":[{"href":"https:\/\/wp.ufpel.edu.br\/ppga\/index.php?rest_route=%2Fwp%2Fv2%2Fmedia&parent=814"}],"curies":[{"name":"wp","href":"https:\/\/api.w.org\/{rel}","templated":true}]}}