{"id":14,"date":"2013-07-04T05:52:26","date_gmt":"2013-07-04T08:52:26","guid":{"rendered":"https:\/\/wp.ufpel.edu.br\/ppga\/?page_id=14"},"modified":"2017-08-07T15:39:12","modified_gmt":"2017-08-07T18:39:12","slug":"apresentacao","status":"publish","type":"page","link":"https:\/\/wp.ufpel.edu.br\/ppga\/?page_id=14","title":{"rendered":"Apresenta\u00e7\u00e3o"},"content":{"rendered":"<p style=\"text-align: justify\">O Programa de P\u00f3s-Gradua\u00e7\u00e3o em Agronomia da Faculdade de Agronomia Eliseu Maciel, iniciou suas atividades em 1973 e possui, atualmente, 2 \u00c1reas de Concentra\u00e7\u00e3o com Doutorado e Mestrado. Ao longo deste per\u00edodo, tem contribu\u00eddo para a capacita\u00e7\u00e3o de profissionais em Agronomia para exerc\u00edcio de atividades nos setores p\u00fablico e privado.<\/p>\n","protected":false},"excerpt":{"rendered":"<p>O Programa de P\u00f3s-Gradua\u00e7\u00e3o em Agronomia da Faculdade de Agronomia Eliseu Maciel, iniciou suas atividades em 1973 e possui, atualmente, 2 \u00c1reas de Concentra\u00e7\u00e3o com Doutorado e Mestrado. Ao longo deste per\u00edodo, tem contribu\u00eddo para a capacita\u00e7\u00e3o de profissionais em Agronomia para exerc\u00edcio de atividades nos setores p\u00fablico e privado.<\/p>\n","protected":false},"author":255,"featured_media":0,"parent":0,"menu_order":1,"comment_status":"closed","ping_status":"closed","template":"","meta":{"jetpack_post_was_ever_published":false,"footnotes":""},"class_list":["post-14","page","type-page","status-publish","hentry"],"jetpack_sharing_enabled":true,"jetpack_shortlink":"https:\/\/wp.me\/P6SliF-e","_links":{"self":[{"href":"https:\/\/wp.ufpel.edu.br\/ppga\/index.php?rest_route=\/wp\/v2\/pages\/14","targetHints":{"allow":["GET"]}}],"collection":[{"href":"https:\/\/wp.ufpel.edu.br\/ppga\/index.php?rest_route=\/wp\/v2\/pages"}],"about":[{"href":"https:\/\/wp.ufpel.edu.br\/ppga\/index.php?rest_route=\/wp\/v2\/types\/page"}],"author":[{"embeddable":true,"href":"https:\/\/wp.ufpel.edu.br\/ppga\/index.php?rest_route=\/wp\/v2\/users\/255"}],"replies":[{"embeddable":true,"href":"https:\/\/wp.ufpel.edu.br\/ppga\/index.php?rest_route=%2Fwp%2Fv2%2Fcomments&post=14"}],"version-history":[{"count":9,"href":"https:\/\/wp.ufpel.edu.br\/ppga\/index.php?rest_route=\/wp\/v2\/pages\/14\/revisions"}],"predecessor-version":[{"id":629,"href":"https:\/\/wp.ufpel.edu.br\/ppga\/index.php?rest_route=\/wp\/v2\/pages\/14\/revisions\/629"}],"wp:attachment":[{"href":"https:\/\/wp.ufpel.edu.br\/ppga\/index.php?rest_route=%2Fwp%2Fv2%2Fmedia&parent=14"}],"curies":[{"name":"wp","href":"https:\/\/api.w.org\/{rel}","templated":true}]}}

Apresentação

<p style="text-align: justify">O Programa de Pós-Graduação em Agronomia da Faculdade de Agronomia Eliseu Maciel, iniciou suas atividades em 1973 e possui, atualmente, 2 Áreas de Concentração com Doutorado e Mestrado. Ao longo deste período, tem contribuído para a capacitação de profissionais em Agronomia para exercício de atividades nos setores público e privado.</p>

<p>O Programa de Pós-Graduação em Agronomia da Faculdade de Agronomia Eliseu Maciel, iniciou suas atividades em 1973 e possui, atualmente, 2 Áreas de Concentração com Doutorado e Mestrado. Ao longo deste período, tem contribuído para a capacitação de profissionais em Agronomia para exercício de atividades nos setores público e privado.</p>
