{"id":62,"date":"2011-03-21T17:51:06","date_gmt":"2011-03-21T20:51:06","guid":{"rendered":"https:\/\/wp.ufpel.edu.br\/ppeintre\/"},"modified":"2011-03-21T22:33:54","modified_gmt":"2011-03-22T01:33:54","slug":"laboratorio-de-cadcae","status":"publish","type":"page","link":"https:\/\/wp.ufpel.edu.br\/ppeintre\/laboratorios\/laboratorio-de-cadcae\/","title":{"rendered":"Laboratorio de CAD\/CAE"},"content":{"rendered":"<h1>Laborat\u00f3rio de Automa\u00e7\u00e3o Industrial<\/h1>\n<p>O LABCad \u2013 Laboratorio de CAD\/CAE atende o Centro de  Engenharia nas disciplinas dos cursos de Gradua\u00e7\u00e3o e de P\u00f3s Gradua\u00e7\u00e3o.  Permite tamb\u00e9m o desenvolvimento de pesquisas na \u00e1rea de desenvolvimento de Produtos e Simula\u00e7\u00e3o de Sistemas.<\/p>\n<p><a href=\"https:\/\/wp.ufpel.edu.br\/ppeintre\/files\/2011\/03\/DSC04535.jpg\"><img loading=\"lazy\" decoding=\"async\" class=\"alignnone size-medium wp-image-56\" src=\"https:\/\/wp.ufpel.edu.br\/ppeintre\/files\/2011\/03\/DSC04535-300x225.jpg\" alt=\"\" width=\"300\" height=\"225\" srcset=\"https:\/\/wp.ufpel.edu.br\/ppeintre\/files\/2011\/03\/DSC04535-300x225.jpg 300w, https:\/\/wp.ufpel.edu.br\/ppeintre\/files\/2011\/03\/DSC04535-1024x768.jpg 1024w, https:\/\/wp.ufpel.edu.br\/ppeintre\/files\/2011\/03\/DSC04535.jpg 2048w\" sizes=\"auto, (max-width: 300px) 100vw, 300px\" \/><\/a> <a href=\"https:\/\/wp.ufpel.edu.br\/ppeintre\/files\/2011\/03\/DSC04538.jpg\"><img loading=\"lazy\" decoding=\"async\" class=\"alignnone size-medium wp-image-57\" src=\"https:\/\/wp.ufpel.edu.br\/ppeintre\/files\/2011\/03\/DSC04538-300x179.jpg\" alt=\"\" width=\"300\" height=\"179\" srcset=\"https:\/\/wp.ufpel.edu.br\/ppeintre\/files\/2011\/03\/DSC04538-300x179.jpg 300w, https:\/\/wp.ufpel.edu.br\/ppeintre\/files\/2011\/03\/DSC04538-1024x614.jpg 1024w, https:\/\/wp.ufpel.edu.br\/ppeintre\/files\/2011\/03\/DSC04538.jpg 1964w\" sizes=\"auto, (max-width: 300px) 100vw, 300px\" \/><\/a><\/p>\n","protected":false},"excerpt":{"rendered":"<p>Laborat\u00f3rio de Automa\u00e7\u00e3o Industrial O LABCad \u2013 Laboratorio de CAD\/CAE atende o Centro de Engenharia nas disciplinas dos cursos de Gradua\u00e7\u00e3o e de P\u00f3s Gradua\u00e7\u00e3o. Permite tamb\u00e9m o desenvolvimento de pesquisas na \u00e1rea de desenvolvimento de Produtos e Simula\u00e7\u00e3o de &hellip; <a href=\"https:\/\/wp.ufpel.edu.br\/ppeintre\/laboratorios\/laboratorio-de-cadcae\/\">Continue lendo <span class=\"meta-nav\">&rarr;<\/span><\/a><\/p>\n","protected":false},"author":100,"featured_media":0,"parent":28,"menu_order":0,"comment_status":"closed","ping_status":"open","template":"","meta":{"footnotes":""},"class_list":["post-62","page","type-page","status-publish","hentry"],"_links":{"self":[{"href":"https:\/\/wp.ufpel.edu.br\/ppeintre\/wp-json\/wp\/v2\/pages\/62","targetHints":{"allow":["GET"]}}],"collection":[{"href":"https:\/\/wp.ufpel.edu.br\/ppeintre\/wp-json\/wp\/v2\/pages"}],"about":[{"href":"https:\/\/wp.ufpel.edu.br\/ppeintre\/wp-json\/wp\/v2\/types\/page"}],"author":[{"embeddable":true,"href":"https:\/\/wp.ufpel.edu.br\/ppeintre\/wp-json\/wp\/v2\/users\/100"}],"replies":[{"embeddable":true,"href":"https:\/\/wp.ufpel.edu.br\/ppeintre\/wp-json\/wp\/v2\/comments?post=62"}],"version-history":[{"count":4,"href":"https:\/\/wp.ufpel.edu.br\/ppeintre\/wp-json\/wp\/v2\/pages\/62\/revisions"}],"predecessor-version":[{"id":68,"href":"https:\/\/wp.ufpel.edu.br\/ppeintre\/wp-json\/wp\/v2\/pages\/62\/revisions\/68"}],"up":[{"embeddable":true,"href":"https:\/\/wp.ufpel.edu.br\/ppeintre\/wp-json\/wp\/v2\/pages\/28"}],"wp:attachment":[{"href":"https:\/\/wp.ufpel.edu.br\/ppeintre\/wp-json\/wp\/v2\/media?parent=62"}],"curies":[{"name":"wp","href":"https:\/\/api.w.org\/{rel}","templated":true}]}}