{"id":23,"date":"2015-09-12T22:01:46","date_gmt":"2015-09-13T01:01:46","guid":{"rendered":"https:\/\/wp.ufpel.edu.br\/ppcs\/?page_id=23"},"modified":"2015-10-19T11:34:37","modified_gmt":"2015-10-19T13:34:37","slug":"paises-participantes","status":"publish","type":"page","link":"https:\/\/wp.ufpel.edu.br\/ppcs\/paises-participantes\/","title":{"rendered":"Instituciones participantes"},"content":{"rendered":"<ul>\n<li><strong>\u00a0 Instituto Nacional de Antropolog\u00eda, \u00a0Museo Etnogr\u00e1fico, UBA, Argentina.<\/strong><\/li>\n<li><strong>\u00a0\u00a0<\/strong><strong>Direcci\u00f3n General Patrimonio, Instituto Hist\u00f3rico Arqueol\u00f3gico, Argentina.<\/strong><\/li>\n<li><strong>\u00a0\u00a0<\/strong><strong>Instituto do Patrim\u00f4nio Hist\u00f3rico e Art\u00edstico Nacional &#8211; IPHAN, Brasil.<\/strong><\/li>\n<li><strong>\u00a0\u00a0<\/strong><strong>Curso de Museologia, \u00a0Universidade Federal do Rio Grande do Sul, Brasil.<\/strong><\/li>\n<li><strong>\u00a0 <\/strong><strong>Curso de Antropolog\u00eda, Laborat\u00f3rio Multidisciplinar de Investiga\u00e7\u00e3o Arqueol\u00f3gica, Universidade \u00a0 \u00a0Federal de Pelotas, Brasil.<\/strong><\/li>\n<li><strong>\u00a0Consejo de Monumentos Nacionales, Chile.<\/strong><\/li>\n<li><strong>Universidad del Norte, Colombia.<\/strong><\/li>\n<li><strong>Universidad Externado, Colombia.<\/strong><\/li>\n<li><strong>Consejo Nacional de Patrimonio Cultural, Cuba.<\/strong><\/li>\n<li><strong>Ministerio de Cultura y Patrimonio, Ecuador.<\/strong><\/li>\n<li><strong>Instituto Nacional de Patrimonio Cultural, Ecuador.<\/strong><\/li>\n<li><strong>Plan de Gesti\u00f3n para el Conjunto Conventual de San Francisco de Quito, Ecuador.<\/strong><\/li>\n<li><strong>Instituto del Patrimonio Cultural de Espa\u00f1a.<\/strong><\/li>\n<li><strong>Museo Nacional de Arqueolog\u00eda Subacu\u00e1tica, Espa\u00f1a.<\/strong><\/li>\n<li><strong>Escuela Nacional de Conservaci\u00f3n, restauraci\u00f3n y Museograf\u00eda, M\u00e9xico.<\/strong><\/li>\n<li><strong>Instituto Nacional de Antropolog\u00eda e Historia, M\u00e9xico.<\/strong><\/li>\n<li><strong>Instituto Nicaraguense de Cultura, Nicaragua.<\/strong><\/li>\n<li><strong>Ministerio de Cultura, Per\u00fa.<\/strong><\/li>\n<li><strong>Instituto Superior de Conservacion y Restauracion Yachaywasi, Peru.<\/strong><\/li>\n<li><strong>Intendencia de Colonia, Uruguay.<\/strong><\/li>\n<li><strong>Centro de Estudios Hist\u00f3ricos Navales y Maritimos &#8211; Museo Naval, Uruguay.<\/strong><\/li>\n<li><strong>Ministerio de Relaciones Exteriores, Uruguay.<\/strong><\/li>\n<li><strong>Comisi\u00f3n del Patrimonio Cultural de la Naci\u00f3n, Ministerio de Educaci\u00f3n y Cultura, Uruguay.<\/strong><\/li>\n<\/ul>\n<p>&nbsp;<\/p>\n","protected":false},"excerpt":{"rendered":"<p>\u00a0 Instituto Nacional de Antropolog\u00eda, \u00a0Museo Etnogr\u00e1fico, UBA, Argentina. \u00a0\u00a0Direcci\u00f3n General Patrimonio, Instituto Hist\u00f3rico Arqueol\u00f3gico, Argentina. \u00a0\u00a0Instituto do Patrim\u00f4nio Hist\u00f3rico e Art\u00edstico Nacional &#8211; IPHAN, Brasil. \u00a0\u00a0Curso de Museologia, \u00a0Universidade Federal do Rio Grande do Sul, Brasil. \u00a0 Curso de Antropolog\u00eda, Laborat\u00f3rio Multidisciplinar de Investiga\u00e7\u00e3o Arqueol\u00f3gica, Universidade \u00a0 \u00a0Federal de Pelotas, Brasil. \u00a0Consejo de Monumentos&hellip;<\/p>\n","protected":false},"author":556,"featured_media":0,"parent":0,"menu_order":0,"comment_status":"closed","ping_status":"closed","template":"","meta":{"footnotes":""},"class_list":["post-23","page","type-page","status-publish","hentry"],"_links":{"self":[{"href":"https:\/\/wp.ufpel.edu.br\/ppcs\/wp-json\/wp\/v2\/pages\/23","targetHints":{"allow":["GET"]}}],"collection":[{"href":"https:\/\/wp.ufpel.edu.br\/ppcs\/wp-json\/wp\/v2\/pages"}],"about":[{"href":"https:\/\/wp.ufpel.edu.br\/ppcs\/wp-json\/wp\/v2\/types\/page"}],"author":[{"embeddable":true,"href":"https:\/\/wp.ufpel.edu.br\/ppcs\/wp-json\/wp\/v2\/users\/556"}],"replies":[{"embeddable":true,"href":"https:\/\/wp.ufpel.edu.br\/ppcs\/wp-json\/wp\/v2\/comments?post=23"}],"version-history":[{"count":9,"href":"https:\/\/wp.ufpel.edu.br\/ppcs\/wp-json\/wp\/v2\/pages\/23\/revisions"}],"predecessor-version":[{"id":67,"href":"https:\/\/wp.ufpel.edu.br\/ppcs\/wp-json\/wp\/v2\/pages\/23\/revisions\/67"}],"wp:attachment":[{"href":"https:\/\/wp.ufpel.edu.br\/ppcs\/wp-json\/wp\/v2\/media?parent=23"}],"curies":[{"name":"wp","href":"https:\/\/api.w.org\/{rel}","templated":true}]}}

<ul>
<li><strong>  Instituto Nacional de Antropología,  Museo Etnográfico, UBA, Argentina.</strong></li>
<li><strong>  </strong><strong>Dirección General Patrimonio, Instituto Histórico Arqueológico, Argentina.</strong></li>
<li><strong>  </strong><strong>Instituto do Patrimônio Histórico e Artístico Nacional &#8211; IPHAN, Brasil.</strong></li>
<li><strong>  </strong><strong>Curso de Museologia,  Universidade Federal do Rio Grande do Sul, Brasil.</strong></li>
<li><strong>  </strong><strong>Curso de Antropología, Laboratório Multidisciplinar de Investigação Arqueológica, Universidade    Federal de Pelotas, Brasil.</strong></li>
<li><strong> Consejo de Monumentos Nacionales, Chile.</strong></li>
<li><strong>Universidad del Norte, Colombia.</strong></li>
<li><strong>Universidad Externado, Colombia.</strong></li>
<li><strong>Consejo Nacional de Patrimonio Cultural, Cuba.</strong></li>
<li><strong>Ministerio de Cultura y Patrimonio, Ecuador.</strong></li>
<li><strong>Instituto Nacional de Patrimonio Cultural, Ecuador.</strong></li>
<li><strong>Plan de Gestión para el Conjunto Conventual de San Francisco de Quito, Ecuador.</strong></li>
<li><strong>Instituto del Patrimonio Cultural de España.</strong></li>
<li><strong>Museo Nacional de Arqueología Subacuática, España.</strong></li>
<li><strong>Escuela Nacional de Conservación, restauración y Museografía, México.</strong></li>
<li><strong>Instituto Nacional de Antropología e Historia, México.</strong></li>
<li><strong>Instituto Nicaraguense de Cultura, Nicaragua.</strong></li>
<li><strong>Ministerio de Cultura, Perú.</strong></li>
<li><strong>Instituto Superior de Conservacion y Restauracion Yachaywasi, Peru.</strong></li>
<li><strong>Intendencia de Colonia, Uruguay.</strong></li>
<li><strong>Centro de Estudios Históricos Navales y Maritimos &#8211; Museo Naval, Uruguay.</strong></li>
<li><strong>Ministerio de Relaciones Exteriores, Uruguay.</strong></li>
<li><strong>Comisión del Patrimonio Cultural de la Nación, Ministerio de Educación y Cultura, Uruguay.</strong></li>
</ul>
<p>&nbsp;</p>

<p>  Instituto Nacional de Antropología,  Museo Etnográfico, UBA, Argentina.   Dirección General Patrimonio, Instituto Histórico Arqueológico, Argentina.   Instituto do Patrimônio Histórico e Artístico Nacional &#8211; IPHAN, Brasil.   Curso de Museologia,  Universidade Federal do Rio Grande do Sul, Brasil.   Curso de Antropología, Laboratório Multidisciplinar de Investigação Arqueológica, Universidade    Federal de Pelotas, Brasil.  Consejo de Monumentos&hellip;</p>
