{"id":2,"date":"2023-01-06T10:00:02","date_gmt":"2023-01-06T13:00:02","guid":{"rendered":"https:\/\/wp.ufpel.edu.br\/posgd\/?page_id=2"},"modified":"2026-02-20T16:01:54","modified_gmt":"2026-02-20T19:01:54","slug":"sobre-o-curso","status":"publish","type":"page","link":"https:\/\/wp.ufpel.edu.br\/posgd\/sobre-o-curso\/","title":{"rendered":"Informa\u00e7\u00f5es"},"content":{"rendered":"<p>&nbsp;<\/p>\n<p style=\"text-align: center;\"><strong><u>Informa\u00e7\u00f5es aos estudantes:<\/u><\/strong><\/p>\n<p>\u00a0<a href=\"https:\/\/wp.ufpel.edu.br\/posgd\/files\/2026\/02\/2026-1-Horarios-scaled.jpg\"><img class=\"aligncenter wp-image-851 size-full\" src=\"https:\/\/wp.ufpel.edu.br\/posgd\/files\/2026\/02\/2026-1-Horarios-scaled.jpg\" alt=\"\" width=\"2560\" height=\"1240\" srcset=\"https:\/\/wp.ufpel.edu.br\/posgd\/files\/2026\/02\/2026-1-Horarios-scaled.jpg 2560w, https:\/\/wp.ufpel.edu.br\/posgd\/files\/2026\/02\/2026-1-Horarios-400x194.jpg 400w, https:\/\/wp.ufpel.edu.br\/posgd\/files\/2026\/02\/2026-1-Horarios-1024x496.jpg 1024w, https:\/\/wp.ufpel.edu.br\/posgd\/files\/2026\/02\/2026-1-Horarios-768x372.jpg 768w, https:\/\/wp.ufpel.edu.br\/posgd\/files\/2026\/02\/2026-1-Horarios-1536x744.jpg 1536w, https:\/\/wp.ufpel.edu.br\/posgd\/files\/2026\/02\/2026-1-Horarios-2048x992.jpg 2048w\" sizes=\"(max-width: 2560px) 100vw, 2560px\" \/><\/a><\/p>\n<p>&nbsp;<\/p>\n<ul>\n<li style=\"font-weight: 400;\">A especializa\u00e7\u00e3o \u00e9 composta por v\u00e1rias disciplinas optativas. Para completar o curso, os estudantes devem cursar pelo menos 360 horas\/aula (22 cr\u00e9ditos no m\u00ednimo) ao longo de 3 semestres. A disciplina de Metodologia da Pesquisa \u00e9 obrigat\u00f3ria e est\u00e1 prevista para ser oferecida no primeiro semestre.<\/li>\n<\/ul>\n<p>&nbsp;<\/p>\n<ul>\n<li style=\"text-align: justify;\">Essa especializa\u00e7\u00e3o \u00e9 uma p\u00f3s-gradua\u00e7\u00e3o lato sensu presencial, que est\u00e1 mudando para a dist\u00e2ncia, tem carga hor\u00e1ria m\u00ednima de 360h, podendo agregar mais tempo, dependendo das disciplinas que o estudante optar por fazer. A carga hor\u00e1ria semanal tamb\u00e9m depende de quantas disciplinas forem cursadas no semestre, sugerimos pelo menos 8 a 9 cr\u00e9ditos entre o primeiro e o segundo semestre. O ambiente AVA est\u00e1 previsto para o acesso ao estudante e ser\u00e1 necess\u00e1rio ocorrer semanalmente.<\/li>\n<\/ul>\n<p>&nbsp;<\/p>\n<ul>\n<li style=\"text-align: justify;\">Ainda deve-se salientar que o curso a dist\u00e2ncia exigir\u00e1 2 encontros presenciais por semestre. Ou seja, apesar de nossa especializa\u00e7\u00e3o estar em processo de mudan\u00e7a de modalidade, ainda \u00e9 pr\u00e9-requisito ao aluno a disponibilidade de vir presencialmente ao menos 2 vezes a cada semestre, em datas previamente determinadas.<\/li>\n<\/ul>\n<p style=\"font-weight: 400;\"><span style=\"font-weight: 400;\">\u00a0 \u00a0 \u00a0 \u00a0 \u00a0 Previs\u00e3o da aulas presenciais: 16 e 17\/07\/2026.<\/span><\/p>\n<p style=\"font-weight: 400;\"><b>\u00a0 \u00a0 \u00a0 \u00a0 <\/b><b>\u00a0 \u00a0<\/b><\/p>\n","protected":false},"excerpt":{"rendered":"<p>&nbsp; Informa\u00e7\u00f5es aos estudantes: \u00a0 &nbsp; A especializa\u00e7\u00e3o \u00e9 composta por v\u00e1rias disciplinas optativas. Para completar o curso, os estudantes devem cursar pelo menos 360 horas\/aula (22 cr\u00e9ditos no m\u00ednimo) ao longo de 3 semestres. A disciplina de Metodologia da Pesquisa \u00e9 obrigat\u00f3ria e est\u00e1 prevista para ser oferecida no primeiro semestre. &nbsp; Essa especializa\u00e7\u00e3o [&hellip;]<\/p>\n","protected":false},"author":390,"featured_media":0,"parent":0,"menu_order":0,"comment_status":"closed","ping_status":"closed","template":"","meta":{"footnotes":""},"class_list":["post-2","page","type-page","status-publish","hentry"],"_links":{"self":[{"href":"https:\/\/wp.ufpel.edu.br\/posgd\/wp-json\/wp\/v2\/pages\/2","targetHints":{"allow":["GET"]}}],"collection":[{"href":"https:\/\/wp.ufpel.edu.br\/posgd\/wp-json\/wp\/v2\/pages"}],"about":[{"href":"https:\/\/wp.ufpel.edu.br\/posgd\/wp-json\/wp\/v2\/types\/page"}],"author":[{"embeddable":true,"href":"https:\/\/wp.ufpel.edu.br\/posgd\/wp-json\/wp\/v2\/users\/390"}],"replies":[{"embeddable":true,"href":"https:\/\/wp.ufpel.edu.br\/posgd\/wp-json\/wp\/v2\/comments?post=2"}],"version-history":[{"count":6,"href":"https:\/\/wp.ufpel.edu.br\/posgd\/wp-json\/wp\/v2\/pages\/2\/revisions"}],"predecessor-version":[{"id":856,"href":"https:\/\/wp.ufpel.edu.br\/posgd\/wp-json\/wp\/v2\/pages\/2\/revisions\/856"}],"wp:attachment":[{"href":"https:\/\/wp.ufpel.edu.br\/posgd\/wp-json\/wp\/v2\/media?parent=2"}],"curies":[{"name":"wp","href":"https:\/\/api.w.org\/{rel}","templated":true}]}}