{"id":110,"date":"2014-08-21T10:31:34","date_gmt":"2014-08-21T13:31:34","guid":{"rendered":"https:\/\/wp.ufpel.edu.br\/posgd\/?page_id=110"},"modified":"2016-10-17T16:21:26","modified_gmt":"2016-10-17T18:21:26","slug":"corpo-discente-2006","status":"publish","type":"page","link":"https:\/\/wp.ufpel.edu.br\/posgd\/corpo-discente-2006\/","title":{"rendered":"Corpo Discente 2006"},"content":{"rendered":"<p style=\"padding-left: 60px\">Ana Paula Moura de Miranda (D)<\/p>\n<p style=\"padding-left: 60px\">Cristiane Corr\u00eaa da Silva (D)<\/p>\n<p style=\"padding-left: 60px\">Elisa Costa (C)<\/p>\n<p style=\"padding-left: 60px\">Elisabeth da Rosa Conill (C)<\/p>\n<p style=\"padding-left: 60px\">Estela Costa (C)<\/p>\n<p style=\"padding-left: 60px\">F\u00e1bio Leite Langer (D)<\/p>\n<p style=\"padding-left: 60px\">Guilherme Alberto Ott J\u00fanior (C)<\/p>\n<p style=\"padding-left: 60px\">Janice de Freitas Pires (C)<\/p>\n<p style=\"padding-left: 60px\">Luciane Gago Duro Ferreira (D)<\/p>\n<p style=\"padding-left: 60px\">Rafael Ara\u00fajo Rodrigues (D)<\/p>\n<p style=\"padding-left: 60px\">Roberto Lima Bordin (D)<\/p>\n<p style=\"padding-left: 60px\">T\u00e2nia Cristina Silva Regis (D)<\/p>\n<p style=\"padding-left: 60px\">Vanessa da Silva Cardoso (C)<\/p>\n<p style=\"padding-left: 60px\">Vinicius Batista Fagundes (D)<\/p>\n<p style=\"padding-left: 60px\">Vin\u00edcius Rocha Santos (C)<\/p>\n<p style=\"padding-left: 60px\">\u00a0____________________________________________________________________<\/p>\n<p style=\"padding-left: 60px\">SITUA\u00c7\u00c3O:<\/p>\n<p style=\"padding-left: 60px\">(A) Atual, (D) Desligado, (DSM) Desligado Sem Monografia, (T) Trancado, (C) Conclu\u00eddo<\/p>\n","protected":false},"excerpt":{"rendered":"<p>Ana Paula Moura de Miranda (D) Cristiane Corr\u00eaa da Silva (D) Elisa Costa (C) Elisabeth da Rosa Conill (C) Estela Costa (C) F\u00e1bio Leite Langer (D) Guilherme Alberto Ott J\u00fanior (C) Janice de Freitas Pires (C) Luciane Gago Duro Ferreira (D) Rafael Ara\u00fajo Rodrigues (D) Roberto Lima Bordin (D) T\u00e2nia Cristina Silva Regis (D) Vanessa [&hellip;]<\/p>\n","protected":false},"author":390,"featured_media":0,"parent":0,"menu_order":0,"comment_status":"closed","ping_status":"closed","template":"","meta":{"footnotes":""},"class_list":["post-110","page","type-page","status-publish","hentry"],"_links":{"self":[{"href":"https:\/\/wp.ufpel.edu.br\/posgd\/wp-json\/wp\/v2\/pages\/110","targetHints":{"allow":["GET"]}}],"collection":[{"href":"https:\/\/wp.ufpel.edu.br\/posgd\/wp-json\/wp\/v2\/pages"}],"about":[{"href":"https:\/\/wp.ufpel.edu.br\/posgd\/wp-json\/wp\/v2\/types\/page"}],"author":[{"embeddable":true,"href":"https:\/\/wp.ufpel.edu.br\/posgd\/wp-json\/wp\/v2\/users\/390"}],"replies":[{"embeddable":true,"href":"https:\/\/wp.ufpel.edu.br\/posgd\/wp-json\/wp\/v2\/comments?post=110"}],"version-history":[{"count":4,"href":"https:\/\/wp.ufpel.edu.br\/posgd\/wp-json\/wp\/v2\/pages\/110\/revisions"}],"predecessor-version":[{"id":349,"href":"https:\/\/wp.ufpel.edu.br\/posgd\/wp-json\/wp\/v2\/pages\/110\/revisions\/349"}],"wp:attachment":[{"href":"https:\/\/wp.ufpel.edu.br\/posgd\/wp-json\/wp\/v2\/media?parent=110"}],"curies":[{"name":"wp","href":"https:\/\/api.w.org\/{rel}","templated":true}]}}