{"id":102,"date":"2014-08-21T10:30:51","date_gmt":"2014-08-21T13:30:51","guid":{"rendered":"https:\/\/wp.ufpel.edu.br\/posgd\/?page_id=102"},"modified":"2014-08-21T10:35:39","modified_gmt":"2014-08-21T13:35:39","slug":"corpo-discente-2001","status":"publish","type":"page","link":"https:\/\/wp.ufpel.edu.br\/posgd\/corpo-discente-2001\/","title":{"rendered":"Corpo Discente 2001"},"content":{"rendered":"<p style=\"padding-left: 60px\">Adriane Tejada dos Santos (D)<\/p>\n<p style=\"padding-left: 60px\">Ana Cristina Silva (C)<\/p>\n<p style=\"padding-left: 60px\">Cristiane Machado Pereira (D)<\/p>\n<p style=\"padding-left: 60px\">Cristiane Souza (DSM)<\/p>\n<p style=\"padding-left: 60px\">Raquel Nussbaum (D)<\/p>\n<p style=\"padding-left: 60px\">\u00a0_________________________________________________________________________<\/p>\n<p style=\"padding-left: 60px\">\u00a0Situa\u00e7\u00e3o:<\/p>\n<p style=\"padding-left: 60px\">(A) Atual, (D) Desligado, (DSM) Desligado Sem Monografia, (T) Trancado, (C) Conclu\u00eddo<\/p>\n","protected":false},"excerpt":{"rendered":"<p>Adriane Tejada dos Santos (D) Ana Cristina Silva (C) Cristiane Machado Pereira (D) Cristiane Souza (DSM) Raquel Nussbaum (D) \u00a0_________________________________________________________________________ \u00a0Situa\u00e7\u00e3o: (A) Atual, (D) Desligado, (DSM) Desligado Sem Monografia, (T) Trancado, (C) Conclu\u00eddo<\/p>\n","protected":false},"author":390,"featured_media":0,"parent":0,"menu_order":0,"comment_status":"closed","ping_status":"closed","template":"","meta":{"footnotes":""},"class_list":["post-102","page","type-page","status-publish","hentry"],"_links":{"self":[{"href":"https:\/\/wp.ufpel.edu.br\/posgd\/wp-json\/wp\/v2\/pages\/102","targetHints":{"allow":["GET"]}}],"collection":[{"href":"https:\/\/wp.ufpel.edu.br\/posgd\/wp-json\/wp\/v2\/pages"}],"about":[{"href":"https:\/\/wp.ufpel.edu.br\/posgd\/wp-json\/wp\/v2\/types\/page"}],"author":[{"embeddable":true,"href":"https:\/\/wp.ufpel.edu.br\/posgd\/wp-json\/wp\/v2\/users\/390"}],"replies":[{"embeddable":true,"href":"https:\/\/wp.ufpel.edu.br\/posgd\/wp-json\/wp\/v2\/comments?post=102"}],"version-history":[{"count":5,"href":"https:\/\/wp.ufpel.edu.br\/posgd\/wp-json\/wp\/v2\/pages\/102\/revisions"}],"predecessor-version":[{"id":128,"href":"https:\/\/wp.ufpel.edu.br\/posgd\/wp-json\/wp\/v2\/pages\/102\/revisions\/128"}],"wp:attachment":[{"href":"https:\/\/wp.ufpel.edu.br\/posgd\/wp-json\/wp\/v2\/media?parent=102"}],"curies":[{"name":"wp","href":"https:\/\/api.w.org\/{rel}","templated":true}]}}