{"id":281,"date":"2026-03-25T00:58:03","date_gmt":"2026-03-25T03:58:03","guid":{"rendered":"https:\/\/wp.ufpel.edu.br\/portugues\/?page_id=281"},"modified":"2026-03-25T01:17:47","modified_gmt":"2026-03-25T04:17:47","slug":"projetos-2","status":"publish","type":"page","link":"https:\/\/wp.ufpel.edu.br\/portugues\/projetos-2\/","title":{"rendered":"Projetos"},"content":{"rendered":"<p>Conhe\u00e7a os Projetos de <strong>Ensino, Pesquisa e Extens\u00e3o<\/strong> que fazem parte da nossa Unidade\u00a0a partir de uma consulta no link: <strong><a href=\"https:\/\/institucional.ufpel.edu.br\/projetos\">PROJETOS<\/a><\/strong><\/p>\n<p>Na imagem, voc\u00ea encontra dicas de como encontrar esses Projetos.<\/p>\n<p style=\"text-align: center;\"><a href=\"https:\/\/wp.ufpel.edu.br\/portugues\/files\/2026\/03\/Projeto-.jpg\"><img loading=\"lazy\" decoding=\"async\" class=\"size-full wp-image-283 alignnone\" src=\"https:\/\/wp.ufpel.edu.br\/portugues\/files\/2026\/03\/Projeto-.jpg\" alt=\"\" width=\"1280\" height=\"720\" srcset=\"https:\/\/wp.ufpel.edu.br\/portugues\/files\/2026\/03\/Projeto-.jpg 1280w, https:\/\/wp.ufpel.edu.br\/portugues\/files\/2026\/03\/Projeto--424x239.jpg 424w, https:\/\/wp.ufpel.edu.br\/portugues\/files\/2026\/03\/Projeto--212x119.jpg 212w, https:\/\/wp.ufpel.edu.br\/portugues\/files\/2026\/03\/Projeto--768x432.jpg 768w, https:\/\/wp.ufpel.edu.br\/portugues\/files\/2026\/03\/Projeto--750x422.jpg 750w\" sizes=\"auto, (max-width: 1280px) 100vw, 1280px\" \/><\/a><\/p>\n<p>Ap\u00f3s escolher o Projeto, clique sobre o t\u00edtulo, leia a descri\u00e7\u00e3o e encontre o e-mail de contato do\/a professor\/a coordenador\/a. Fa\u00e7a contato com ele\/ela a fim de obter informa\u00e7\u00f5es sobre como participar.<\/p>\n<p>&nbsp;<\/p>\n","protected":false},"excerpt":{"rendered":"<p>Conhe\u00e7a os Projetos de Ensino, Pesquisa e Extens\u00e3o que fazem parte da nossa Unidade\u00a0a partir de uma consulta no link: PROJETOS Na imagem, voc\u00ea encontra dicas de como encontrar esses Projetos. Ap\u00f3s escolher o Projeto, clique sobre o t\u00edtulo, leia a descri\u00e7\u00e3o e encontre o e-mail de contato do\/a professor\/a coordenador\/a. Fa\u00e7a contato com ele\/ela &hellip; <\/p>\n<p><a class=\"more-link btn\" href=\"https:\/\/wp.ufpel.edu.br\/portugues\/projetos-2\/\">Continue lendo<\/a><\/p>\n","protected":false},"author":50,"featured_media":0,"parent":0,"menu_order":0,"comment_status":"closed","ping_status":"closed","template":"","meta":{"footnotes":""},"class_list":["post-281","page","type-page","status-publish","hentry","nodate","item-wrap"],"_links":{"self":[{"href":"https:\/\/wp.ufpel.edu.br\/portugues\/wp-json\/wp\/v2\/pages\/281","targetHints":{"allow":["GET"]}}],"collection":[{"href":"https:\/\/wp.ufpel.edu.br\/portugues\/wp-json\/wp\/v2\/pages"}],"about":[{"href":"https:\/\/wp.ufpel.edu.br\/portugues\/wp-json\/wp\/v2\/types\/page"}],"author":[{"embeddable":true,"href":"https:\/\/wp.ufpel.edu.br\/portugues\/wp-json\/wp\/v2\/users\/50"}],"replies":[{"embeddable":true,"href":"https:\/\/wp.ufpel.edu.br\/portugues\/wp-json\/wp\/v2\/comments?post=281"}],"version-history":[{"count":2,"href":"https:\/\/wp.ufpel.edu.br\/portugues\/wp-json\/wp\/v2\/pages\/281\/revisions"}],"predecessor-version":[{"id":295,"href":"https:\/\/wp.ufpel.edu.br\/portugues\/wp-json\/wp\/v2\/pages\/281\/revisions\/295"}],"wp:attachment":[{"href":"https:\/\/wp.ufpel.edu.br\/portugues\/wp-json\/wp\/v2\/media?parent=281"}],"curies":[{"name":"wp","href":"https:\/\/api.w.org\/{rel}","templated":true}]}}