{"id":2,"date":"2014-11-03T22:43:40","date_gmt":"2014-11-03T22:43:40","guid":{"rendered":"https:\/\/wp.ufpel.edu.br\/portodasartes\/?page_id=2"},"modified":"2014-11-13T09:14:08","modified_gmt":"2014-11-13T11:14:08","slug":"pagina-exemplo","status":"publish","type":"page","link":"https:\/\/wp.ufpel.edu.br\/portodasartes\/pagina-exemplo\/","title":{"rendered":"Sobre"},"content":{"rendered":"<p style=\"text-align: justify\">O Porto das Artes \u00e9 um evento que reunir\u00e1 m\u00faltiplas atividades a fim de comemorar os 45 anos da Universidade Federal de Pelotas. A inten\u00e7\u00e3o do evento \u00e9 mostrar as tem\u00e1ticas das artes, da educa\u00e7\u00e3o e da inclus\u00e3o social, suas reflex\u00f5es e fazeres dos participantes durante o m\u00eas de novembro.<\/p>\n<p style=\"text-align: justify\">Espet\u00e1culos, mostras, semin\u00e1rios, apresenta\u00e7\u00f5es e resid\u00eancias art\u00edsticas, shows, exposi\u00e7\u00f5es, palestras, mesas de discuss\u00e3o e oficinas ser\u00e3o realizadas no Campus Cap\u00e3o do Le\u00e3o e na regi\u00e3o do Porto, onde est\u00e3o localizadas as unidades da UFPEL que concentram significativos movimentos, saberes e pessoas ligadas as tem\u00e1ticas das Artes, da Educa\u00e7\u00e3o e da Inclus\u00e3o Social.<\/p>\n<hr \/>\n","protected":false},"excerpt":{"rendered":"<p>O Porto das Artes \u00e9 um evento que reunir\u00e1 m\u00faltiplas atividades a fim de comemorar os 45 anos da Universidade Federal de Pelotas. A inten\u00e7\u00e3o do evento \u00e9 mostrar as tem\u00e1ticas das artes, da educa\u00e7\u00e3o e da inclus\u00e3o social, suas reflex\u00f5es e fazeres dos participantes durante o m\u00eas de novembro. Espet\u00e1culos, mostras, semin\u00e1rios, apresenta\u00e7\u00f5es e [&hellip;]<\/p>\n","protected":false},"author":464,"featured_media":0,"parent":0,"menu_order":0,"comment_status":"closed","ping_status":"open","template":"page-sem-sidebar.php","meta":{"footnotes":""},"class_list":["post-2","page","type-page","status-publish","hentry"],"_links":{"self":[{"href":"https:\/\/wp.ufpel.edu.br\/portodasartes\/wp-json\/wp\/v2\/pages\/2","targetHints":{"allow":["GET"]}}],"collection":[{"href":"https:\/\/wp.ufpel.edu.br\/portodasartes\/wp-json\/wp\/v2\/pages"}],"about":[{"href":"https:\/\/wp.ufpel.edu.br\/portodasartes\/wp-json\/wp\/v2\/types\/page"}],"author":[{"embeddable":true,"href":"https:\/\/wp.ufpel.edu.br\/portodasartes\/wp-json\/wp\/v2\/users\/464"}],"replies":[{"embeddable":true,"href":"https:\/\/wp.ufpel.edu.br\/portodasartes\/wp-json\/wp\/v2\/comments?post=2"}],"version-history":[{"count":9,"href":"https:\/\/wp.ufpel.edu.br\/portodasartes\/wp-json\/wp\/v2\/pages\/2\/revisions"}],"predecessor-version":[{"id":330,"href":"https:\/\/wp.ufpel.edu.br\/portodasartes\/wp-json\/wp\/v2\/pages\/2\/revisions\/330"}],"wp:attachment":[{"href":"https:\/\/wp.ufpel.edu.br\/portodasartes\/wp-json\/wp\/v2\/media?parent=2"}],"curies":[{"name":"wp","href":"https:\/\/api.w.org\/{rel}","templated":true}]}}