{"id":89,"date":"2023-11-10T21:44:03","date_gmt":"2023-11-11T00:44:03","guid":{"rendered":"https:\/\/wp.ufpel.edu.br\/pollyane\/?page_id=89"},"modified":"2024-09-13T12:00:31","modified_gmt":"2024-09-13T15:00:31","slug":"projeto-de-pesquisa-interno","status":"publish","type":"page","link":"https:\/\/wp.ufpel.edu.br\/pollyane\/projeto-de-pesquisa-interno\/","title":{"rendered":"Projeto de Pesquisa Unificado UFPel"},"content":{"rendered":"<p>T\u00edtulo: AN\u00c1LISE ESTAT\u00cdSTICA PARA AVALIAR A INFLU\u00caNCIA DE MATERIAL PARTICULADO NA SA\u00daDE DAS POPULA\u00c7\u00d5ES DO POLO CER\u00c2MICO DE SANTA GERTRUDES, SP<\/p>\n<p>Resumo: A polui\u00e7\u00e3o atmosf\u00e9rica \u00e9 um dos maiores problemas ambientais da atualidade. O material particulado (MP) \u00e9 associado \u00e0 sa\u00fade devido sua capacidade de penetrar no sistema respirat\u00f3rio. Os piores impactos do MP podem ser observados nas \u00e1reas de aglomera\u00e7\u00e3o industrial devido a diversidade de elementos emitidos de origem industrial que podem potencializar os efeitos t\u00f3xicos das part\u00edculas suspensas nestas regi\u00f5es. O presente projeto de pesquisa tem como proposta investigar a influ\u00eancia do material particulado na sa\u00fade das popula\u00e7\u00f5es da regi\u00e3o do polo cer\u00e2mico de Santa Gertrudes &#8211; SP, por meio da metodologia estat\u00edstica de modelos lineares generalizados durante o per\u00edodo de 10 anos, compreendidos entre 2012 a 2022.<\/p>\n<p>Esse projeto teve in\u00edcio em 09\/05\/2023 e atualmente a equipe do projeto \u00e9 composta por mim (coordenadora) e tr\u00eas alunos de Inicia\u00e7\u00e3o Cient\u00edfica, Fernando Penedo, Nelitiane Soares e Vania Escalant.<\/p>\n","protected":false},"excerpt":{"rendered":"<p>T\u00edtulo: AN\u00c1LISE ESTAT\u00cdSTICA PARA AVALIAR A INFLU\u00caNCIA DE MATERIAL PARTICULADO NA SA\u00daDE DAS POPULA\u00c7\u00d5ES DO POLO CER\u00c2MICO DE SANTA GERTRUDES, SP Resumo: A polui\u00e7\u00e3o atmosf\u00e9rica \u00e9 um dos maiores problemas ambientais da atualidade. O material particulado (MP) \u00e9 associado \u00e0 sa\u00fade devido sua capacidade de penetrar no sistema respirat\u00f3rio. Os piores impactos do MP podem [&hellip;]<\/p>\n","protected":false},"author":1342,"featured_media":0,"parent":0,"menu_order":0,"comment_status":"closed","ping_status":"closed","template":"","meta":{"footnotes":""},"class_list":["post-89","page","type-page","status-publish","hentry"],"jetpack_sharing_enabled":true,"jetpack_likes_enabled":false,"_links":{"self":[{"href":"https:\/\/wp.ufpel.edu.br\/pollyane\/wp-json\/wp\/v2\/pages\/89","targetHints":{"allow":["GET"]}}],"collection":[{"href":"https:\/\/wp.ufpel.edu.br\/pollyane\/wp-json\/wp\/v2\/pages"}],"about":[{"href":"https:\/\/wp.ufpel.edu.br\/pollyane\/wp-json\/wp\/v2\/types\/page"}],"author":[{"embeddable":true,"href":"https:\/\/wp.ufpel.edu.br\/pollyane\/wp-json\/wp\/v2\/users\/1342"}],"replies":[{"embeddable":true,"href":"https:\/\/wp.ufpel.edu.br\/pollyane\/wp-json\/wp\/v2\/comments?post=89"}],"version-history":[{"count":6,"href":"https:\/\/wp.ufpel.edu.br\/pollyane\/wp-json\/wp\/v2\/pages\/89\/revisions"}],"predecessor-version":[{"id":344,"href":"https:\/\/wp.ufpel.edu.br\/pollyane\/wp-json\/wp\/v2\/pages\/89\/revisions\/344"}],"wp:attachment":[{"href":"https:\/\/wp.ufpel.edu.br\/pollyane\/wp-json\/wp\/v2\/media?parent=89"}],"curies":[{"name":"wp","href":"https:\/\/api.w.org\/{rel}","templated":true}]}}