{"id":334,"date":"2024-09-13T11:34:06","date_gmt":"2024-09-13T14:34:06","guid":{"rendered":"https:\/\/wp.ufpel.edu.br\/pollyane\/?page_id=334"},"modified":"2026-01-02T18:15:55","modified_gmt":"2026-01-02T21:15:55","slug":"iniciacao-cientifica","status":"publish","type":"page","link":"https:\/\/wp.ufpel.edu.br\/pollyane\/orientacao\/iniciacao-cientifica\/","title":{"rendered":"Inicia\u00e7\u00e3o Cient\u00edfica"},"content":{"rendered":"<p>&nbsp;<\/p>\n<p><img class=\"wp-image-632 alignleft\" src=\"https:\/\/wp.ufpel.edu.br\/pollyane\/files\/2026\/01\/WhatsApp-Image-2026-01-02-at-11.53.42-AM-323x400.jpeg\" alt=\"\" width=\"135\" height=\"167\" srcset=\"https:\/\/wp.ufpel.edu.br\/pollyane\/files\/2026\/01\/WhatsApp-Image-2026-01-02-at-11.53.42-AM-323x400.jpeg 323w, https:\/\/wp.ufpel.edu.br\/pollyane\/files\/2026\/01\/WhatsApp-Image-2026-01-02-at-11.53.42-AM-826x1024.jpeg 826w, https:\/\/wp.ufpel.edu.br\/pollyane\/files\/2026\/01\/WhatsApp-Image-2026-01-02-at-11.53.42-AM-768x952.jpeg 768w, https:\/\/wp.ufpel.edu.br\/pollyane\/files\/2026\/01\/WhatsApp-Image-2026-01-02-at-11.53.42-AM.jpeg 828w\" sizes=\"(max-width: 135px) 100vw, 135px\" \/><strong>Nome:<\/strong> Eduarda Silva da Silva<\/p>\n<p><strong>Curso:<\/strong> Agronomia<\/p>\n<p><strong>Bolsista:<\/strong> Sim, PIBIC\/CNPq<\/p>\n<p><strong>Per\u00edodo:<\/strong> Janeiro de 2026 a agosto de 2026 (bolsista)<\/p>\n<p><strong>T\u00edtulo do projeto de IC:<\/strong> An\u00e1lises estat\u00edsticas de dados entomol\u00f3gicos<\/p>\n<p>&nbsp;<\/p>\n<p><img class=\"wp-image-525 alignleft\" src=\"https:\/\/wp.ufpel.edu.br\/pollyane\/files\/2025\/06\/WhatsApp-Image-2025-06-19-at-4.40.01-PM-225x400.jpeg\" alt=\"\" width=\"131\" height=\"233\" srcset=\"https:\/\/wp.ufpel.edu.br\/pollyane\/files\/2025\/06\/WhatsApp-Image-2025-06-19-at-4.40.01-PM-225x400.jpeg 225w, https:\/\/wp.ufpel.edu.br\/pollyane\/files\/2025\/06\/WhatsApp-Image-2025-06-19-at-4.40.01-PM-576x1024.jpeg 576w, https:\/\/wp.ufpel.edu.br\/pollyane\/files\/2025\/06\/WhatsApp-Image-2025-06-19-at-4.40.01-PM-768x1365.jpeg 768w, https:\/\/wp.ufpel.edu.br\/pollyane\/files\/2025\/06\/WhatsApp-Image-2025-06-19-at-4.40.01-PM-864x1536.jpeg 864w, https:\/\/wp.ufpel.edu.br\/pollyane\/files\/2025\/06\/WhatsApp-Image-2025-06-19-at-4.40.01-PM.jpeg 900w\" sizes=\"(max-width: 131px) 100vw, 131px\" \/><\/p>\n<p><strong>Nome:<\/strong> Victor Cezar Dias Recondo<\/p>\n<p><strong>Curso:<\/strong> Licenciatura em Matem\u00e1tica<\/p>\n<p><strong>Bolsista:<\/strong> Sim, PIBIC\/CNPq<\/p>\n<p><strong>Per\u00edodo:<\/strong> Fevereiro de 2025 a agosto de 2025 (volunt\u00e1rio) e de setembro a dezembro de 2025 (bolsista)<\/p>\n<p><strong>T\u00edtulo do projeto de IC:<\/strong> Modelos de Regress\u00e3o e Aplica\u00e7\u00f5es<\/p>\n<p>&nbsp;<\/p>\n<p>&nbsp;<\/p>\n<p><strong>Nome:<\/strong> Vania Escalant Pereira<img class=\"wp-image-348 alignleft\" style=\"color: var(--cor-texto); font-family: var(--fonte-corpo);\" src=\"https:\/\/wp.ufpel.edu.br\/pollyane\/files\/2024\/09\/WhatsApp-Image-2024-09-13-at-13.09.32-e1726246626919.jpeg\" alt=\"\" width=\"132\" height=\"187\" srcset=\"https:\/\/wp.ufpel.edu.br\/pollyane\/files\/2024\/09\/WhatsApp-Image-2024-09-13-at-13.09.32-e1726246626919.jpeg 499w, https:\/\/wp.ufpel.edu.br\/pollyane\/files\/2024\/09\/WhatsApp-Image-2024-09-13-at-13.09.32-e1726246626919-282x400.jpeg 282w\" sizes=\"(max-width: 132px) 100vw, 132px\" \/><\/p>\n<p><strong>Curso:<\/strong> Licenciatura em Matem\u00e1tica<\/p>\n<p><strong>Bolsista:<\/strong> Sim, PIBIC\/CNPq<\/p>\n<p><strong>Per\u00edodo:<\/strong> Setembro de 2024 a agosto de 2025.<\/p>\n<p><strong>T\u00edtulo do projeto de IC:<\/strong> Estat\u00edstica Multivariada e Aplica\u00e7\u00f5es<\/p>\n<p>&nbsp;<\/p>\n<p><img class=\"alignleft wp-image-345 \" src=\"https:\/\/wp.ufpel.edu.br\/pollyane\/files\/2024\/09\/WhatsApp-Image-2024-09-13-at-11.53.59.jpeg\" alt=\"\" width=\"131\" height=\"162\" srcset=\"https:\/\/wp.ufpel.edu.br\/pollyane\/files\/2024\/09\/WhatsApp-Image-2024-09-13-at-11.53.59.jpeg 717w, https:\/\/wp.ufpel.edu.br\/pollyane\/files\/2024\/09\/WhatsApp-Image-2024-09-13-at-11.53.59-324x400.jpeg 324w\" sizes=\"(max-width: 131px) 100vw, 131px\" \/><\/p>\n<p><strong>Nome:<\/strong> Nelitiane Soares dos Santos<\/p>\n<p><strong>Curso:<\/strong> Licenciatura em Matem\u00e1tica<\/p>\n<p><strong>Bolsista:<\/strong> Sim, PIBIC\/CNPq<\/p>\n<p><strong>Per\u00edodo:<\/strong> Setembro de 2024 a agosto de 2025.<\/p>\n<p><strong>T\u00edtulo do projeto de IC:<\/strong> Modelos Lineares Generalizados e Aplica\u00e7\u00f5es<\/p>\n<p>&nbsp;<\/p>\n<p><strong><img class=\"alignnone wp-image-389 alignleft\" src=\"https:\/\/wp.ufpel.edu.br\/pollyane\/files\/2024\/09\/WhatsApp-Image-2024-09-17-at-11.01.40-269x400.jpeg\" alt=\"\" width=\"121\" height=\"180\" srcset=\"https:\/\/wp.ufpel.edu.br\/pollyane\/files\/2024\/09\/WhatsApp-Image-2024-09-17-at-11.01.40-269x400.jpeg 269w, https:\/\/wp.ufpel.edu.br\/pollyane\/files\/2024\/09\/WhatsApp-Image-2024-09-17-at-11.01.40.jpeg 276w\" sizes=\"(max-width: 121px) 100vw, 121px\" \/><\/strong><\/p>\n<p><strong>Nome:<\/strong> Fernando Neugebauer Rehbein da Cunha Penedo<\/p>\n<p><strong>Curso:<\/strong> Engenharia de Computa\u00e7\u00e3o<\/p>\n<p><strong>Bolsista:<\/strong> N\u00e3o, volunt\u00e1rio<\/p>\n<p><strong>Per\u00edodo:<\/strong> setembro de 2024 a agosto de 2025.<\/p>\n<p><strong>T\u00edtulo do projeto de IC:<\/strong> Modelos de Regress\u00e3o e Aplica\u00e7\u00f5es<\/p>\n<p>&nbsp;<\/p>\n<p><img class=\"wp-image-342 alignleft\" src=\"https:\/\/wp.ufpel.edu.br\/pollyane\/files\/2024\/09\/WhatsApp-Image-2023-11-10-at-22.05.07-225x400-1-200x200.jpeg\" alt=\"\" width=\"145\" height=\"145\" \/><\/p>\n<p><strong>Nome:\u00a0<\/strong>Eduarda da Silva<\/p>\n<p><strong>Curso:<\/strong> Medicina Veterin\u00e1ria<\/p>\n<p><strong>Bolsista:<\/strong> Sim, PIBIC\/CNPq<\/p>\n<p><strong>Per\u00edodo:<\/strong> Setembro de 2023 a agosto de 2024.<\/p>\n<p><strong>T\u00edtulo do projeto de IC:<\/strong> Obten\u00e7\u00e3o, tratamento e an\u00e1lises estat\u00edsticas de dados sobre polui\u00e7\u00e3o do ar e sa\u00fade p\u00fablica<\/p>\n<p>&nbsp;<\/p>\n<p>&nbsp;<\/p>\n<p>&nbsp;<\/p>\n<p>&nbsp;<\/p>\n<p>&nbsp;<\/p>\n","protected":false},"excerpt":{"rendered":"<p>&nbsp; Nome: Eduarda Silva da Silva Curso: Agronomia Bolsista: Sim, PIBIC\/CNPq Per\u00edodo: Janeiro de 2026 a agosto de 2026 (bolsista) T\u00edtulo do projeto de IC: An\u00e1lises estat\u00edsticas de dados entomol\u00f3gicos &nbsp; Nome: Victor Cezar Dias Recondo Curso: Licenciatura em Matem\u00e1tica Bolsista: Sim, PIBIC\/CNPq Per\u00edodo: Fevereiro de 2025 a agosto de 2025 (volunt\u00e1rio) e de setembro [&hellip;]<\/p>\n","protected":false},"author":1342,"featured_media":0,"parent":326,"menu_order":1,"comment_status":"closed","ping_status":"closed","template":"","meta":{"footnotes":""},"class_list":["post-334","page","type-page","status-publish","hentry"],"jetpack_sharing_enabled":true,"jetpack_likes_enabled":false,"_links":{"self":[{"href":"https:\/\/wp.ufpel.edu.br\/pollyane\/wp-json\/wp\/v2\/pages\/334","targetHints":{"allow":["GET"]}}],"collection":[{"href":"https:\/\/wp.ufpel.edu.br\/pollyane\/wp-json\/wp\/v2\/pages"}],"about":[{"href":"https:\/\/wp.ufpel.edu.br\/pollyane\/wp-json\/wp\/v2\/types\/page"}],"author":[{"embeddable":true,"href":"https:\/\/wp.ufpel.edu.br\/pollyane\/wp-json\/wp\/v2\/users\/1342"}],"replies":[{"embeddable":true,"href":"https:\/\/wp.ufpel.edu.br\/pollyane\/wp-json\/wp\/v2\/comments?post=334"}],"version-history":[{"count":3,"href":"https:\/\/wp.ufpel.edu.br\/pollyane\/wp-json\/wp\/v2\/pages\/334\/revisions"}],"predecessor-version":[{"id":633,"href":"https:\/\/wp.ufpel.edu.br\/pollyane\/wp-json\/wp\/v2\/pages\/334\/revisions\/633"}],"up":[{"embeddable":true,"href":"https:\/\/wp.ufpel.edu.br\/pollyane\/wp-json\/wp\/v2\/pages\/326"}],"wp:attachment":[{"href":"https:\/\/wp.ufpel.edu.br\/pollyane\/wp-json\/wp\/v2\/media?parent=334"}],"curies":[{"name":"wp","href":"https:\/\/api.w.org\/{rel}","templated":true}]}}