{"id":194,"date":"2023-11-12T15:36:54","date_gmt":"2023-11-12T18:36:54","guid":{"rendered":"https:\/\/wp.ufpel.edu.br\/pollyane\/?page_id=194"},"modified":"2025-06-21T16:38:46","modified_gmt":"2025-06-21T19:38:46","slug":"projeto-de-extensao","status":"publish","type":"page","link":"https:\/\/wp.ufpel.edu.br\/pollyane\/projeto-de-extensao\/","title":{"rendered":"PROJETO DE EXTENS\u00c3O"},"content":{"rendered":"<p><strong>T\u00edtulo:<\/strong> Oleiros dos Saber<\/p>\n<p><strong>Resumo:<\/strong> Este projeto de extens\u00e3o tem como objetivo contribuir para a melhoria da qualidade do ensino nos cursos do Centro de Ci\u00eancias Exatas e Tecnol\u00f3gicas (CETEC\/UFRB), por meio do desenvolvimento de materiais did\u00e1ticos concretos. Ser\u00e3o produzidos, em parceria com artes\u00e3os e oleiros da comunidade tradicional de Maragogipinho (BA), prot\u00f3tipos em argila representando Superf\u00edcies Qu\u00e1dricas \u2014 conte\u00fados abordados na disciplina de Geometria Anal\u00edtica. A iniciativa busca facilitar a visualiza\u00e7\u00e3o e compreens\u00e3o desses objetos matem\u00e1ticos abstratos, especialmente para estudantes oriundos da educa\u00e7\u00e3o b\u00e1sica p\u00fablica, promovendo a integra\u00e7\u00e3o entre saber acad\u00eamico e saber popular. Os modelos produzidos ser\u00e3o incorporados ao acervo do Laborat\u00f3rio de Matem\u00e1tica (LAMATES\/UFRB) e utilizados em atividades de ensino na gradua\u00e7\u00e3o e p\u00f3s-gradua\u00e7\u00e3o. O projeto fundamenta-se em teorias educacionais que valorizam a manipula\u00e7\u00e3o concreta como facilitadora da aprendizagem matem\u00e1tica e refor\u00e7a o compromisso da universidade com a valoriza\u00e7\u00e3o cultural e a intera\u00e7\u00e3o com a comunidade.<\/p>\n<p>Neste projeto sou colaboradora externa, e trabalho conjuntamente com o coordenador do projeto professor Givanildo Donizeti de Melo (UFRB) e o discente Carlos Pedro de Oliveira dos Santos (UFRB).<\/p>\n<p><strong>Vig\u00eancia do projeto:<\/strong> 01\/06\/2025 a 31\/07\/2026<\/p>\n","protected":false},"excerpt":{"rendered":"<p>T\u00edtulo: Oleiros dos Saber Resumo: Este projeto de extens\u00e3o tem como objetivo contribuir para a melhoria da qualidade do ensino nos cursos do Centro de Ci\u00eancias Exatas e Tecnol\u00f3gicas (CETEC\/UFRB), por meio do desenvolvimento de materiais did\u00e1ticos concretos. Ser\u00e3o produzidos, em parceria com artes\u00e3os e oleiros da comunidade tradicional de Maragogipinho (BA), prot\u00f3tipos em argila [&hellip;]<\/p>\n","protected":false},"author":1342,"featured_media":0,"parent":0,"menu_order":0,"comment_status":"closed","ping_status":"closed","template":"","meta":{"footnotes":""},"class_list":["post-194","page","type-page","status-publish","hentry"],"jetpack_sharing_enabled":true,"jetpack_likes_enabled":false,"_links":{"self":[{"href":"https:\/\/wp.ufpel.edu.br\/pollyane\/wp-json\/wp\/v2\/pages\/194","targetHints":{"allow":["GET"]}}],"collection":[{"href":"https:\/\/wp.ufpel.edu.br\/pollyane\/wp-json\/wp\/v2\/pages"}],"about":[{"href":"https:\/\/wp.ufpel.edu.br\/pollyane\/wp-json\/wp\/v2\/types\/page"}],"author":[{"embeddable":true,"href":"https:\/\/wp.ufpel.edu.br\/pollyane\/wp-json\/wp\/v2\/users\/1342"}],"replies":[{"embeddable":true,"href":"https:\/\/wp.ufpel.edu.br\/pollyane\/wp-json\/wp\/v2\/comments?post=194"}],"version-history":[{"count":3,"href":"https:\/\/wp.ufpel.edu.br\/pollyane\/wp-json\/wp\/v2\/pages\/194\/revisions"}],"predecessor-version":[{"id":531,"href":"https:\/\/wp.ufpel.edu.br\/pollyane\/wp-json\/wp\/v2\/pages\/194\/revisions\/531"}],"wp:attachment":[{"href":"https:\/\/wp.ufpel.edu.br\/pollyane\/wp-json\/wp\/v2\/media?parent=194"}],"curies":[{"name":"wp","href":"https:\/\/api.w.org\/{rel}","templated":true}]}}