{"id":104,"date":"2023-11-10T22:08:58","date_gmt":"2023-11-11T01:08:58","guid":{"rendered":"https:\/\/wp.ufpel.edu.br\/pollyane\/?page_id=104"},"modified":"2025-12-08T13:00:51","modified_gmt":"2025-12-08T16:00:51","slug":"monitoria","status":"publish","type":"page","link":"https:\/\/wp.ufpel.edu.br\/pollyane\/monitoria\/","title":{"rendered":"MONITORIAS"},"content":{"rendered":"<h2>Monitora de Estat\u00edstica 2025\/2 &#8211; Sabrina Wolter<\/h2>\n<h2><img class=\"alignnone  wp-image-623\" src=\"https:\/\/wp.ufpel.edu.br\/pollyane\/files\/2025\/12\/WhatsApp-Image-2025-12-05-at-10.15.47-PM-225x400.jpeg\" alt=\"\" width=\"135\" height=\"240\" srcset=\"https:\/\/wp.ufpel.edu.br\/pollyane\/files\/2025\/12\/WhatsApp-Image-2025-12-05-at-10.15.47-PM-225x400.jpeg 225w, https:\/\/wp.ufpel.edu.br\/pollyane\/files\/2025\/12\/WhatsApp-Image-2025-12-05-at-10.15.47-PM-576x1024.jpeg 576w, https:\/\/wp.ufpel.edu.br\/pollyane\/files\/2025\/12\/WhatsApp-Image-2025-12-05-at-10.15.47-PM.jpeg 720w\" sizes=\"(max-width: 135px) 100vw, 135px\" \/><\/h2>\n<p style=\"text-align: left;\">Hor\u00e1rios presenciais: <strong>segunda-feira<\/strong> (12h &#8211; 14h), <strong>quarta-feira<\/strong> (12h-16h) e <strong>quinta-feira<\/strong> (12h &#8211; 14h) no Aqu\u00e1rio, pr\u00e9dio 5, Campus Cap\u00e3o do Le\u00e3o.<\/p>\n<p style=\"text-align: left;\">Hor\u00e1rios remotos: <strong>segunda-feira<\/strong> (20h-22h) e <strong>ter\u00e7a-feira<\/strong> (20h-22h) via<span style=\"color: var(--cor-texto); font-family: var(--fonte-corpo);\"> WhatsApp <strong>53 99700-0533<\/strong><\/span><\/p>\n<h2>\nMonitores de Estat\u00edstica 2025\/1<\/h2>\n<p><img class=\"alignnone wp-image-518\" src=\"https:\/\/wp.ufpel.edu.br\/pollyane\/files\/2025\/06\/WhatsApp-Image-2025-06-02-at-9.27.53-PM-300x400.jpeg\" alt=\"\" width=\"124\" height=\"165\" srcset=\"https:\/\/wp.ufpel.edu.br\/pollyane\/files\/2025\/06\/WhatsApp-Image-2025-06-02-at-9.27.53-PM-300x400.jpeg 300w, https:\/\/wp.ufpel.edu.br\/pollyane\/files\/2025\/06\/WhatsApp-Image-2025-06-02-at-9.27.53-PM-768x1024.jpeg 768w, https:\/\/wp.ufpel.edu.br\/pollyane\/files\/2025\/06\/WhatsApp-Image-2025-06-02-at-9.27.53-PM-1152x1536.jpeg 1152w, https:\/\/wp.ufpel.edu.br\/pollyane\/files\/2025\/06\/WhatsApp-Image-2025-06-02-at-9.27.53-PM.jpeg 1200w\" sizes=\"(max-width: 124px) 100vw, 124px\" \/><\/p>\n<h2>Lucas Souza<\/h2>\n<p style=\"text-align: left;\">Hor\u00e1rios presenciais: <strong>quarta-feira<\/strong> (10h &#8211; 13h), <strong>quinta-feira<\/strong> (10h-12h) e <strong>sexta-feira<\/strong> (10h &#8211; 12h) no Aqu\u00e1rio, pr\u00e9dio 5, Campus Cap\u00e3o do Le\u00e3o.<\/p>\n<p style=\"text-align: left;\">Hor\u00e1rios remotos: <strong>quarta-feira<\/strong> (16h-18h) e <strong>quinta-feira<\/strong> (16h-18h) via<span style=\"color: var(--cor-texto); font-family: var(--fonte-corpo);\">\u00a0WhatsApp <strong>51 99761-3288<\/strong><\/span><\/p>\n<p><img class=\"alignnone wp-image-345\" src=\"https:\/\/wp.ufpel.edu.br\/pollyane\/files\/2024\/09\/WhatsApp-Image-2024-09-13-at-11.53.59-324x400.jpeg\" alt=\"\" width=\"126\" height=\"156\" srcset=\"https:\/\/wp.ufpel.edu.br\/pollyane\/files\/2024\/09\/WhatsApp-Image-2024-09-13-at-11.53.59-324x400.jpeg 324w, https:\/\/wp.ufpel.edu.br\/pollyane\/files\/2024\/09\/WhatsApp-Image-2024-09-13-at-11.53.59.jpeg 717w\" sizes=\"(max-width: 126px) 100vw, 126px\" \/><\/p>\n<h2>Nelitiane Soares<\/h2>\n<p>Hor\u00e1rios presenciais: <strong>quarta-feira<\/strong> (13h &#8211; 14h) e <strong>sexta-feira<\/strong> (08h30 &#8211; 09h30) no Aqu\u00e1rio, Campus Cap\u00e3o do Le\u00e3o.<\/p>\n<p><span style=\"color: var(--cor-texto); font-family: var(--fonte-corpo);\">Hor\u00e1rios remotos: <strong>segunda-feira<\/strong> (13h-14h) e <strong>ter\u00e7a-feira<\/strong> (9h-10h) via WhatsApp <strong>53 99170-6786<\/strong><\/span><\/p>\n<p>&nbsp;<\/p>\n<h2>Monitora de Estat\u00edstica 2024\/2 &#8211; Eduarda Ayres da Silva<\/h2>\n<p><img class=\"alignnone wp-image-491 \" src=\"https:\/\/wp.ufpel.edu.br\/pollyane\/files\/2025\/02\/WhatsApp-Image-2025-02-11-at-2.24.59-PM-e1739295168189-332x400.jpeg\" alt=\"\" width=\"129\" height=\"155\" srcset=\"https:\/\/wp.ufpel.edu.br\/pollyane\/files\/2025\/02\/WhatsApp-Image-2025-02-11-at-2.24.59-PM-e1739295168189-332x400.jpeg 332w, https:\/\/wp.ufpel.edu.br\/pollyane\/files\/2025\/02\/WhatsApp-Image-2025-02-11-at-2.24.59-PM-e1739295168189.jpeg 533w\" sizes=\"(max-width: 129px) 100vw, 129px\" \/><\/p>\n<p>Hor\u00e1rios presenciais:<\/p>\n<p>Campus Cap\u00e3o do Le\u00e3o: <strong>ter\u00e7a-feira<\/strong> (12h &#8211; 13h30) e <strong>quarta-feira<\/strong> (10h50 &#8211; 13h30) na Sala 104 do Aul\u00e1rio 2<\/p>\n<p>Campus II &#8211; Centro: <strong>ter\u00e7a-feira<\/strong> (17h40 &#8211; 19h) na sala 107<\/p>\n<p>Hor\u00e1rios remotos via<span style=\"color: var(--cor-texto); font-family: var(--fonte-corpo);\"> e-mail <strong>eduardaayresvet@gmail.com<\/strong> ou WhatsApp <strong>(53) 999522621<\/strong><\/span><\/p>\n<p><strong>segunda-feira <\/strong>(17h &#8211; 20h)<\/p>\n<p><strong>quinta-feira <\/strong>\u00a0(17h &#8211; 20h)<\/p>\n<p>&nbsp;<\/p>\n<p>&nbsp;<\/p>\n<h2>Monitora de Estat\u00edstica 2024\/1 &#8211; Raiani Barbosa da Rocha<\/h2>\n<p><img class=\"alignnone wp-image-304\" src=\"https:\/\/wp.ufpel.edu.br\/pollyane\/files\/2024\/06\/WhatsApp-Image-2024-06-29-at-11.58.02-297x400.jpeg\" alt=\"\" width=\"121\" height=\"163\" srcset=\"https:\/\/wp.ufpel.edu.br\/pollyane\/files\/2024\/06\/WhatsApp-Image-2024-06-29-at-11.58.02-297x400.jpeg 297w, https:\/\/wp.ufpel.edu.br\/pollyane\/files\/2024\/06\/WhatsApp-Image-2024-06-29-at-11.58.02-760x1024.jpeg 760w, https:\/\/wp.ufpel.edu.br\/pollyane\/files\/2024\/06\/WhatsApp-Image-2024-06-29-at-11.58.02-768x1035.jpeg 768w, https:\/\/wp.ufpel.edu.br\/pollyane\/files\/2024\/06\/WhatsApp-Image-2024-06-29-at-11.58.02.jpeg 950w\" sizes=\"(max-width: 121px) 100vw, 121px\" \/><\/p>\n<p>Hor\u00e1rios presenciais: <strong>quarta<\/strong> (12h &#8211; 13h) e <strong>quinta<\/strong> (12h &#8211; 13h) na Sala 8 do Aul\u00e1rio 1 &#8211; Campus Cap\u00e3o do Le\u00e3o<\/p>\n<p>Hor\u00e1rios remotos: <strong>segunda a quinta<\/strong> (19h &#8211; 20h) via<span style=\"color: var(--cor-texto); font-family: var(--fonte-corpo);\"> e-mail raihbarbosa@gmail.com ou WhatsApp<\/span><\/p>\n<p>&nbsp;<\/p>\n<p>&nbsp;<\/p>\n<p>&nbsp;<\/p>\n<h2>Monitora de Estat\u00edstica 2023\/2 &#8211; La\u00eds Guedes Cabelo<\/h2>\n<p><img class=\"alignnone wp-image-228\" src=\"https:\/\/wp.ufpel.edu.br\/pollyane\/files\/2023\/11\/WhatsApp-Image-2023-11-22-at-13.03.42-300x400.jpeg\" alt=\"\" width=\"114\" height=\"152\" srcset=\"https:\/\/wp.ufpel.edu.br\/pollyane\/files\/2023\/11\/WhatsApp-Image-2023-11-22-at-13.03.42-300x400.jpeg 300w, https:\/\/wp.ufpel.edu.br\/pollyane\/files\/2023\/11\/WhatsApp-Image-2023-11-22-at-13.03.42-768x1024.jpeg 768w, https:\/\/wp.ufpel.edu.br\/pollyane\/files\/2023\/11\/WhatsApp-Image-2023-11-22-at-13.03.42-1152x1536.jpeg 1152w, https:\/\/wp.ufpel.edu.br\/pollyane\/files\/2023\/11\/WhatsApp-Image-2023-11-22-at-13.03.42.jpeg 1200w\" sizes=\"(max-width: 114px) 100vw, 114px\" \/><\/p>\n<p>Hor\u00e1rios presenciais: <strong>segunda, ter\u00e7a <\/strong>e<strong> quarta<\/strong> (12h &#8211; 13h) na Sala MM2 do Pr\u00e9dio 5 &#8211; Campus Cap\u00e3o do Le\u00e3o<\/p>\n<p>Hor\u00e1rios remotos: agendar via e-mail lgc.medvet@gmail.com<\/p>\n<p>&nbsp;<\/p>\n","protected":false},"excerpt":{"rendered":"<p>Monitora de Estat\u00edstica 2025\/2 &#8211; Sabrina Wolter Hor\u00e1rios presenciais: segunda-feira (12h &#8211; 14h), quarta-feira (12h-16h) e quinta-feira (12h &#8211; 14h) no Aqu\u00e1rio, pr\u00e9dio 5, Campus Cap\u00e3o do Le\u00e3o. Hor\u00e1rios remotos: segunda-feira (20h-22h) e ter\u00e7a-feira (20h-22h) via WhatsApp 53 99700-0533 Monitores de Estat\u00edstica 2025\/1 Lucas Souza Hor\u00e1rios presenciais: quarta-feira (10h &#8211; 13h), quinta-feira (10h-12h) e sexta-feira [&hellip;]<\/p>\n","protected":false},"author":1342,"featured_media":0,"parent":0,"menu_order":0,"comment_status":"closed","ping_status":"closed","template":"","meta":{"footnotes":""},"class_list":["post-104","page","type-page","status-publish","hentry"],"jetpack_sharing_enabled":true,"jetpack_likes_enabled":false,"_links":{"self":[{"href":"https:\/\/wp.ufpel.edu.br\/pollyane\/wp-json\/wp\/v2\/pages\/104","targetHints":{"allow":["GET"]}}],"collection":[{"href":"https:\/\/wp.ufpel.edu.br\/pollyane\/wp-json\/wp\/v2\/pages"}],"about":[{"href":"https:\/\/wp.ufpel.edu.br\/pollyane\/wp-json\/wp\/v2\/types\/page"}],"author":[{"embeddable":true,"href":"https:\/\/wp.ufpel.edu.br\/pollyane\/wp-json\/wp\/v2\/users\/1342"}],"replies":[{"embeddable":true,"href":"https:\/\/wp.ufpel.edu.br\/pollyane\/wp-json\/wp\/v2\/comments?post=104"}],"version-history":[{"count":3,"href":"https:\/\/wp.ufpel.edu.br\/pollyane\/wp-json\/wp\/v2\/pages\/104\/revisions"}],"predecessor-version":[{"id":624,"href":"https:\/\/wp.ufpel.edu.br\/pollyane\/wp-json\/wp\/v2\/pages\/104\/revisions\/624"}],"wp:attachment":[{"href":"https:\/\/wp.ufpel.edu.br\/pollyane\/wp-json\/wp\/v2\/media?parent=104"}],"curies":[{"name":"wp","href":"https:\/\/api.w.org\/{rel}","templated":true}]}}