{"id":29,"date":"2024-08-15T15:36:27","date_gmt":"2024-08-15T18:36:27","guid":{"rendered":"https:\/\/wp.ufpel.edu.br\/politicaexterna\/?page_id=29"},"modified":"2025-05-28T18:46:15","modified_gmt":"2025-05-28T21:46:15","slug":"o-projeto","status":"publish","type":"page","link":"https:\/\/wp.ufpel.edu.br\/politicaexterna\/o-projeto\/","title":{"rendered":"PROJETO"},"content":{"rendered":"<h2 style=\"text-align: center;\"><a href=\"https:\/\/wp.ufpel.edu.br\/politicaexterna\/o-projeto\/apresentacao-projeto-ensino\/\" rel=\"attachment wp-att-203\">Apresenta\u00e7\u00e3o do Projeto de Ensino (clique aqui)<\/a><\/h2>\n<p>&nbsp;<\/p>\n<p style=\"text-align: justify;\">Pouco conhecida e discutida pela sociedade, observa-se que <strong>as quest\u00f5es internacionais <\/strong>e a pr\u00f3pria<strong> pol\u00edtica externa<\/strong>, enquanto <strong>pol\u00edtica p\u00fablica<\/strong>, ainda s\u00e3o tratadas como<strong> assuntos de &#8220;alta pol\u00edtica&#8221;<\/strong> (Milani; Pinheiro, 2013), ou seja, de baixo interesse dos demais atores p\u00fablicos, sociais e privados.<\/p>\n<p style=\"text-align: justify;\">Considerando o processo de democratiza\u00e7\u00e3o nas rela\u00e7\u00f5es externas, pretende-se contribuir na dissemina\u00e7\u00e3o de conhecimentos e informa\u00e7\u00f5es desta importante pol\u00edtica p\u00fablica, a partir de sua crescente presen\u00e7a nos meios de comunica\u00e7\u00e3o e no dia a dia da popula\u00e7\u00e3o. Por meio de linguagem simples, o objetivo \u00e9 divulgar assuntos e a\u00e7\u00f5es de pol\u00edtica externa para o p\u00fablico em geral.<\/p>\n<p style=\"text-align: justify;\">A Pol\u00edtica Externa \u00e9 um dos conte\u00fados que integram o dito Eixo estruturante da forma\u00e7\u00e3o acad\u00eamica em Rela\u00e7\u00f5es Internacionais, conforme estabelecido nas Diretrizes Curriculares Nacionais (DCNs), institu\u00eddas pela Resolu\u00e7\u00e3o CNE\/CES n\u00ba 4, de 4 de outubro de 2017. Como tal, \u00e9 fundamental promover no curso de gradua\u00e7\u00e3o de Rela\u00e7\u00f5es Internacionais da UFPel a\u00e7\u00f5es de pesquisa, ensino e extens\u00e3o que discutam a pol\u00edtica externa enquanto objeto de estudo, especialmente como pol\u00edtica p\u00fablica.<\/p>\n<p style=\"text-align: justify;\">Espera-se que as atividades conduzidas no \u00e2mbito do Projeto complementem os conhecimentos adquiridos pelos discentes nas disciplinas de An\u00e1lise de Pol\u00edtica Externa e de Hist\u00f3ria da Pol\u00edtica Externa Brasileira I e II, conforme definido no Projeto Pedag\u00f3gico do Curso de Rela\u00e7\u00f5es Internacionais da UFPel (PPC, 2021).<\/p>\n<p><strong>Refer\u00eancias<\/strong><\/p>\n<p><span style=\"font-weight: 400;\">MILANI, Carlos R. S.; PINHEIRO, Let\u00edcia. Pol\u00edtica externa brasileira: os desafios de sua caracteriza\u00e7\u00e3o como pol\u00edtica p\u00fablica. <\/span><b>Contexto Internacional<\/b><span style=\"font-weight: 400;\">, vol. 35, n. 1, p. 11- 41, 2013.<\/span><\/p>\n<p>UFPEL. Projeto Pedag\u00f3gico do Curso de Rela\u00e7\u00f5es Internacionais. 2021. Dispon\u00edvel em:\u00a0<a href=\"https:\/\/wp.ufpel.edu.br\/ri\/files\/2021\/10\/PPC-RI-MAIO-2021-Versao-final.pdf\">https:\/\/wp.ufpel.edu.br\/ri\/files\/2021\/10\/PPC-RI-MAIO-2021-Versao-final.pdf<\/a><\/p>\n<p>&nbsp;<\/p>\n<p><strong>Eixos das A\u00e7\u00f5es em andamento (2025)<\/strong><\/p>\n<p>ENSINO<\/p>\n<ul>\n<li>Grupo de Estudos Pol\u00edtica Externa em Debate (GEPED)<\/li>\n<li>Voc\u00ea sabe o que \u00e9 pol\u00edtica externa?<\/li>\n<li>Elei\u00e7\u00f5es municipais e pol\u00edtica externa<\/li>\n<\/ul>\n<p>PESQUISA<\/p>\n<ul>\n<li>Tema: Diplomacia p\u00fablica<\/li>\n<\/ul>\n<p>EXTENS\u00c3O<\/p>\n<ul>\n<li>Pol\u00edtica externa na rede &#8211; Canal <a href=\"https:\/\/www.instagram.com\/pexdebate\/\">@pexdebate<\/a><\/li>\n<\/ul>\n","protected":false},"excerpt":{"rendered":"<p>Apresenta\u00e7\u00e3o do Projeto de Ensino (clique aqui) &nbsp; Pouco conhecida e discutida pela sociedade, observa-se que as quest\u00f5es internacionais e a pr\u00f3pria pol\u00edtica externa, enquanto pol\u00edtica p\u00fablica, ainda s\u00e3o tratadas como assuntos de &#8220;alta pol\u00edtica&#8221; (Milani; Pinheiro, 2013), ou seja, de baixo interesse dos demais atores p\u00fablicos, sociais e privados. Considerando o processo de democratiza\u00e7\u00e3o [&hellip;]<\/p>\n","protected":false},"author":1380,"featured_media":0,"parent":0,"menu_order":0,"comment_status":"closed","ping_status":"closed","template":"","meta":{"footnotes":""},"class_list":["post-29","page","type-page","status-publish","hentry"],"_links":{"self":[{"href":"https:\/\/wp.ufpel.edu.br\/politicaexterna\/wp-json\/wp\/v2\/pages\/29","targetHints":{"allow":["GET"]}}],"collection":[{"href":"https:\/\/wp.ufpel.edu.br\/politicaexterna\/wp-json\/wp\/v2\/pages"}],"about":[{"href":"https:\/\/wp.ufpel.edu.br\/politicaexterna\/wp-json\/wp\/v2\/types\/page"}],"author":[{"embeddable":true,"href":"https:\/\/wp.ufpel.edu.br\/politicaexterna\/wp-json\/wp\/v2\/users\/1380"}],"replies":[{"embeddable":true,"href":"https:\/\/wp.ufpel.edu.br\/politicaexterna\/wp-json\/wp\/v2\/comments?post=29"}],"version-history":[{"count":19,"href":"https:\/\/wp.ufpel.edu.br\/politicaexterna\/wp-json\/wp\/v2\/pages\/29\/revisions"}],"predecessor-version":[{"id":257,"href":"https:\/\/wp.ufpel.edu.br\/politicaexterna\/wp-json\/wp\/v2\/pages\/29\/revisions\/257"}],"wp:attachment":[{"href":"https:\/\/wp.ufpel.edu.br\/politicaexterna\/wp-json\/wp\/v2\/media?parent=29"}],"curies":[{"name":"wp","href":"https:\/\/api.w.org\/{rel}","templated":true}]}}