{"id":7,"date":"2021-08-10T12:50:07","date_gmt":"2021-08-10T15:50:07","guid":{"rendered":"https:\/\/wp.ufpel.edu.br\/poiema\/?page_id=7"},"modified":"2022-04-11T11:34:03","modified_gmt":"2022-04-11T14:34:03","slug":"quem-somos","status":"publish","type":"page","link":"https:\/\/wp.ufpel.edu.br\/poiema\/quem-somos\/","title":{"rendered":"Quem Somos"},"content":{"rendered":"<p>O Polo Interdisciplinar de Estudos do Medievo e da Antiguidade (POIEMA) \u00e9 um laborat\u00f3rio que congrega atividades m\u00faltiplas de pesquisa, ensino e extens\u00e3o. Ao focar no recorte medievo e antiguidade, o Polo tem como objetivos a atualiza\u00e7\u00e3o do conhecimento acerca dessas temporalidades e a compreens\u00e3o de suas releituras pelos s\u00e9culos posteriores. Releituras essas que tem nos mostrado o quanto as diversas m\u00eddias instrumentalizam suas narrativas acerca do passado e o quanto precisamos estar atentos a esses usos do passado.<br \/>\nCoordena\u00e7\u00e3o: Profa. Dra. Daniele Gallindo Gon\u00e7alves.<\/p>\n<h4>Projeto de Pesquisa:<\/h4>\n<p><strong>Releituras do medievo: A recep\u00e7\u00e3o da Idade M\u00e9dia (Mittelalterrezeption) do s\u00e9culo XIX ao XXI<\/strong><br \/>\nO presente projeto tem como objetivo discutir e analisar a recep\u00e7\u00e3o do medieval em textos liter\u00e1rios e n\u00e3o liter\u00e1rios, filmes, m\u00fasica e demais artes nos s\u00e9culos XIX \u00e0 XXI \u00e0 luz das teorias de intermidialidade, lan\u00e7ando m\u00e3o do comparativismo e da an\u00e1lise do discurso.<br class=\"clear\" \/>Situa\u00e7\u00e3o: Em andamento; Natureza: Pesquisa.<br \/>\nCoordena\u00e7\u00e3o: Profa. Dra. Daniele Gallindo Gon\u00e7alves.<\/p>\n","protected":false},"excerpt":{"rendered":"<p>O Polo Interdisciplinar de Estudos do Medievo e da Antiguidade (POIEMA) \u00e9 um laborat\u00f3rio que congrega atividades m\u00faltiplas de pesquisa, ensino e extens\u00e3o. Ao focar no recorte medievo e antiguidade, o Polo tem como objetivos a atualiza\u00e7\u00e3o do conhecimento acerca dessas temporalidades e a compreens\u00e3o de suas releituras pelos s\u00e9culos posteriores. Releituras essas que tem &hellip; <\/p>\n<p><a class=\"more-link btn\" href=\"https:\/\/wp.ufpel.edu.br\/poiema\/quem-somos\/\">Continue lendo<\/a><\/p>\n","protected":false},"author":1170,"featured_media":0,"parent":0,"menu_order":0,"comment_status":"closed","ping_status":"closed","template":"","meta":{"footnotes":""},"class_list":["post-7","page","type-page","status-publish","hentry","nodate","item-wrap"],"yoast_head":"<!-- This site is optimized with the Yoast SEO plugin v26.7 - https:\/\/yoast.com\/wordpress\/plugins\/seo\/ -->\n<title>Quem Somos - POIEMA<\/title>\n<meta name=\"robots\" content=\"index, follow, max-snippet:-1, max-image-preview:large, max-video-preview:-1\" \/>\n<link rel=\"canonical\" href=\"https:\/\/wp.ufpel.edu.br\/poiema\/quem-somos\/\" \/>\n<meta property=\"og:locale\" content=\"pt_BR\" \/>\n<meta property=\"og:type\" content=\"article\" \/>\n<meta property=\"og:title\" content=\"Quem Somos - POIEMA\" \/>\n<meta property=\"og:description\" content=\"O Polo Interdisciplinar de Estudos do Medievo e da Antiguidade (POIEMA) \u00e9 um laborat\u00f3rio que congrega atividades m\u00faltiplas de pesquisa, ensino e extens\u00e3o. Ao focar no recorte medievo e antiguidade, o Polo tem como objetivos a atualiza\u00e7\u00e3o do conhecimento acerca dessas temporalidades e a compreens\u00e3o de suas releituras pelos s\u00e9culos posteriores. Releituras essas que tem &hellip; Continue lendo\" \/>\n<meta property=\"og:url\" content=\"https:\/\/wp.ufpel.edu.br\/poiema\/quem-somos\/\" \/>\n<meta property=\"og:site_name\" content=\"POIEMA\" \/>\n<meta property=\"article:modified_time\" content=\"2022-04-11T14:34:03+00:00\" \/>\n<meta name=\"twitter:card\" content=\"summary_large_image\" \/>\n<meta name=\"twitter:label1\" content=\"Est. tempo de leitura\" \/>\n\t<meta name=\"twitter:data1\" content=\"1 minuto\" \/>\n<script type=\"application\/ld+json\" class=\"yoast-schema-graph\">{\"@context\":\"https:\/\/schema.org\",\"@graph\":[{\"@type\":\"WebPage\",\"@id\":\"https:\/\/wp.ufpel.edu.br\/poiema\/quem-somos\/\",\"url\":\"https:\/\/wp.ufpel.edu.br\/poiema\/quem-somos\/\",\"name\":\"Quem Somos - POIEMA\",\"isPartOf\":{\"@id\":\"https:\/\/wp.ufpel.edu.br\/poiema\/#website\"},\"datePublished\":\"2021-08-10T15:50:07+00:00\",\"dateModified\":\"2022-04-11T14:34:03+00:00\",\"breadcrumb\":{\"@id\":\"https:\/\/wp.ufpel.edu.br\/poiema\/quem-somos\/#breadcrumb\"},\"inLanguage\":\"pt-BR\",\"potentialAction\":[{\"@type\":\"ReadAction\",\"target\":[\"https:\/\/wp.ufpel.edu.br\/poiema\/quem-somos\/\"]}]},{\"@type\":\"BreadcrumbList\",\"@id\":\"https:\/\/wp.ufpel.edu.br\/poiema\/quem-somos\/#breadcrumb\",\"itemListElement\":[{\"@type\":\"ListItem\",\"position\":1,\"name\":\"In\u00edcio\",\"item\":\"https:\/\/wp.ufpel.edu.br\/poiema\/\"},{\"@type\":\"ListItem\",\"position\":2,\"name\":\"Quem Somos\"}]},{\"@type\":\"WebSite\",\"@id\":\"https:\/\/wp.ufpel.edu.br\/poiema\/#website\",\"url\":\"https:\/\/wp.ufpel.edu.br\/poiema\/\",\"name\":\"POIEMA\",\"description\":\"POIEMA UFPel\",\"potentialAction\":[{\"@type\":\"SearchAction\",\"target\":{\"@type\":\"EntryPoint\",\"urlTemplate\":\"https:\/\/wp.ufpel.edu.br\/poiema\/?s={search_term_string}\"},\"query-input\":{\"@type\":\"PropertyValueSpecification\",\"valueRequired\":true,\"valueName\":\"search_term_string\"}}],\"inLanguage\":\"pt-BR\"}]}<\/script>\n<!-- \/ Yoast SEO plugin. -->","yoast_head_json":{"title":"Quem Somos - POIEMA","robots":{"index":"index","follow":"follow","max-snippet":"max-snippet:-1","max-image-preview":"max-image-preview:large","max-video-preview":"max-video-preview:-1"},"canonical":"https:\/\/wp.ufpel.edu.br\/poiema\/quem-somos\/","og_locale":"pt_BR","og_type":"article","og_title":"Quem Somos - POIEMA","og_description":"O Polo Interdisciplinar de Estudos do Medievo e da Antiguidade (POIEMA) \u00e9 um laborat\u00f3rio que congrega atividades m\u00faltiplas de pesquisa, ensino e extens\u00e3o. Ao focar no recorte medievo e antiguidade, o Polo tem como objetivos a atualiza\u00e7\u00e3o do conhecimento acerca dessas temporalidades e a compreens\u00e3o de suas releituras pelos s\u00e9culos posteriores. Releituras essas que tem &hellip; Continue lendo","og_url":"https:\/\/wp.ufpel.edu.br\/poiema\/quem-somos\/","og_site_name":"POIEMA","article_modified_time":"2022-04-11T14:34:03+00:00","twitter_card":"summary_large_image","twitter_misc":{"Est. tempo de leitura":"1 minuto"},"schema":{"@context":"https:\/\/schema.org","@graph":[{"@type":"WebPage","@id":"https:\/\/wp.ufpel.edu.br\/poiema\/quem-somos\/","url":"https:\/\/wp.ufpel.edu.br\/poiema\/quem-somos\/","name":"Quem Somos - POIEMA","isPartOf":{"@id":"https:\/\/wp.ufpel.edu.br\/poiema\/#website"},"datePublished":"2021-08-10T15:50:07+00:00","dateModified":"2022-04-11T14:34:03+00:00","breadcrumb":{"@id":"https:\/\/wp.ufpel.edu.br\/poiema\/quem-somos\/#breadcrumb"},"inLanguage":"pt-BR","potentialAction":[{"@type":"ReadAction","target":["https:\/\/wp.ufpel.edu.br\/poiema\/quem-somos\/"]}]},{"@type":"BreadcrumbList","@id":"https:\/\/wp.ufpel.edu.br\/poiema\/quem-somos\/#breadcrumb","itemListElement":[{"@type":"ListItem","position":1,"name":"In\u00edcio","item":"https:\/\/wp.ufpel.edu.br\/poiema\/"},{"@type":"ListItem","position":2,"name":"Quem Somos"}]},{"@type":"WebSite","@id":"https:\/\/wp.ufpel.edu.br\/poiema\/#website","url":"https:\/\/wp.ufpel.edu.br\/poiema\/","name":"POIEMA","description":"POIEMA UFPel","potentialAction":[{"@type":"SearchAction","target":{"@type":"EntryPoint","urlTemplate":"https:\/\/wp.ufpel.edu.br\/poiema\/?s={search_term_string}"},"query-input":{"@type":"PropertyValueSpecification","valueRequired":true,"valueName":"search_term_string"}}],"inLanguage":"pt-BR"}]}},"jetpack_sharing_enabled":true,"_links":{"self":[{"href":"https:\/\/wp.ufpel.edu.br\/poiema\/wp-json\/wp\/v2\/pages\/7","targetHints":{"allow":["GET"]}}],"collection":[{"href":"https:\/\/wp.ufpel.edu.br\/poiema\/wp-json\/wp\/v2\/pages"}],"about":[{"href":"https:\/\/wp.ufpel.edu.br\/poiema\/wp-json\/wp\/v2\/types\/page"}],"author":[{"embeddable":true,"href":"https:\/\/wp.ufpel.edu.br\/poiema\/wp-json\/wp\/v2\/users\/1170"}],"replies":[{"embeddable":true,"href":"https:\/\/wp.ufpel.edu.br\/poiema\/wp-json\/wp\/v2\/comments?post=7"}],"version-history":[{"count":8,"href":"https:\/\/wp.ufpel.edu.br\/poiema\/wp-json\/wp\/v2\/pages\/7\/revisions"}],"predecessor-version":[{"id":7101,"href":"https:\/\/wp.ufpel.edu.br\/poiema\/wp-json\/wp\/v2\/pages\/7\/revisions\/7101"}],"wp:attachment":[{"href":"https:\/\/wp.ufpel.edu.br\/poiema\/wp-json\/wp\/v2\/media?parent=7"}],"curies":[{"name":"wp","href":"https:\/\/api.w.org\/{rel}","templated":true}]}}