{"id":5543,"date":"2023-08-15T16:59:51","date_gmt":"2023-08-15T19:59:51","guid":{"rendered":"https:\/\/wp.ufpel.edu.br\/poiema\/?page_id=5543"},"modified":"2023-08-18T14:17:28","modified_gmt":"2023-08-18T17:17:28","slug":"mesa-de-comunicacoes3-iimpoiema","status":"publish","type":"page","link":"https:\/\/wp.ufpel.edu.br\/poiema\/mesa-de-comunicacoes3-iimpoiema\/","title":{"rendered":"Mesa de Comunica\u00e7\u00f5es 3: Recep\u00e7\u00e3o da Idade M\u00e9dia e (Neo)Medievalismo &#8211; IIMPOIEMA"},"content":{"rendered":"<p><strong>Mesa de Comunica\u00e7\u00f5es 3: Recep\u00e7\u00e3o da Idade M\u00e9dia e (Neo)Medievalismo<br \/>\n<\/strong>Coordena\u00e7\u00e3o da Mesa: Daniele e\/ou Lukas<br \/>\nMonitor: Laura e\/ou Alexia<\/p>\n<p><em>\u201cEssa \u00e9 uma velha hist\u00f3ria de um jeito novo\u201d: a esretirconstru\u00e7\u00f5es e reconstru\u00e7\u00f5es de universos neomedievais em A Bela Adormecida (1959) e Mal\u00e9vola (2014)<\/em><br \/>\nJuliana Pereira (UFPel)<\/p>\n<p><em>&#8220;Entre Deuses e Nazistas\u201d: Estudo Sobre a Recep\u00e7\u00e3o da Idade M\u00e9dia na Hist\u00f3ria em Os devoradores de vidas (2017) de David Brin<br \/>\n<\/em>Pyetra de Lima Schmidt (UFPel)<\/p>\n<p><em>Rock Medieval? Acordes, Artworks e outros aspectos da Idade M\u00e9dia sonhada em Playlists &#8220;medievais&#8221; da plataforma Spotify (2017-2023)<br \/>\n<\/em>Gregory Ramos Oliveira (UFPel)<\/p>\n<p><em>No ciberespa\u00e7o ningu\u00e9m pode te ouvir gritar: feminic\u00eddio e mart\u00edrio na manosfera medieval<br \/>\n<\/em>Luiz Felipe Anchieta Guerra (UNIMONTES)<\/p>\n<p><em>Por um estudo em recep\u00e7\u00e3o da Idade M\u00e9dia n\u00e3o hierarquizado: Os motivos os quais literaturas infantis e juvenis contribuem para a an\u00e1lise da recep\u00e7\u00e3o medieval<br \/>\n<\/em>Francine Sedrez Bunde (UFPel)<\/p>\n<p><em>Por tr\u00e1s da Capa e da Espada: O Neomedievalismo em Pr\u00edncipe Valente, de Hal Foster (1937 &#8211; 1940)<br \/>\n<\/em>Mauricio Albuquerque (UFPel)<\/p>\n<p><em>Nostalgia for an age that never existed: anemoia, enxertos-hist\u00f3ricos e a Idade\u00a0M\u00e9dia\u00a0Global<br \/>\nLuiz Felipe Anchieta Guerra (UNIMONTES)<br \/>\n<\/em><\/p>\n","protected":false},"excerpt":{"rendered":"<p>Mesa de Comunica\u00e7\u00f5es 3: Recep\u00e7\u00e3o da Idade M\u00e9dia e (Neo)Medievalismo Coordena\u00e7\u00e3o da Mesa: Daniele e\/ou Lukas Monitor: Laura e\/ou Alexia \u201cEssa \u00e9 uma velha hist\u00f3ria de um jeito novo\u201d: a esretirconstru\u00e7\u00f5es e reconstru\u00e7\u00f5es de universos neomedievais em A Bela Adormecida (1959) e Mal\u00e9vola (2014) Juliana Pereira (UFPel) &#8220;Entre Deuses e Nazistas\u201d: Estudo Sobre a Recep\u00e7\u00e3o &hellip; <\/p>\n<p><a class=\"more-link btn\" href=\"https:\/\/wp.ufpel.edu.br\/poiema\/mesa-de-comunicacoes3-iimpoiema\/\">Continue lendo<\/a><\/p>\n","protected":false},"author":1170,"featured_media":0,"parent":0,"menu_order":0,"comment_status":"closed","ping_status":"closed","template":"","meta":{"footnotes":""},"class_list":["post-5543","page","type-page","status-publish","hentry","nodate","item-wrap"],"yoast_head":"<!-- This site is optimized with the Yoast SEO plugin v26.7 - https:\/\/yoast.com\/wordpress\/plugins\/seo\/ -->\n<title>Mesa de Comunica\u00e7\u00f5es 3: Recep\u00e7\u00e3o da Idade M\u00e9dia e (Neo)Medievalismo - IIMPOIEMA - POIEMA<\/title>\n<meta name=\"robots\" content=\"index, follow, max-snippet:-1, max-image-preview:large, max-video-preview:-1\" \/>\n<link rel=\"canonical\" href=\"https:\/\/wp.ufpel.edu.br\/poiema\/mesa-de-comunicacoes3-iimpoiema\/\" \/>\n<meta property=\"og:locale\" content=\"pt_BR\" \/>\n<meta property=\"og:type\" content=\"article\" \/>\n<meta property=\"og:title\" content=\"Mesa de Comunica\u00e7\u00f5es 3: Recep\u00e7\u00e3o da Idade M\u00e9dia e (Neo)Medievalismo - IIMPOIEMA - POIEMA\" \/>\n<meta property=\"og:description\" content=\"Mesa de Comunica\u00e7\u00f5es 3: Recep\u00e7\u00e3o da Idade M\u00e9dia e (Neo)Medievalismo Coordena\u00e7\u00e3o da Mesa: Daniele e\/ou Lukas Monitor: Laura e\/ou Alexia \u201cEssa \u00e9 uma velha hist\u00f3ria de um jeito novo\u201d: a esretirconstru\u00e7\u00f5es e reconstru\u00e7\u00f5es de universos neomedievais em A Bela Adormecida (1959) e Mal\u00e9vola (2014) Juliana Pereira (UFPel) &#8220;Entre Deuses e Nazistas\u201d: Estudo Sobre a Recep\u00e7\u00e3o &hellip; Continue lendo\" \/>\n<meta property=\"og:url\" content=\"https:\/\/wp.ufpel.edu.br\/poiema\/mesa-de-comunicacoes3-iimpoiema\/\" \/>\n<meta property=\"og:site_name\" content=\"POIEMA\" \/>\n<meta property=\"article:modified_time\" content=\"2023-08-18T17:17:28+00:00\" \/>\n<meta name=\"twitter:card\" content=\"summary_large_image\" \/>\n<meta name=\"twitter:label1\" content=\"Est. tempo de leitura\" \/>\n\t<meta name=\"twitter:data1\" content=\"2 minutos\" \/>\n<script type=\"application\/ld+json\" class=\"yoast-schema-graph\">{\"@context\":\"https:\/\/schema.org\",\"@graph\":[{\"@type\":\"WebPage\",\"@id\":\"https:\/\/wp.ufpel.edu.br\/poiema\/mesa-de-comunicacoes3-iimpoiema\/\",\"url\":\"https:\/\/wp.ufpel.edu.br\/poiema\/mesa-de-comunicacoes3-iimpoiema\/\",\"name\":\"Mesa de Comunica\u00e7\u00f5es 3: Recep\u00e7\u00e3o da Idade M\u00e9dia e (Neo)Medievalismo - IIMPOIEMA - POIEMA\",\"isPartOf\":{\"@id\":\"https:\/\/wp.ufpel.edu.br\/poiema\/#website\"},\"datePublished\":\"2023-08-15T19:59:51+00:00\",\"dateModified\":\"2023-08-18T17:17:28+00:00\",\"breadcrumb\":{\"@id\":\"https:\/\/wp.ufpel.edu.br\/poiema\/mesa-de-comunicacoes3-iimpoiema\/#breadcrumb\"},\"inLanguage\":\"pt-BR\",\"potentialAction\":[{\"@type\":\"ReadAction\",\"target\":[\"https:\/\/wp.ufpel.edu.br\/poiema\/mesa-de-comunicacoes3-iimpoiema\/\"]}]},{\"@type\":\"BreadcrumbList\",\"@id\":\"https:\/\/wp.ufpel.edu.br\/poiema\/mesa-de-comunicacoes3-iimpoiema\/#breadcrumb\",\"itemListElement\":[{\"@type\":\"ListItem\",\"position\":1,\"name\":\"In\u00edcio\",\"item\":\"https:\/\/wp.ufpel.edu.br\/poiema\/\"},{\"@type\":\"ListItem\",\"position\":2,\"name\":\"Mesa de Comunica\u00e7\u00f5es 3: Recep\u00e7\u00e3o da Idade M\u00e9dia e (Neo)Medievalismo &#8211; IIMPOIEMA\"}]},{\"@type\":\"WebSite\",\"@id\":\"https:\/\/wp.ufpel.edu.br\/poiema\/#website\",\"url\":\"https:\/\/wp.ufpel.edu.br\/poiema\/\",\"name\":\"POIEMA\",\"description\":\"POIEMA UFPel\",\"potentialAction\":[{\"@type\":\"SearchAction\",\"target\":{\"@type\":\"EntryPoint\",\"urlTemplate\":\"https:\/\/wp.ufpel.edu.br\/poiema\/?s={search_term_string}\"},\"query-input\":{\"@type\":\"PropertyValueSpecification\",\"valueRequired\":true,\"valueName\":\"search_term_string\"}}],\"inLanguage\":\"pt-BR\"}]}<\/script>\n<!-- \/ Yoast SEO plugin. -->","yoast_head_json":{"title":"Mesa de Comunica\u00e7\u00f5es 3: Recep\u00e7\u00e3o da Idade M\u00e9dia e (Neo)Medievalismo - IIMPOIEMA - POIEMA","robots":{"index":"index","follow":"follow","max-snippet":"max-snippet:-1","max-image-preview":"max-image-preview:large","max-video-preview":"max-video-preview:-1"},"canonical":"https:\/\/wp.ufpel.edu.br\/poiema\/mesa-de-comunicacoes3-iimpoiema\/","og_locale":"pt_BR","og_type":"article","og_title":"Mesa de Comunica\u00e7\u00f5es 3: Recep\u00e7\u00e3o da Idade M\u00e9dia e (Neo)Medievalismo - IIMPOIEMA - POIEMA","og_description":"Mesa de Comunica\u00e7\u00f5es 3: Recep\u00e7\u00e3o da Idade M\u00e9dia e (Neo)Medievalismo Coordena\u00e7\u00e3o da Mesa: Daniele e\/ou Lukas Monitor: Laura e\/ou Alexia \u201cEssa \u00e9 uma velha hist\u00f3ria de um jeito novo\u201d: a esretirconstru\u00e7\u00f5es e reconstru\u00e7\u00f5es de universos neomedievais em A Bela Adormecida (1959) e Mal\u00e9vola (2014) Juliana Pereira (UFPel) &#8220;Entre Deuses e Nazistas\u201d: Estudo Sobre a Recep\u00e7\u00e3o &hellip; Continue lendo","og_url":"https:\/\/wp.ufpel.edu.br\/poiema\/mesa-de-comunicacoes3-iimpoiema\/","og_site_name":"POIEMA","article_modified_time":"2023-08-18T17:17:28+00:00","twitter_card":"summary_large_image","twitter_misc":{"Est. tempo de leitura":"2 minutos"},"schema":{"@context":"https:\/\/schema.org","@graph":[{"@type":"WebPage","@id":"https:\/\/wp.ufpel.edu.br\/poiema\/mesa-de-comunicacoes3-iimpoiema\/","url":"https:\/\/wp.ufpel.edu.br\/poiema\/mesa-de-comunicacoes3-iimpoiema\/","name":"Mesa de Comunica\u00e7\u00f5es 3: Recep\u00e7\u00e3o da Idade M\u00e9dia e (Neo)Medievalismo - IIMPOIEMA - POIEMA","isPartOf":{"@id":"https:\/\/wp.ufpel.edu.br\/poiema\/#website"},"datePublished":"2023-08-15T19:59:51+00:00","dateModified":"2023-08-18T17:17:28+00:00","breadcrumb":{"@id":"https:\/\/wp.ufpel.edu.br\/poiema\/mesa-de-comunicacoes3-iimpoiema\/#breadcrumb"},"inLanguage":"pt-BR","potentialAction":[{"@type":"ReadAction","target":["https:\/\/wp.ufpel.edu.br\/poiema\/mesa-de-comunicacoes3-iimpoiema\/"]}]},{"@type":"BreadcrumbList","@id":"https:\/\/wp.ufpel.edu.br\/poiema\/mesa-de-comunicacoes3-iimpoiema\/#breadcrumb","itemListElement":[{"@type":"ListItem","position":1,"name":"In\u00edcio","item":"https:\/\/wp.ufpel.edu.br\/poiema\/"},{"@type":"ListItem","position":2,"name":"Mesa de Comunica\u00e7\u00f5es 3: Recep\u00e7\u00e3o da Idade M\u00e9dia e (Neo)Medievalismo &#8211; IIMPOIEMA"}]},{"@type":"WebSite","@id":"https:\/\/wp.ufpel.edu.br\/poiema\/#website","url":"https:\/\/wp.ufpel.edu.br\/poiema\/","name":"POIEMA","description":"POIEMA UFPel","potentialAction":[{"@type":"SearchAction","target":{"@type":"EntryPoint","urlTemplate":"https:\/\/wp.ufpel.edu.br\/poiema\/?s={search_term_string}"},"query-input":{"@type":"PropertyValueSpecification","valueRequired":true,"valueName":"search_term_string"}}],"inLanguage":"pt-BR"}]}},"jetpack_sharing_enabled":true,"_links":{"self":[{"href":"https:\/\/wp.ufpel.edu.br\/poiema\/wp-json\/wp\/v2\/pages\/5543","targetHints":{"allow":["GET"]}}],"collection":[{"href":"https:\/\/wp.ufpel.edu.br\/poiema\/wp-json\/wp\/v2\/pages"}],"about":[{"href":"https:\/\/wp.ufpel.edu.br\/poiema\/wp-json\/wp\/v2\/types\/page"}],"author":[{"embeddable":true,"href":"https:\/\/wp.ufpel.edu.br\/poiema\/wp-json\/wp\/v2\/users\/1170"}],"replies":[{"embeddable":true,"href":"https:\/\/wp.ufpel.edu.br\/poiema\/wp-json\/wp\/v2\/comments?post=5543"}],"version-history":[{"count":6,"href":"https:\/\/wp.ufpel.edu.br\/poiema\/wp-json\/wp\/v2\/pages\/5543\/revisions"}],"predecessor-version":[{"id":5608,"href":"https:\/\/wp.ufpel.edu.br\/poiema\/wp-json\/wp\/v2\/pages\/5543\/revisions\/5608"}],"wp:attachment":[{"href":"https:\/\/wp.ufpel.edu.br\/poiema\/wp-json\/wp\/v2\/media?parent=5543"}],"curies":[{"name":"wp","href":"https:\/\/api.w.org\/{rel}","templated":true}]}}