{"id":4608,"date":"2022-10-03T21:08:46","date_gmt":"2022-10-04T00:08:46","guid":{"rendered":"https:\/\/wp.ufpel.edu.br\/poiema\/?page_id=4608"},"modified":"2025-04-28T18:41:54","modified_gmt":"2025-04-28T21:41:54","slug":"propostas-didaticas","status":"publish","type":"page","link":"https:\/\/wp.ufpel.edu.br\/poiema\/trevas-nao\/propostas-didaticas\/","title":{"rendered":"Propostas Did\u00e1ticas"},"content":{"rendered":"<p><strong><em>Propostas de Recursos Did\u00e1ticos: Indicar &amp; Contribuir<\/em><\/strong><\/p>\n<p><a href=\"https:\/\/wp.ufpel.edu.br\/poiema\/files\/2025\/04\/3.png\"><img loading=\"lazy\" decoding=\"async\" class=\"wp-image-6460 alignleft\" src=\"https:\/\/wp.ufpel.edu.br\/poiema\/files\/2025\/04\/3-400x400.png\" alt=\"\" width=\"369\" height=\"369\" srcset=\"https:\/\/wp.ufpel.edu.br\/poiema\/files\/2025\/04\/3-400x400.png 400w, https:\/\/wp.ufpel.edu.br\/poiema\/files\/2025\/04\/3-1024x1024.png 1024w, https:\/\/wp.ufpel.edu.br\/poiema\/files\/2025\/04\/3-200x200.png 200w, https:\/\/wp.ufpel.edu.br\/poiema\/files\/2025\/04\/3-768x768.png 768w, https:\/\/wp.ufpel.edu.br\/poiema\/files\/2025\/04\/3-750x750.png 750w, https:\/\/wp.ufpel.edu.br\/poiema\/files\/2025\/04\/3.png 1181w\" sizes=\"auto, (max-width: 369px) 100vw, 369px\" \/><\/a><\/p>\n<p style=\"text-align: justify;\"><span style=\"font-weight: 400;\">As <em><strong>propostas de recursos did\u00e1ticos<\/strong><\/em> surgem a partir da sugest\u00e3o de elaborar atividades de intera\u00e7\u00e3o e din\u00e2mica que promovam discuss\u00f5es de temas e conceitos caros \u00e0 atualidade e que envolvam os indiv\u00edduos nos centros das abordagens apresentadas em aula. Essas atividades podem ser mais amplas, no sentido de se desenvolverem em duas ou mais aulas, ou mesmo aplicadas em pequenas falas e exposi\u00e7\u00f5es.<\/span><\/p>\n<p style=\"text-align: justify;\">O &#8220;Trevas N\u00e3o!&#8221; \u00e9 um espa\u00e7o de constru\u00e7\u00e3o coletiva. Todas as contribui\u00e7\u00f5es feitas ao projeto ser\u00e3o reunidas e disponibilizadas de forma p\u00fablica e gratuita na p\u00e1gina institucional do POIEMA dedicada ao &#8220;<i>Trevas n\u00e3o!&#8221;<\/i>, para que estudantes, professores e demais interessados possam acessar livremente.<\/p>\n<div><\/div>\n<div><b>IMPORTANTE:\u00a0<\/b><\/div>\n<div><\/div>\n<div>\u2022 Os materiais recebidos passar\u00e3o por uma revis\u00e3o e adequa\u00e7\u00e3o aos formatos de distribui\u00e7\u00e3o adotados pelo POIEMA, sempre respeitando o conte\u00fado original e garantindo a melhor apresenta\u00e7\u00e3o poss\u00edvel.<\/div>\n<div><\/div>\n<div>\n<p>\u2022 Todo esse processo ser\u00e1 comunicado ao colaborador, que tamb\u00e9m ser\u00e1 informado sobre a divulga\u00e7\u00e3o do seu material.<\/p>\n<div><\/div>\n<div>\n<p>\u2022 O\u00a0<i>&#8220;Trevas n\u00e3o!&#8221;<\/i>\u00a0recebe propostas did\u00e1ticas de duas maneiras:<\/p>\n<p><b>I. Indica\u00e7\u00e3o de materiais existentes:\u00a0<\/b>\u00a0O projeto aceita indica\u00e7\u00f5es de materiais e ferramentas did\u00e1ticas presentes em outras plataformas, para que possamos divulg\u00e1-los e ampliar o acesso a esses materiais, al\u00e9m estabelecer uma rede de apoio e divulga\u00e7\u00e3o para o fortalecimento de projetos educacionais.<\/p>\n<div><\/div>\n<div><i>Para realizar indica\u00e7\u00f5es, \u00e9 necess\u00e1rio fornecer informa\u00e7\u00f5es sobre os projetos respons\u00e1veis, descri\u00e7\u00e3o da atividade e link de acesso aos materiais.<\/i><\/div>\n<div><\/div>\n<div><\/div>\n<div>\n<p><b>II. Compartilhando materiais de sua pr\u00f3pria cria\u00e7\u00e3o:\u00a0<\/b>Voc\u00ea tamb\u00e9m pode contribuir com materiais de sua autoria, como atividades, jogos ou outros recursos did\u00e1ticos sobre o medievo. Esses materiais ser\u00e3o adicionados ao nosso acervo, e voc\u00ea ser\u00e1 devidamente creditado pela sua contribui\u00e7\u00e3o. Sua colabora\u00e7\u00e3o ajudar\u00e1 a enriquecer o conte\u00fado dispon\u00edvel e promover\u00e1 uma troca de ideias e pr\u00e1ticas entre todos os envolvidos.<\/p>\n<p><i>Para compartilharmos o seu material de forma respons\u00e1vel e garantir o reconhecimento adequado da sua autoria, \u00e9 necess\u00e1rio preencher um termo de consentimento. Esse procedimento \u00e9 simples e r\u00e1pido, e serve para formalizar a autoriza\u00e7\u00e3o de uso do material dentro do projeto &#8220;Trevas n\u00e3o!&#8221;.\u00a0\u00a0<\/i><\/p>\n<\/div>\n<div><i>\u00a0<\/i><\/div>\n<\/div>\n<\/div>\n<p style=\"text-align: center;\">\u2192\u00a0<a href=\"https:\/\/forms.gle\/bMGSVzRaPXFkjCBA8\">ACESSAR FORMUL\u00c1RIO PARA ENVIAR CONTRIBUI\u00c7\u00d5ES<\/a>\u00a0\u2190<\/p>\n<p>&nbsp;<\/p>\n","protected":false},"excerpt":{"rendered":"<p>Propostas de Recursos Did\u00e1ticos: Indicar &amp; Contribuir As propostas de recursos did\u00e1ticos surgem a partir da sugest\u00e3o de elaborar atividades de intera\u00e7\u00e3o e din\u00e2mica que promovam discuss\u00f5es de temas e conceitos caros \u00e0 atualidade e que envolvam os indiv\u00edduos nos centros das abordagens apresentadas em aula. Essas atividades podem ser mais amplas, no sentido de &hellip; <\/p>\n<p><a class=\"more-link btn\" href=\"https:\/\/wp.ufpel.edu.br\/poiema\/trevas-nao\/propostas-didaticas\/\">Continue lendo<\/a><\/p>\n","protected":false},"author":1170,"featured_media":0,"parent":4560,"menu_order":0,"comment_status":"closed","ping_status":"closed","template":"template-onecolumn.php","meta":{"footnotes":""},"class_list":["post-4608","page","type-page","status-publish","hentry","nodate","item-wrap"],"yoast_head":"<!-- This site is optimized with the Yoast SEO plugin v26.7 - https:\/\/yoast.com\/wordpress\/plugins\/seo\/ -->\n<title>Propostas Did\u00e1ticas - POIEMA<\/title>\n<meta name=\"robots\" content=\"index, follow, max-snippet:-1, max-image-preview:large, max-video-preview:-1\" \/>\n<link rel=\"canonical\" href=\"https:\/\/wp.ufpel.edu.br\/poiema\/trevas-nao\/propostas-didaticas\/\" \/>\n<meta property=\"og:locale\" content=\"pt_BR\" \/>\n<meta property=\"og:type\" content=\"article\" \/>\n<meta property=\"og:title\" content=\"Propostas Did\u00e1ticas - POIEMA\" \/>\n<meta property=\"og:description\" content=\"Propostas de Recursos Did\u00e1ticos: Indicar &amp; Contribuir As propostas de recursos did\u00e1ticos surgem a partir da sugest\u00e3o de elaborar atividades de intera\u00e7\u00e3o e din\u00e2mica que promovam discuss\u00f5es de temas e conceitos caros \u00e0 atualidade e que envolvam os indiv\u00edduos nos centros das abordagens apresentadas em aula. Essas atividades podem ser mais amplas, no sentido de &hellip; Continue lendo\" \/>\n<meta property=\"og:url\" content=\"https:\/\/wp.ufpel.edu.br\/poiema\/trevas-nao\/propostas-didaticas\/\" \/>\n<meta property=\"og:site_name\" content=\"POIEMA\" \/>\n<meta property=\"article:modified_time\" content=\"2025-04-28T21:41:54+00:00\" \/>\n<meta property=\"og:image\" content=\"https:\/\/wp.ufpel.edu.br\/poiema\/files\/2025\/04\/3.png\" \/>\n\t<meta property=\"og:image:width\" content=\"1181\" \/>\n\t<meta property=\"og:image:height\" content=\"1181\" \/>\n\t<meta property=\"og:image:type\" content=\"image\/png\" \/>\n<meta name=\"twitter:card\" content=\"summary_large_image\" \/>\n<meta name=\"twitter:label1\" content=\"Est. tempo de leitura\" \/>\n\t<meta name=\"twitter:data1\" content=\"3 minutos\" \/>\n<script type=\"application\/ld+json\" class=\"yoast-schema-graph\">{\"@context\":\"https:\/\/schema.org\",\"@graph\":[{\"@type\":\"WebPage\",\"@id\":\"https:\/\/wp.ufpel.edu.br\/poiema\/trevas-nao\/propostas-didaticas\/\",\"url\":\"https:\/\/wp.ufpel.edu.br\/poiema\/trevas-nao\/propostas-didaticas\/\",\"name\":\"Propostas Did\u00e1ticas - POIEMA\",\"isPartOf\":{\"@id\":\"https:\/\/wp.ufpel.edu.br\/poiema\/#website\"},\"primaryImageOfPage\":{\"@id\":\"https:\/\/wp.ufpel.edu.br\/poiema\/trevas-nao\/propostas-didaticas\/#primaryimage\"},\"image\":{\"@id\":\"https:\/\/wp.ufpel.edu.br\/poiema\/trevas-nao\/propostas-didaticas\/#primaryimage\"},\"thumbnailUrl\":\"https:\/\/wp.ufpel.edu.br\/poiema\/files\/2025\/04\/3-400x400.png\",\"datePublished\":\"2022-10-04T00:08:46+00:00\",\"dateModified\":\"2025-04-28T21:41:54+00:00\",\"breadcrumb\":{\"@id\":\"https:\/\/wp.ufpel.edu.br\/poiema\/trevas-nao\/propostas-didaticas\/#breadcrumb\"},\"inLanguage\":\"pt-BR\",\"potentialAction\":[{\"@type\":\"ReadAction\",\"target\":[\"https:\/\/wp.ufpel.edu.br\/poiema\/trevas-nao\/propostas-didaticas\/\"]}]},{\"@type\":\"ImageObject\",\"inLanguage\":\"pt-BR\",\"@id\":\"https:\/\/wp.ufpel.edu.br\/poiema\/trevas-nao\/propostas-didaticas\/#primaryimage\",\"url\":\"https:\/\/wp.ufpel.edu.br\/poiema\/files\/2025\/04\/3.png\",\"contentUrl\":\"https:\/\/wp.ufpel.edu.br\/poiema\/files\/2025\/04\/3.png\",\"width\":1181,\"height\":1181},{\"@type\":\"BreadcrumbList\",\"@id\":\"https:\/\/wp.ufpel.edu.br\/poiema\/trevas-nao\/propostas-didaticas\/#breadcrumb\",\"itemListElement\":[{\"@type\":\"ListItem\",\"position\":1,\"name\":\"In\u00edcio\",\"item\":\"https:\/\/wp.ufpel.edu.br\/poiema\/\"},{\"@type\":\"ListItem\",\"position\":2,\"name\":\"Trevas N\u00e3o!\",\"item\":\"https:\/\/wp.ufpel.edu.br\/poiema\/trevas-nao\/\"},{\"@type\":\"ListItem\",\"position\":3,\"name\":\"Propostas Did\u00e1ticas\"}]},{\"@type\":\"WebSite\",\"@id\":\"https:\/\/wp.ufpel.edu.br\/poiema\/#website\",\"url\":\"https:\/\/wp.ufpel.edu.br\/poiema\/\",\"name\":\"POIEMA\",\"description\":\"POIEMA ufpel\",\"potentialAction\":[{\"@type\":\"SearchAction\",\"target\":{\"@type\":\"EntryPoint\",\"urlTemplate\":\"https:\/\/wp.ufpel.edu.br\/poiema\/?s={search_term_string}\"},\"query-input\":{\"@type\":\"PropertyValueSpecification\",\"valueRequired\":true,\"valueName\":\"search_term_string\"}}],\"inLanguage\":\"pt-BR\"}]}<\/script>\n<!-- \/ Yoast SEO plugin. -->","yoast_head_json":{"title":"Propostas Did\u00e1ticas - POIEMA","robots":{"index":"index","follow":"follow","max-snippet":"max-snippet:-1","max-image-preview":"max-image-preview:large","max-video-preview":"max-video-preview:-1"},"canonical":"https:\/\/wp.ufpel.edu.br\/poiema\/trevas-nao\/propostas-didaticas\/","og_locale":"pt_BR","og_type":"article","og_title":"Propostas Did\u00e1ticas - POIEMA","og_description":"Propostas de Recursos Did\u00e1ticos: Indicar &amp; Contribuir As propostas de recursos did\u00e1ticos surgem a partir da sugest\u00e3o de elaborar atividades de intera\u00e7\u00e3o e din\u00e2mica que promovam discuss\u00f5es de temas e conceitos caros \u00e0 atualidade e que envolvam os indiv\u00edduos nos centros das abordagens apresentadas em aula. Essas atividades podem ser mais amplas, no sentido de &hellip; Continue lendo","og_url":"https:\/\/wp.ufpel.edu.br\/poiema\/trevas-nao\/propostas-didaticas\/","og_site_name":"POIEMA","article_modified_time":"2025-04-28T21:41:54+00:00","og_image":[{"width":1181,"height":1181,"url":"https:\/\/wp.ufpel.edu.br\/poiema\/files\/2025\/04\/3.png","type":"image\/png"}],"twitter_card":"summary_large_image","twitter_misc":{"Est. tempo de leitura":"3 minutos"},"schema":{"@context":"https:\/\/schema.org","@graph":[{"@type":"WebPage","@id":"https:\/\/wp.ufpel.edu.br\/poiema\/trevas-nao\/propostas-didaticas\/","url":"https:\/\/wp.ufpel.edu.br\/poiema\/trevas-nao\/propostas-didaticas\/","name":"Propostas Did\u00e1ticas - POIEMA","isPartOf":{"@id":"https:\/\/wp.ufpel.edu.br\/poiema\/#website"},"primaryImageOfPage":{"@id":"https:\/\/wp.ufpel.edu.br\/poiema\/trevas-nao\/propostas-didaticas\/#primaryimage"},"image":{"@id":"https:\/\/wp.ufpel.edu.br\/poiema\/trevas-nao\/propostas-didaticas\/#primaryimage"},"thumbnailUrl":"https:\/\/wp.ufpel.edu.br\/poiema\/files\/2025\/04\/3-400x400.png","datePublished":"2022-10-04T00:08:46+00:00","dateModified":"2025-04-28T21:41:54+00:00","breadcrumb":{"@id":"https:\/\/wp.ufpel.edu.br\/poiema\/trevas-nao\/propostas-didaticas\/#breadcrumb"},"inLanguage":"pt-BR","potentialAction":[{"@type":"ReadAction","target":["https:\/\/wp.ufpel.edu.br\/poiema\/trevas-nao\/propostas-didaticas\/"]}]},{"@type":"ImageObject","inLanguage":"pt-BR","@id":"https:\/\/wp.ufpel.edu.br\/poiema\/trevas-nao\/propostas-didaticas\/#primaryimage","url":"https:\/\/wp.ufpel.edu.br\/poiema\/files\/2025\/04\/3.png","contentUrl":"https:\/\/wp.ufpel.edu.br\/poiema\/files\/2025\/04\/3.png","width":1181,"height":1181},{"@type":"BreadcrumbList","@id":"https:\/\/wp.ufpel.edu.br\/poiema\/trevas-nao\/propostas-didaticas\/#breadcrumb","itemListElement":[{"@type":"ListItem","position":1,"name":"In\u00edcio","item":"https:\/\/wp.ufpel.edu.br\/poiema\/"},{"@type":"ListItem","position":2,"name":"Trevas N\u00e3o!","item":"https:\/\/wp.ufpel.edu.br\/poiema\/trevas-nao\/"},{"@type":"ListItem","position":3,"name":"Propostas Did\u00e1ticas"}]},{"@type":"WebSite","@id":"https:\/\/wp.ufpel.edu.br\/poiema\/#website","url":"https:\/\/wp.ufpel.edu.br\/poiema\/","name":"POIEMA","description":"POIEMA ufpel","potentialAction":[{"@type":"SearchAction","target":{"@type":"EntryPoint","urlTemplate":"https:\/\/wp.ufpel.edu.br\/poiema\/?s={search_term_string}"},"query-input":{"@type":"PropertyValueSpecification","valueRequired":true,"valueName":"search_term_string"}}],"inLanguage":"pt-BR"}]}},"jetpack_sharing_enabled":true,"_links":{"self":[{"href":"https:\/\/wp.ufpel.edu.br\/poiema\/wp-json\/wp\/v2\/pages\/4608","targetHints":{"allow":["GET"]}}],"collection":[{"href":"https:\/\/wp.ufpel.edu.br\/poiema\/wp-json\/wp\/v2\/pages"}],"about":[{"href":"https:\/\/wp.ufpel.edu.br\/poiema\/wp-json\/wp\/v2\/types\/page"}],"author":[{"embeddable":true,"href":"https:\/\/wp.ufpel.edu.br\/poiema\/wp-json\/wp\/v2\/users\/1170"}],"replies":[{"embeddable":true,"href":"https:\/\/wp.ufpel.edu.br\/poiema\/wp-json\/wp\/v2\/comments?post=4608"}],"version-history":[{"count":20,"href":"https:\/\/wp.ufpel.edu.br\/poiema\/wp-json\/wp\/v2\/pages\/4608\/revisions"}],"predecessor-version":[{"id":6556,"href":"https:\/\/wp.ufpel.edu.br\/poiema\/wp-json\/wp\/v2\/pages\/4608\/revisions\/6556"}],"up":[{"embeddable":true,"href":"https:\/\/wp.ufpel.edu.br\/poiema\/wp-json\/wp\/v2\/pages\/4560"}],"wp:attachment":[{"href":"https:\/\/wp.ufpel.edu.br\/poiema\/wp-json\/wp\/v2\/media?parent=4608"}],"curies":[{"name":"wp","href":"https:\/\/api.w.org\/{rel}","templated":true}]}}