{"id":3506,"date":"2022-03-29T15:43:52","date_gmt":"2022-03-29T18:43:52","guid":{"rendered":"https:\/\/wp.ufpel.edu.br\/poiema\/?page_id=3506"},"modified":"2022-04-15T21:27:54","modified_gmt":"2022-04-16T00:27:54","slug":"pesquisa-invencao-de-herancas-e-identidades-atraves-da-musica","status":"publish","type":"page","link":"https:\/\/wp.ufpel.edu.br\/poiema\/pesquisa-invencao-de-herancas-e-identidades-atraves-da-musica\/","title":{"rendered":"Pesquisa: Inven\u00e7\u00e3o de Heran\u00e7as e Identidades atrav\u00e9s da M\u00fasica"},"content":{"rendered":"<p><span class=\"JsGRdQ\">O Heavy Metal explora in\u00fameros per\u00edodos da hist\u00f3ria, apresentando atrav\u00e9s das letras narrativas que criam uma &#8220;est\u00e9tica&#8221;. Algumas bandas que se utilizam de refer\u00eancias hist\u00f3ricas em suas letras e melodias:<\/span><\/p>\n<p><span class=\"JsGRdQ\">M\u00f6torhead &#8211; 1916 (Primeira Guerra Mundial); Iron Maiden &#8211; Aces High (Segunda Guerra Mundial); Avenged Sevenfold &#8211; Hail to the King (um reinado absolutista); Black Sabbath &#8211; Black Sabbath (harmonia e melodia de &#8216;origem&#8217; medieval); Sabaton &#8211; Smoking Snakes (participa\u00e7\u00e3o brasileira na Segunda Guerra Mundial); Led Zeppelin &#8211; Immigrant Song (saga viking).<\/span><\/p>\n<p><strong>Recep\u00e7\u00e3o no Heavy Metal:<\/strong><br \/>\n<span class=\"JsGRdQ\">&#8220;O universo do Metal vende representa\u00e7\u00f5es do medievo, produz imagens, cria \u00e9pocas e cotidianos, reivindica modos de vida, enfim, ensina uma Idade M\u00e9dia fabulosa e m\u00e1gica, por\u00e9m repleta de estere\u00f3tipos&#8221; (CHEPP; MASI; PEREIRA, 2015, p. 16).<\/span><\/p>\n<p><span class=\"JsGRdQ\">As representa\u00e7\u00f5es do medievo dentro do Heavy Metal s\u00e3o diversas &#8211; desde a indument\u00e1ria da est\u00e9tica das bandas at\u00e9 as letras &#8211; que normalmente retratam o medievo mitol\u00f3gico pag\u00e3o e fant\u00e1stico, com seus drag\u00f5es, cavalos alados, deuses, dem\u00f4nios, etc.<\/span><\/p>\n<p><span class=\"JsGRdQ\">Estes t\u00f3picos tamb\u00e9m s\u00e3o retratados dentro de outros subg\u00eaneros como o Folk Metal, que por sua vez tem subdivis\u00f5es: Viking Metal, Celtic Metal, Pagan Metal, o pr\u00f3prio Medieval Metal, dentre outros.<\/span><\/p>\n<p><span class=\"JsGRdQ\">Compositores desse g\u00eanero, tanto das letras como das melodias e harmonias, rel\u00eaem fontes do per\u00edodo dito medieval, como as Eddas e a Volsunga Saga, as Sagas regionais, textos e partituras religiosas, al\u00e9m de fontes oriundas da literatura de fantasia dos s\u00e9culos posteriores como Tolkien.<\/span><\/p>\n<p><span class=\"JsGRdQ\">O objetivo dessa pesquisa \u00e9 analisar as constru\u00e7\u00f5es estigmatizadas por esse estilo musical. Pretendemos compreender como s\u00e3o constru\u00eddas a hipermasculinidade, a supremacia branca e a xenofobia, baseado na quest\u00e3o da identidade dentro do Heavy Metal, focando no Viking Metal e Folk Metal.<\/span><\/p>\n<p>Leia a pesquisa do Ruan como card no Instagram <a href=\"https:\/\/www.instagram.com\/p\/CX_ZPOtBP1y\/\">aqui.<\/a><\/p>\n<p><strong>GRADUANDO RUAN DE SOUSA TAVARES DE ALMEIDA<\/strong><br \/>\nGraduando em Hist\u00f3ria Licenciatura na Universidade Federal de Pelotas; bolsista de inicia\u00e7\u00e3o \u00e0 doc\u00eancia (PIBID \u2013 Programa Institucional de Bolsas de Inicia\u00e7\u00e3o \u00e0 Doc\u00eancia) pela CAPES.<br \/>\nIntegrante do POIEMA desde 2021.<\/p>\n","protected":false},"excerpt":{"rendered":"<p>O Heavy Metal explora in\u00fameros per\u00edodos da hist\u00f3ria, apresentando atrav\u00e9s das letras narrativas que criam uma &#8220;est\u00e9tica&#8221;. Algumas bandas que se utilizam de refer\u00eancias hist\u00f3ricas em suas letras e melodias: M\u00f6torhead &#8211; 1916 (Primeira Guerra Mundial); Iron Maiden &#8211; Aces High (Segunda Guerra Mundial); Avenged Sevenfold &#8211; Hail to the King (um reinado absolutista); Black &hellip; <\/p>\n<p><a class=\"more-link btn\" href=\"https:\/\/wp.ufpel.edu.br\/poiema\/pesquisa-invencao-de-herancas-e-identidades-atraves-da-musica\/\">Continue lendo<\/a><\/p>\n","protected":false},"author":1170,"featured_media":0,"parent":0,"menu_order":0,"comment_status":"closed","ping_status":"closed","template":"","meta":{"footnotes":""},"class_list":["post-3506","page","type-page","status-publish","hentry","nodate","item-wrap"],"yoast_head":"<!-- This site is optimized with the Yoast SEO plugin v26.7 - https:\/\/yoast.com\/wordpress\/plugins\/seo\/ -->\n<title>Pesquisa: Inven\u00e7\u00e3o de Heran\u00e7as e Identidades atrav\u00e9s da M\u00fasica - POIEMA<\/title>\n<meta name=\"robots\" content=\"index, follow, max-snippet:-1, max-image-preview:large, max-video-preview:-1\" \/>\n<link rel=\"canonical\" href=\"https:\/\/wp.ufpel.edu.br\/poiema\/pesquisa-invencao-de-herancas-e-identidades-atraves-da-musica\/\" \/>\n<meta property=\"og:locale\" content=\"pt_BR\" \/>\n<meta property=\"og:type\" content=\"article\" \/>\n<meta property=\"og:title\" content=\"Pesquisa: Inven\u00e7\u00e3o de Heran\u00e7as e Identidades atrav\u00e9s da M\u00fasica - POIEMA\" \/>\n<meta property=\"og:description\" content=\"O Heavy Metal explora in\u00fameros per\u00edodos da hist\u00f3ria, apresentando atrav\u00e9s das letras narrativas que criam uma &#8220;est\u00e9tica&#8221;. Algumas bandas que se utilizam de refer\u00eancias hist\u00f3ricas em suas letras e melodias: M\u00f6torhead &#8211; 1916 (Primeira Guerra Mundial); Iron Maiden &#8211; Aces High (Segunda Guerra Mundial); Avenged Sevenfold &#8211; Hail to the King (um reinado absolutista); Black &hellip; Continue lendo\" \/>\n<meta property=\"og:url\" content=\"https:\/\/wp.ufpel.edu.br\/poiema\/pesquisa-invencao-de-herancas-e-identidades-atraves-da-musica\/\" \/>\n<meta property=\"og:site_name\" content=\"POIEMA\" \/>\n<meta property=\"article:modified_time\" content=\"2022-04-16T00:27:54+00:00\" \/>\n<meta name=\"twitter:card\" content=\"summary_large_image\" \/>\n<meta name=\"twitter:label1\" content=\"Est. tempo de leitura\" \/>\n\t<meta name=\"twitter:data1\" content=\"2 minutos\" \/>\n<script type=\"application\/ld+json\" class=\"yoast-schema-graph\">{\"@context\":\"https:\/\/schema.org\",\"@graph\":[{\"@type\":\"WebPage\",\"@id\":\"https:\/\/wp.ufpel.edu.br\/poiema\/pesquisa-invencao-de-herancas-e-identidades-atraves-da-musica\/\",\"url\":\"https:\/\/wp.ufpel.edu.br\/poiema\/pesquisa-invencao-de-herancas-e-identidades-atraves-da-musica\/\",\"name\":\"Pesquisa: Inven\u00e7\u00e3o de Heran\u00e7as e Identidades atrav\u00e9s da M\u00fasica - POIEMA\",\"isPartOf\":{\"@id\":\"https:\/\/wp.ufpel.edu.br\/poiema\/#website\"},\"datePublished\":\"2022-03-29T18:43:52+00:00\",\"dateModified\":\"2022-04-16T00:27:54+00:00\",\"breadcrumb\":{\"@id\":\"https:\/\/wp.ufpel.edu.br\/poiema\/pesquisa-invencao-de-herancas-e-identidades-atraves-da-musica\/#breadcrumb\"},\"inLanguage\":\"pt-BR\",\"potentialAction\":[{\"@type\":\"ReadAction\",\"target\":[\"https:\/\/wp.ufpel.edu.br\/poiema\/pesquisa-invencao-de-herancas-e-identidades-atraves-da-musica\/\"]}]},{\"@type\":\"BreadcrumbList\",\"@id\":\"https:\/\/wp.ufpel.edu.br\/poiema\/pesquisa-invencao-de-herancas-e-identidades-atraves-da-musica\/#breadcrumb\",\"itemListElement\":[{\"@type\":\"ListItem\",\"position\":1,\"name\":\"In\u00edcio\",\"item\":\"https:\/\/wp.ufpel.edu.br\/poiema\/\"},{\"@type\":\"ListItem\",\"position\":2,\"name\":\"Pesquisa: Inven\u00e7\u00e3o de Heran\u00e7as e Identidades atrav\u00e9s da M\u00fasica\"}]},{\"@type\":\"WebSite\",\"@id\":\"https:\/\/wp.ufpel.edu.br\/poiema\/#website\",\"url\":\"https:\/\/wp.ufpel.edu.br\/poiema\/\",\"name\":\"POIEMA\",\"description\":\"POIEMA UFPel\",\"potentialAction\":[{\"@type\":\"SearchAction\",\"target\":{\"@type\":\"EntryPoint\",\"urlTemplate\":\"https:\/\/wp.ufpel.edu.br\/poiema\/?s={search_term_string}\"},\"query-input\":{\"@type\":\"PropertyValueSpecification\",\"valueRequired\":true,\"valueName\":\"search_term_string\"}}],\"inLanguage\":\"pt-BR\"}]}<\/script>\n<!-- \/ Yoast SEO plugin. -->","yoast_head_json":{"title":"Pesquisa: Inven\u00e7\u00e3o de Heran\u00e7as e Identidades atrav\u00e9s da M\u00fasica - POIEMA","robots":{"index":"index","follow":"follow","max-snippet":"max-snippet:-1","max-image-preview":"max-image-preview:large","max-video-preview":"max-video-preview:-1"},"canonical":"https:\/\/wp.ufpel.edu.br\/poiema\/pesquisa-invencao-de-herancas-e-identidades-atraves-da-musica\/","og_locale":"pt_BR","og_type":"article","og_title":"Pesquisa: Inven\u00e7\u00e3o de Heran\u00e7as e Identidades atrav\u00e9s da M\u00fasica - POIEMA","og_description":"O Heavy Metal explora in\u00fameros per\u00edodos da hist\u00f3ria, apresentando atrav\u00e9s das letras narrativas que criam uma &#8220;est\u00e9tica&#8221;. Algumas bandas que se utilizam de refer\u00eancias hist\u00f3ricas em suas letras e melodias: M\u00f6torhead &#8211; 1916 (Primeira Guerra Mundial); Iron Maiden &#8211; Aces High (Segunda Guerra Mundial); Avenged Sevenfold &#8211; Hail to the King (um reinado absolutista); Black &hellip; Continue lendo","og_url":"https:\/\/wp.ufpel.edu.br\/poiema\/pesquisa-invencao-de-herancas-e-identidades-atraves-da-musica\/","og_site_name":"POIEMA","article_modified_time":"2022-04-16T00:27:54+00:00","twitter_card":"summary_large_image","twitter_misc":{"Est. tempo de leitura":"2 minutos"},"schema":{"@context":"https:\/\/schema.org","@graph":[{"@type":"WebPage","@id":"https:\/\/wp.ufpel.edu.br\/poiema\/pesquisa-invencao-de-herancas-e-identidades-atraves-da-musica\/","url":"https:\/\/wp.ufpel.edu.br\/poiema\/pesquisa-invencao-de-herancas-e-identidades-atraves-da-musica\/","name":"Pesquisa: Inven\u00e7\u00e3o de Heran\u00e7as e Identidades atrav\u00e9s da M\u00fasica - POIEMA","isPartOf":{"@id":"https:\/\/wp.ufpel.edu.br\/poiema\/#website"},"datePublished":"2022-03-29T18:43:52+00:00","dateModified":"2022-04-16T00:27:54+00:00","breadcrumb":{"@id":"https:\/\/wp.ufpel.edu.br\/poiema\/pesquisa-invencao-de-herancas-e-identidades-atraves-da-musica\/#breadcrumb"},"inLanguage":"pt-BR","potentialAction":[{"@type":"ReadAction","target":["https:\/\/wp.ufpel.edu.br\/poiema\/pesquisa-invencao-de-herancas-e-identidades-atraves-da-musica\/"]}]},{"@type":"BreadcrumbList","@id":"https:\/\/wp.ufpel.edu.br\/poiema\/pesquisa-invencao-de-herancas-e-identidades-atraves-da-musica\/#breadcrumb","itemListElement":[{"@type":"ListItem","position":1,"name":"In\u00edcio","item":"https:\/\/wp.ufpel.edu.br\/poiema\/"},{"@type":"ListItem","position":2,"name":"Pesquisa: Inven\u00e7\u00e3o de Heran\u00e7as e Identidades atrav\u00e9s da M\u00fasica"}]},{"@type":"WebSite","@id":"https:\/\/wp.ufpel.edu.br\/poiema\/#website","url":"https:\/\/wp.ufpel.edu.br\/poiema\/","name":"POIEMA","description":"POIEMA UFPel","potentialAction":[{"@type":"SearchAction","target":{"@type":"EntryPoint","urlTemplate":"https:\/\/wp.ufpel.edu.br\/poiema\/?s={search_term_string}"},"query-input":{"@type":"PropertyValueSpecification","valueRequired":true,"valueName":"search_term_string"}}],"inLanguage":"pt-BR"}]}},"jetpack_sharing_enabled":true,"_links":{"self":[{"href":"https:\/\/wp.ufpel.edu.br\/poiema\/wp-json\/wp\/v2\/pages\/3506","targetHints":{"allow":["GET"]}}],"collection":[{"href":"https:\/\/wp.ufpel.edu.br\/poiema\/wp-json\/wp\/v2\/pages"}],"about":[{"href":"https:\/\/wp.ufpel.edu.br\/poiema\/wp-json\/wp\/v2\/types\/page"}],"author":[{"embeddable":true,"href":"https:\/\/wp.ufpel.edu.br\/poiema\/wp-json\/wp\/v2\/users\/1170"}],"replies":[{"embeddable":true,"href":"https:\/\/wp.ufpel.edu.br\/poiema\/wp-json\/wp\/v2\/comments?post=3506"}],"version-history":[{"count":2,"href":"https:\/\/wp.ufpel.edu.br\/poiema\/wp-json\/wp\/v2\/pages\/3506\/revisions"}],"predecessor-version":[{"id":3841,"href":"https:\/\/wp.ufpel.edu.br\/poiema\/wp-json\/wp\/v2\/pages\/3506\/revisions\/3841"}],"wp:attachment":[{"href":"https:\/\/wp.ufpel.edu.br\/poiema\/wp-json\/wp\/v2\/media?parent=3506"}],"curies":[{"name":"wp","href":"https:\/\/api.w.org\/{rel}","templated":true}]}}