{"id":34,"date":"2023-04-12T11:39:26","date_gmt":"2023-04-12T14:39:26","guid":{"rendered":"https:\/\/wp.ufpel.edu.br\/poeticaspopulares\/?page_id=34"},"modified":"2023-07-04T11:12:04","modified_gmt":"2023-07-04T14:12:04","slug":"omega","status":"publish","type":"page","link":"https:\/\/wp.ufpel.edu.br\/poeticaspopulares\/omega\/","title":{"rendered":"OMEGA"},"content":{"rendered":"<p>O Projeto integra o Grupo de Pesquisa OMEGA &#8211; Observat\u00f3rio de Mem\u00f3ria, Educa\u00e7\u00e3o, Gesto e Arte, na linha de pesquisa Teoria, Mem\u00f3ria e Culturas Populares. Para saber mais sobre o Grupo OMEGA, acesse o <a href=\"https:\/\/wp.ufpel.edu.br\/omega\/\">link<\/a><\/p>\n","protected":false},"excerpt":{"rendered":"<p>O Projeto integra o Grupo de Pesquisa OMEGA &#8211; Observat\u00f3rio de Mem\u00f3ria, Educa\u00e7\u00e3o, Gesto e Arte, na linha de pesquisa Teoria, Mem\u00f3ria e Culturas Populares. Para saber mais sobre o Grupo OMEGA, acesse o link<\/p>\n","protected":false},"author":1281,"featured_media":0,"parent":0,"menu_order":5,"comment_status":"closed","ping_status":"closed","template":"","meta":{"footnotes":""},"class_list":["post-34","page","type-page","status-publish","hentry"],"_links":{"self":[{"href":"https:\/\/wp.ufpel.edu.br\/poeticaspopulares\/wp-json\/wp\/v2\/pages\/34","targetHints":{"allow":["GET"]}}],"collection":[{"href":"https:\/\/wp.ufpel.edu.br\/poeticaspopulares\/wp-json\/wp\/v2\/pages"}],"about":[{"href":"https:\/\/wp.ufpel.edu.br\/poeticaspopulares\/wp-json\/wp\/v2\/types\/page"}],"author":[{"embeddable":true,"href":"https:\/\/wp.ufpel.edu.br\/poeticaspopulares\/wp-json\/wp\/v2\/users\/1281"}],"replies":[{"embeddable":true,"href":"https:\/\/wp.ufpel.edu.br\/poeticaspopulares\/wp-json\/wp\/v2\/comments?post=34"}],"version-history":[{"count":1,"href":"https:\/\/wp.ufpel.edu.br\/poeticaspopulares\/wp-json\/wp\/v2\/pages\/34\/revisions"}],"predecessor-version":[{"id":36,"href":"https:\/\/wp.ufpel.edu.br\/poeticaspopulares\/wp-json\/wp\/v2\/pages\/34\/revisions\/36"}],"wp:attachment":[{"href":"https:\/\/wp.ufpel.edu.br\/poeticaspopulares\/wp-json\/wp\/v2\/media?parent=34"}],"curies":[{"name":"wp","href":"https:\/\/api.w.org\/{rel}","templated":true}]}}

<p>O Projeto integra o Grupo de Pesquisa OMEGA &#8211; Observatório de Memória, Educação, Gesto e Arte, na linha de pesquisa Teoria, Memória e Culturas Populares. Para saber mais sobre o Grupo OMEGA, acesse o <a href="https://wp.ufpel.edu.br/omega/">link</a></p>

<p>O Projeto integra o Grupo de Pesquisa OMEGA &#8211; Observatório de Memória, Educação, Gesto e Arte, na linha de pesquisa Teoria, Memória e Culturas Populares. Para saber mais sobre o Grupo OMEGA, acesse o link</p>
