{"id":2,"date":"2023-02-15T10:22:26","date_gmt":"2023-02-15T13:22:26","guid":{"rendered":"https:\/\/wp.ufpel.edu.br\/poeticaspopulares\/?page_id=2"},"modified":"2023-07-25T11:13:53","modified_gmt":"2023-07-25T14:13:53","slug":"pagina-exemplo","status":"publish","type":"page","link":"https:\/\/wp.ufpel.edu.br\/poeticaspopulares\/pagina-exemplo\/","title":{"rendered":"Sobre"},"content":{"rendered":"<p>O projeto de pesquisa Po\u00e9ticas Populares na Contemporaneidade procura investigar no\u00e7\u00f5es epistemol\u00f3gicas e processos art\u00edsticos e educativos em torno dos campos abarcados pelas artes populares no contexto atual, de modo a problematizar conceitos como Tradi\u00e7\u00e3o, Mem\u00f3ria, Cultura Popular, Folclore e Parafolclore, bem como seus poss\u00edveis atravessamentos. Tamb\u00e9m \u00e9 interesse do projeto propor e analisar Pr\u00e1ticas Experimentais e Metodologias Criativas em Artes Populares, articulando-se atrav\u00e9s de perspectivas que protagonizem o papel do corpo, da dan\u00e7a, do folclore e das tecnologias no cen\u00e1rio contempor\u00e2neo.<\/p>\n<p>S\u00e3o estabelecidos como objetivos do presente projeto:<br \/>\n&#8211; Promover estudos e pesquisas em\/com\/sobre artes populares mediante suas caracter\u00edsticas po\u00e9ticas, art\u00edsticas, educativas e conceituais no contexto contempor\u00e2neo;<br \/>\n&#8211; Investigar elementos do contexto da contemporaneidade que se atravessam, afetam e interferem na produ\u00e7\u00e3o e difus\u00e3o das po\u00e9ticas e saberes\/fazeres populares na atualidade, com \u00eanfase para estudos na rela\u00e7\u00e3o entre corpo, folclore e tecnologias;<br \/>\n&#8211; Articular e abarcar investiga\u00e7\u00f5es te\u00f3ricas e te\u00f3rico-pr\u00e1ticas nos \u00e2mbitos de gradua\u00e7\u00e3o e p\u00f3s-gradua\u00e7\u00e3o em torno dos temas de interesse do projeto;<br \/>\n&#8211; Propor, experimentar e analisar processos art\u00edsticos e educativos que elejam e\/ou envolvam as po\u00e9ticas populares em seu escopo principal em ambientes como a a Abamba\u00e9 Companhia de Dan\u00e7as Brasileiras (Pelotas &#8211; Brasil) e a Asociaci\u00f3n Civil Am\u00e9rica Unida (Ciudad del Plata &#8211; Uruguai);<br \/>\n&#8211; Produzir conhecimento acad\u00eamico no campo da artes populares e difundi-lo atrav\u00e9s de produ\u00e7\u00f5es art\u00edsticas e produ\u00e7\u00f5es cient\u00edficas.<\/p>\n<p>S\u00e3o estabelecidos como objetivos do presente projeto:<br \/>\n&#8211; Promover estudos e pesquisas em\/com\/sobre artes populares mediante suas caracter\u00edsticas po\u00e9ticas, art\u00edsticas, educativas e conceituais no contexto contempor\u00e2neo;<br \/>\n&#8211; Investigar elementos do contexto da contemporaneidade que se atravessam, afetam e interferem na produ\u00e7\u00e3o e difus\u00e3o das po\u00e9ticas e saberes\/fazeres populares na atualidade, com \u00eanfase para estudos na rela\u00e7\u00e3o entre corpo, folclore e tecnologias;<br \/>\n&#8211; Articular e abarcar investiga\u00e7\u00f5es te\u00f3ricas e te\u00f3rico-pr\u00e1ticas nos \u00e2mbitos de gradua\u00e7\u00e3o e p\u00f3s-gradua\u00e7\u00e3o em torno dos temas de interesse do projeto;<br \/>\n&#8211; Propor, experimentar e analisar processos art\u00edsticos e educativos que elejam e\/ou envolvam as po\u00e9ticas populares em seu escopo principal em ambientes como a a Abamba\u00e9 Companhia de Dan\u00e7as Brasileiras (Pelotas &#8211; Brasil) e a Asociaci\u00f3n Civil Am\u00e9rica Unida (Ciudad del Plata &#8211; Uruguai);<br \/>\n&#8211; Produzir conhecimento acad\u00eamico no campo da artes populares e difundi-lo atrav\u00e9s de produ\u00e7\u00f5es art\u00edsticas e produ\u00e7\u00f5es cient\u00edficas.<\/p>\n<p>A metodologia deste estudo te\u00f3rico-pr\u00e1tico se dar\u00e1, prioritariamente, a partir de:<br \/>\n&#8211; encontros peri\u00f3dicos de estudo e planejamento<br \/>\n&#8211; leituras de textos sobre as temas envolvidas no projeto<br \/>\n&#8211; assist\u00eancia de v\u00eddeos sobre produ\u00e7\u00f5es art\u00edsticas em artes populares<br \/>\n&#8211; proposi\u00e7\u00e3o de experimentos criativos e compositivos em dan\u00e7a, folclore e artes populares<br \/>\n&#8211; recebimento de palestrantes, professores e artistas convidados<br \/>\n&#8211; prepara\u00e7\u00e3o dos instrumentos de coleta de dados<br \/>\n&#8211; prepara\u00e7\u00e3o da equipe de pesquisa para as visitas e registros<br \/>\n&#8211; coleta de dados<br \/>\n&#8211; tabula\u00e7\u00e3o, sistematiza\u00e7\u00e3o e organiza\u00e7\u00e3o dos dados coletados<br \/>\n&#8211; avalia\u00e7\u00e3o das atividades de pesquisa in loco<br \/>\n&#8211; produ\u00e7\u00e3o art\u00edstica com\/sobre as po\u00e9ticas populares investigadas<br \/>\n&#8211; estudos e atividades de experimenta\u00e7\u00e3o na\/sobre a rela\u00e7\u00e3o entre corpo, folclore e tecnologia<br \/>\n&#8211; produ\u00e7\u00e3o cientifica sobre a pesquisa realizada<br \/>\n&#8211; produ\u00e7\u00e3o art\u00edstica sobre a pesquisa realizada<br \/>\n&#8211; difus\u00e3o e socializa\u00e7\u00e3o da produ\u00e7\u00e3o por meio de publica\u00e7\u00f5es e participa\u00e7\u00f5es em eventos<br \/>\n&#8211; confec\u00e7\u00e3o do relat\u00f3rio final e conclus\u00e3o da pesquisa<br \/>\nA ordem das etapas n\u00e3o \u00e9 est\u00e1tica ou imex\u00edvel, podendo ser adaptada conforme o interesse e necessidade do projeto e de seus participantes.<br \/>\nA partir do percurso que for estabelecido durante o trajeto da pesquisa, a metodologia poder\u00e1 ser alterada ou ampliada.<\/p>\n<p>&nbsp;<\/p>\n","protected":false},"excerpt":{"rendered":"<p>O projeto de pesquisa Po\u00e9ticas Populares na Contemporaneidade procura investigar no\u00e7\u00f5es epistemol\u00f3gicas e processos art\u00edsticos e educativos em torno dos campos abarcados pelas artes populares no contexto atual, de modo a problematizar conceitos como Tradi\u00e7\u00e3o, Mem\u00f3ria, Cultura Popular, Folclore e Parafolclore, bem como seus poss\u00edveis atravessamentos. Tamb\u00e9m \u00e9 interesse do projeto propor e analisar Pr\u00e1ticas [&hellip;]<\/p>\n","protected":false},"author":1281,"featured_media":0,"parent":0,"menu_order":1,"comment_status":"closed","ping_status":"closed","template":"","meta":{"footnotes":""},"class_list":["post-2","page","type-page","status-publish","hentry"],"_links":{"self":[{"href":"https:\/\/wp.ufpel.edu.br\/poeticaspopulares\/wp-json\/wp\/v2\/pages\/2","targetHints":{"allow":["GET"]}}],"collection":[{"href":"https:\/\/wp.ufpel.edu.br\/poeticaspopulares\/wp-json\/wp\/v2\/pages"}],"about":[{"href":"https:\/\/wp.ufpel.edu.br\/poeticaspopulares\/wp-json\/wp\/v2\/types\/page"}],"author":[{"embeddable":true,"href":"https:\/\/wp.ufpel.edu.br\/poeticaspopulares\/wp-json\/wp\/v2\/users\/1281"}],"replies":[{"embeddable":true,"href":"https:\/\/wp.ufpel.edu.br\/poeticaspopulares\/wp-json\/wp\/v2\/comments?post=2"}],"version-history":[{"count":3,"href":"https:\/\/wp.ufpel.edu.br\/poeticaspopulares\/wp-json\/wp\/v2\/pages\/2\/revisions"}],"predecessor-version":[{"id":30,"href":"https:\/\/wp.ufpel.edu.br\/poeticaspopulares\/wp-json\/wp\/v2\/pages\/2\/revisions\/30"}],"wp:attachment":[{"href":"https:\/\/wp.ufpel.edu.br\/poeticaspopulares\/wp-json\/wp\/v2\/media?parent=2"}],"curies":[{"name":"wp","href":"https:\/\/api.w.org\/{rel}","templated":true}]}}

<p>O projeto de pesquisa Poéticas Populares na Contemporaneidade procura investigar noções epistemológicas e processos artísticos e educativos em torno dos campos abarcados pelas artes populares no contexto atual, de modo a problematizar conceitos como Tradição, Memória, Cultura Popular, Folclore e Parafolclore, bem como seus possíveis atravessamentos. Também é interesse do projeto propor e analisar Práticas Experimentais e Metodologias Criativas em Artes Populares, articulando-se através de perspectivas que protagonizem o papel do corpo, da dança, do folclore e das tecnologias no cenário contemporâneo.</p>
<p>São estabelecidos como objetivos do presente projeto:<br />
&#8211; Promover estudos e pesquisas em/com/sobre artes populares mediante suas características poéticas, artísticas, educativas e conceituais no contexto contemporâneo;<br />
&#8211; Investigar elementos do contexto da contemporaneidade que se atravessam, afetam e interferem na produção e difusão das poéticas e saberes/fazeres populares na atualidade, com ênfase para estudos na relação entre corpo, folclore e tecnologias;<br />
&#8211; Articular e abarcar investigações teóricas e teórico-práticas nos âmbitos de graduação e pós-graduação em torno dos temas de interesse do projeto;<br />
&#8211; Propor, experimentar e analisar processos artísticos e educativos que elejam e/ou envolvam as poéticas populares em seu escopo principal em ambientes como a a Abambaé Companhia de Danças Brasileiras (Pelotas &#8211; Brasil) e a Asociación Civil América Unida (Ciudad del Plata &#8211; Uruguai);<br />
&#8211; Produzir conhecimento acadêmico no campo da artes populares e difundi-lo através de produções artísticas e produções científicas.</p>
<p>São estabelecidos como objetivos do presente projeto:<br />
&#8211; Promover estudos e pesquisas em/com/sobre artes populares mediante suas características poéticas, artísticas, educativas e conceituais no contexto contemporâneo;<br />
&#8211; Investigar elementos do contexto da contemporaneidade que se atravessam, afetam e interferem na produção e difusão das poéticas e saberes/fazeres populares na atualidade, com ênfase para estudos na relação entre corpo, folclore e tecnologias;<br />
&#8211; Articular e abarcar investigações teóricas e teórico-práticas nos âmbitos de graduação e pós-graduação em torno dos temas de interesse do projeto;<br />
&#8211; Propor, experimentar e analisar processos artísticos e educativos que elejam e/ou envolvam as poéticas populares em seu escopo principal em ambientes como a a Abambaé Companhia de Danças Brasileiras (Pelotas &#8211; Brasil) e a Asociación Civil América Unida (Ciudad del Plata &#8211; Uruguai);<br />
&#8211; Produzir conhecimento acadêmico no campo da artes populares e difundi-lo através de produções artísticas e produções científicas.</p>
<p>A metodologia deste estudo teórico-prático se dará, prioritariamente, a partir de:<br />
&#8211; encontros periódicos de estudo e planejamento<br />
&#8211; leituras de textos sobre as temas envolvidas no projeto<br />
&#8211; assistência de vídeos sobre produções artísticas em artes populares<br />
&#8211; proposição de experimentos criativos e compositivos em dança, folclore e artes populares<br />
&#8211; recebimento de palestrantes, professores e artistas convidados<br />
&#8211; preparação dos instrumentos de coleta de dados<br />
&#8211; preparação da equipe de pesquisa para as visitas e registros<br />
&#8211; coleta de dados<br />
&#8211; tabulação, sistematização e organização dos dados coletados<br />
&#8211; avaliação das atividades de pesquisa in loco<br />
&#8211; produção artística com/sobre as poéticas populares investigadas<br />
&#8211; estudos e atividades de experimentação na/sobre a relação entre corpo, folclore e tecnologia<br />
&#8211; produção cientifica sobre a pesquisa realizada<br />
&#8211; produção artística sobre a pesquisa realizada<br />
&#8211; difusão e socialização da produção por meio de publicações e participações em eventos<br />
&#8211; confecção do relatório final e conclusão da pesquisa<br />
A ordem das etapas não é estática ou imexível, podendo ser adaptada conforme o interesse e necessidade do projeto e de seus participantes.<br />
A partir do percurso que for estabelecido durante o trajeto da pesquisa, a metodologia poderá ser alterada ou ampliada.</p>
<p>&nbsp;</p>

<p>O projeto de pesquisa Poéticas Populares na Contemporaneidade procura investigar noções epistemológicas e processos artísticos e educativos em torno dos campos abarcados pelas artes populares no contexto atual, de modo a problematizar conceitos como Tradição, Memória, Cultura Popular, Folclore e Parafolclore, bem como seus possíveis atravessamentos. Também é interesse do projeto propor e analisar Práticas [&hellip;]</p>
