{"id":137,"date":"2017-07-11T16:54:42","date_gmt":"2017-07-11T19:54:42","guid":{"rendered":"https:\/\/wp.ufpel.edu.br\/pls\/?page_id=137"},"modified":"2017-09-26T09:16:34","modified_gmt":"2017-09-26T12:16:34","slug":"comissao","status":"publish","type":"page","link":"https:\/\/wp.ufpel.edu.br\/pls\/comissao\/","title":{"rendered":"| COMISS\u00c3O |"},"content":{"rendered":"<p><strong>Representantes da Pr\u00f3-Reitoria de Planejamento e Desenvolvimento:<br \/>\n<\/strong>S\u00edlvia Carla Bauer Barcellos (Presidente)<strong><br \/>\n<\/strong>C\u00edntia Vieira Essinger<br \/>\nFranco Goulart Knuth<br \/>\nMarisa Helena Gonsalves de Moura<br \/>\nTatiana Nunes Diesel<br \/>\nVer\u00f4nica Caldeira Leite Christino<\/p>\n<p><strong>Representantes da Pr\u00f3-Reitoria Administrativa:<br \/>\n<\/strong>Thiago Venzke Vahl<strong><br \/>\n<\/strong>Paulo Afonso Hartmann Almeida (Titular) e Vin\u00edcius Cardoso Meirelles (Suplente)<br \/>\nMarcia Correa Larrossa (Titular) e Neida Maria Barbosa da Marta (Suplente)<\/p>\n<p><strong>Representante da Coordena\u00e7\u00e3o de Comunica\u00e7\u00e3o Social<br \/>\n<\/strong>Raquel Neutzling Bierhals<\/p>\n<p><strong>Representantes do Curso Superior de Tecnologia em Gest\u00e3o Ambiental:<br \/>\n<\/strong>Fernanda Medeiros Gon\u00e7alves (Titular) e Cleiton Stigger Perleberg (Suplente)<\/p>\n<p><strong>Representantes do Curso de Bacharelado em Engenharia Ambiental e Sanit\u00e1ria:<\/strong><br \/>\nLuciara Bilhalva Corr\u00eaa<br \/>\nRubia Flores Romani<\/p>\n","protected":false},"excerpt":{"rendered":"<p>Representantes da Pr\u00f3-Reitoria de Planejamento e Desenvolvimento: S\u00edlvia Carla Bauer Barcellos (Presidente) C\u00edntia Vieira Essinger Franco Goulart Knuth Marisa Helena Gonsalves de Moura Tatiana Nunes Diesel Ver\u00f4nica Caldeira Leite Christino Representantes da Pr\u00f3-Reitoria Administrativa: Thiago Venzke Vahl Paulo Afonso Hartmann Almeida (Titular) e Vin\u00edcius Cardoso Meirelles (Suplente) Marcia Correa Larrossa (Titular) e Neida Maria Barbosa [&hellip;]<\/p>\n","protected":false},"author":773,"featured_media":0,"parent":0,"menu_order":0,"comment_status":"closed","ping_status":"closed","template":"","meta":{"jetpack_post_was_ever_published":false,"footnotes":""},"class_list":["post-137","page","type-page","status-publish","hentry"],"jetpack_sharing_enabled":true,"jetpack_shortlink":"https:\/\/wp.me\/P8UpVi-2d","jetpack-related-posts":[],"_links":{"self":[{"href":"https:\/\/wp.ufpel.edu.br\/pls\/wp-json\/wp\/v2\/pages\/137","targetHints":{"allow":["GET"]}}],"collection":[{"href":"https:\/\/wp.ufpel.edu.br\/pls\/wp-json\/wp\/v2\/pages"}],"about":[{"href":"https:\/\/wp.ufpel.edu.br\/pls\/wp-json\/wp\/v2\/types\/page"}],"author":[{"embeddable":true,"href":"https:\/\/wp.ufpel.edu.br\/pls\/wp-json\/wp\/v2\/users\/773"}],"replies":[{"embeddable":true,"href":"https:\/\/wp.ufpel.edu.br\/pls\/wp-json\/wp\/v2\/comments?post=137"}],"version-history":[{"count":7,"href":"https:\/\/wp.ufpel.edu.br\/pls\/wp-json\/wp\/v2\/pages\/137\/revisions"}],"predecessor-version":[{"id":230,"href":"https:\/\/wp.ufpel.edu.br\/pls\/wp-json\/wp\/v2\/pages\/137\/revisions\/230"}],"wp:attachment":[{"href":"https:\/\/wp.ufpel.edu.br\/pls\/wp-json\/wp\/v2\/media?parent=137"}],"curies":[{"name":"wp","href":"https:\/\/api.w.org\/{rel}","templated":true}]}}

| COMISSÃO |

<p><strong>Representantes da Pró-Reitoria de Planejamento e Desenvolvimento:<br />
</strong>Sílvia Carla Bauer Barcellos (Presidente)<strong><br />
</strong>Cíntia Vieira Essinger<br />
Franco Goulart Knuth<br />
Marisa Helena Gonsalves de Moura<br />
Tatiana Nunes Diesel<br />
Verônica Caldeira Leite Christino</p>
<p><strong>Representantes da Pró-Reitoria Administrativa:<br />
</strong>Thiago Venzke Vahl<strong><br />
</strong>Paulo Afonso Hartmann Almeida (Titular) e Vinícius Cardoso Meirelles (Suplente)<br />
Marcia Correa Larrossa (Titular) e Neida Maria Barbosa da Marta (Suplente)</p>
<p><strong>Representante da Coordenação de Comunicação Social<br />
</strong>Raquel Neutzling Bierhals</p>
<p><strong>Representantes do Curso Superior de Tecnologia em Gestão Ambiental:<br />
</strong>Fernanda Medeiros Gonçalves (Titular) e Cleiton Stigger Perleberg (Suplente)</p>
<p><strong>Representantes do Curso de Bacharelado em Engenharia Ambiental e Sanitária:</strong><br />
Luciara Bilhalva Corrêa<br />
Rubia Flores Romani</p>

<p>Representantes da Pró-Reitoria de Planejamento e Desenvolvimento: Sílvia Carla Bauer Barcellos (Presidente) Cíntia Vieira Essinger Franco Goulart Knuth Marisa Helena Gonsalves de Moura Tatiana Nunes Diesel Verônica Caldeira Leite Christino Representantes da Pró-Reitoria Administrativa: Thiago Venzke Vahl Paulo Afonso Hartmann Almeida (Titular) e Vinícius Cardoso Meirelles (Suplente) Marcia Correa Larrossa (Titular) e Neida Maria Barbosa [&hellip;]</p>
