{"id":74,"date":"2022-04-28T11:26:35","date_gmt":"2022-04-28T14:26:35","guid":{"rendered":"https:\/\/wp.ufpel.edu.br\/planurbfaurbufpel\/?page_id=74"},"modified":"2022-04-28T12:12:59","modified_gmt":"2022-04-28T15:12:59","slug":"2021-1-basilio-herval-rs","status":"publish","type":"page","link":"https:\/\/wp.ufpel.edu.br\/planurbfaurbufpel\/?page_id=74","title":{"rendered":"2021\/ 1 &#8211;  BAS\u00cdLIO &#8211; HERVAL, RS"},"content":{"rendered":"<div id=\"comp-l1oy5lj4\" class=\"_1Q9if\" data-testid=\"richTextElement\">\n<p class=\"font_8\" style=\"text-align: center;\"><strong><span class=\"color_11\">PLANEJAMENTO URBANO | FAURB | UFPEL<\/span><\/strong><\/p>\n<\/div>\n<div id=\"comp-l1oy5lj41\" class=\"_1Q9if\" data-testid=\"richTextElement\">\n<p class=\"font_9\" style=\"text-align: center;\"><span class=\"color_11\">Publica\u00e7\u00e3o da Faculdade de<\/span><\/p>\n<p class=\"font_9\" style=\"text-align: center;\"><span class=\"color_11\">Arquitetura e Urbanismo &#8211; FAUrb<br \/>\nLaborat\u00f3rio de Urbanismo &#8211; LabUrb, da Universidade Federal de Pelotas &#8211; UFPel<br \/>\nISSN 2238-3859<\/span><\/p>\n<p style=\"text-align: center;\"><span style=\"color: #000000; background-color: #ffcc00;\"><a style=\"color: #000000; background-color: #ffcc00;\" href=\"https:\/\/drive.google.com\/drive\/u\/0\/folders\/1qNGdsoF3LnFwb5SlCzxY4GSzxpXXZPfS\">Baixar Dispon\u00edvel<\/a><\/span><\/p>\n<\/div>\n","protected":false},"excerpt":{"rendered":"<p>PLANEJAMENTO URBANO | FAURB | UFPEL Publica\u00e7\u00e3o da Faculdade de Arquitetura e Urbanismo &#8211; FAUrb Laborat\u00f3rio de Urbanismo &#8211; LabUrb, da Universidade Federal de Pelotas &#8211; UFPel ISSN 2238-3859 Baixar Dispon\u00edvel<\/p>\n","protected":false},"author":1173,"featured_media":0,"parent":0,"menu_order":0,"comment_status":"closed","ping_status":"closed","template":"","meta":{"footnotes":""},"class_list":["post-74","page","type-page","status-publish","hentry"],"_links":{"self":[{"href":"https:\/\/wp.ufpel.edu.br\/planurbfaurbufpel\/index.php?rest_route=\/wp\/v2\/pages\/74","targetHints":{"allow":["GET"]}}],"collection":[{"href":"https:\/\/wp.ufpel.edu.br\/planurbfaurbufpel\/index.php?rest_route=\/wp\/v2\/pages"}],"about":[{"href":"https:\/\/wp.ufpel.edu.br\/planurbfaurbufpel\/index.php?rest_route=\/wp\/v2\/types\/page"}],"author":[{"embeddable":true,"href":"https:\/\/wp.ufpel.edu.br\/planurbfaurbufpel\/index.php?rest_route=\/wp\/v2\/users\/1173"}],"replies":[{"embeddable":true,"href":"https:\/\/wp.ufpel.edu.br\/planurbfaurbufpel\/index.php?rest_route=%2Fwp%2Fv2%2Fcomments&post=74"}],"version-history":[{"count":6,"href":"https:\/\/wp.ufpel.edu.br\/planurbfaurbufpel\/index.php?rest_route=\/wp\/v2\/pages\/74\/revisions"}],"predecessor-version":[{"id":87,"href":"https:\/\/wp.ufpel.edu.br\/planurbfaurbufpel\/index.php?rest_route=\/wp\/v2\/pages\/74\/revisions\/87"}],"wp:attachment":[{"href":"https:\/\/wp.ufpel.edu.br\/planurbfaurbufpel\/index.php?rest_route=%2Fwp%2Fv2%2Fmedia&parent=74"}],"curies":[{"name":"wp","href":"https:\/\/api.w.org\/{rel}","templated":true}]}}