{"id":581,"date":"2020-08-27T23:06:47","date_gmt":"2020-08-28T02:06:47","guid":{"rendered":"https:\/\/wp.ufpel.edu.br\/planilhasgoogle\/?page_id=581"},"modified":"2020-08-27T23:09:58","modified_gmt":"2020-08-28T02:09:58","slug":"atividades-de-fixacao","status":"publish","type":"page","link":"https:\/\/wp.ufpel.edu.br\/planilhasgoogle\/modulo-intermediario\/aula-5-trabalhando-com-tabelas-dinamicas\/atividades-de-fixacao\/","title":{"rendered":"Atividades de Fixa\u00e7\u00e3o"},"content":{"rendered":"<h3>Propostas para praticar:<\/h3>\n<ul>\n<li>Baixe os dados do link\u00a0<a href=\"https:\/\/covid.saude.gov.br\/\">https:\/\/covid.saude.gov.br\/<\/a>\u00a0onde diz Arquivo CSV. O arquivo \u00e9 muito grande, ent\u00e3o ser\u00e1 normal que demore um tempo consider\u00e1vel para a importa\u00e7\u00e3o dos dados.\n<\/li>\n<li>Fa\u00e7a a importa\u00e7\u00e3o para uma Planilha do Google, como est\u00e1 em xlsx o ideal \u00e9 abrir como se fosse uma planilha do Google;<\/li>\n<li>Nesta planilha temos a evolu\u00e7\u00e3o\u00a0geral\u00a0dos casos por munic\u00edpio no Brasil.<\/li>\n<li>Crie uma\u00a0tabela din\u00e2mica\u00a0com o dado\u00a0<strong>semanaEpi<\/strong>\u00a0nas colunas;<\/li>\n<li>Adicione como linhas a coluna\u00a0<strong>estado<\/strong>;<\/li>\n<li>Filtre para\u00a0<strong>estado = RS<\/strong>;<\/li>\n<li>Filtre para\u00a0<strong>municipio<\/strong>\u00a0&lt;&gt; &#8220;&#8221; ou simplesmente retire estes dados da tabela bruta n\u00e3o adicionando as primeiras 4378 linhas\u00a0na\u00a0tabela din\u00e2mica\u00a0criada, que se referem a totais em Estado e Munic\u00edpios, essa parte n\u00e3o nos interessa nesse momento;<\/li>\n<li>Adicione como dados a coluna casosNovos, com isso, veremos a evolu\u00e7\u00e3o de novos casos nos munic\u00edpios do Rio Grande do Sul pela Semana Epidemiol\u00f3gica correspondente, tente adicionar outros itens para ter novas visualiza\u00e7\u00f5es, guarde estas tabelas pois ser\u00e3o interessantes para explorarem na aula sobre\u00a0gr\u00e1ficos\u00a0que veremos \u00e0 seguir.<\/li>\n<\/ul>\n","protected":false},"excerpt":{"rendered":"<p>Propostas para praticar: Baixe os dados do link\u00a0https:\/\/covid.saude.gov.br\/\u00a0onde diz Arquivo CSV. O arquivo \u00e9 muito grande, ent\u00e3o ser\u00e1 normal que demore um tempo consider\u00e1vel para a importa\u00e7\u00e3o dos dados. Fa\u00e7a a importa\u00e7\u00e3o para uma Planilha do Google, como est\u00e1 em xlsx o ideal \u00e9 abrir como se fosse uma planilha do Google; Nesta planilha temos [&hellip;]<\/p>\n","protected":false},"author":667,"featured_media":0,"parent":332,"menu_order":0,"comment_status":"closed","ping_status":"closed","template":"","meta":{"jetpack_post_was_ever_published":false,"footnotes":""},"class_list":["post-581","page","type-page","status-publish","hentry"],"jetpack_sharing_enabled":true,"_links":{"self":[{"href":"https:\/\/wp.ufpel.edu.br\/planilhasgoogle\/wp-json\/wp\/v2\/pages\/581","targetHints":{"allow":["GET"]}}],"collection":[{"href":"https:\/\/wp.ufpel.edu.br\/planilhasgoogle\/wp-json\/wp\/v2\/pages"}],"about":[{"href":"https:\/\/wp.ufpel.edu.br\/planilhasgoogle\/wp-json\/wp\/v2\/types\/page"}],"author":[{"embeddable":true,"href":"https:\/\/wp.ufpel.edu.br\/planilhasgoogle\/wp-json\/wp\/v2\/users\/667"}],"replies":[{"embeddable":true,"href":"https:\/\/wp.ufpel.edu.br\/planilhasgoogle\/wp-json\/wp\/v2\/comments?post=581"}],"version-history":[{"count":3,"href":"https:\/\/wp.ufpel.edu.br\/planilhasgoogle\/wp-json\/wp\/v2\/pages\/581\/revisions"}],"predecessor-version":[{"id":589,"href":"https:\/\/wp.ufpel.edu.br\/planilhasgoogle\/wp-json\/wp\/v2\/pages\/581\/revisions\/589"}],"up":[{"embeddable":true,"href":"https:\/\/wp.ufpel.edu.br\/planilhasgoogle\/wp-json\/wp\/v2\/pages\/332"}],"wp:attachment":[{"href":"https:\/\/wp.ufpel.edu.br\/planilhasgoogle\/wp-json\/wp\/v2\/media?parent=581"}],"curies":[{"name":"wp","href":"https:\/\/api.w.org\/{rel}","templated":true}]}}