{"id":538,"date":"2020-08-27T22:52:51","date_gmt":"2020-08-28T01:52:51","guid":{"rendered":"https:\/\/wp.ufpel.edu.br\/planilhasgoogle\/?page_id=538"},"modified":"2020-08-27T22:54:01","modified_gmt":"2020-08-28T01:54:01","slug":"consultas","status":"publish","type":"page","link":"https:\/\/wp.ufpel.edu.br\/planilhasgoogle\/modulo-intermediario\/aula-3-funcoes-de-busca\/consultas\/","title":{"rendered":"Consultas"},"content":{"rendered":"<div class=\"box generalbox center clearfix\">\n<div class=\"no-overflow\">\n<h3>Novas tabelas com consultas<\/h3>\n<p>As f\u00f3rmulas de\u00a0<strong>consultas<\/strong>\u00a0das Planilhas do Google possuem diversas finalidades, desde a exibi\u00e7\u00e3o da f\u00f3rmula utilizada em determinada c\u00e9lula at\u00e9 o retorno de listas ou tabelas inteiras \u00e0 partir de determinados valores chaves. S\u00e3o fun\u00e7\u00f5es extremamente uteis, principalmente quando queremos montar tabelas novas \u00e0 partir de dados pr\u00e9 existentes.<\/p>\n<p>Um recurso bem interessante e utilizado principalmente quando queremos deixar transparente aos usu\u00e1rios que ir\u00e3o acessar nossas planilhas sobre como foi calculado ou disposto determinado assunto \u00e9 o F\u00d3RMULATEXTO ou\u00a0<strong>FORMULATEXT<\/strong>(c\u00e9lula), com este recurso conseguimos guiar o leitor de nossas planilhas ao entendimento de como chegamos a determinado valor, sem que ele precise clicar na c\u00e9lula ou visualizar mesmo que o usu\u00e1rio s\u00f3 tenha acesso a leitura da planilha, no v\u00eddeo abaixo temos um exemplo de como utilizar.<\/p>\n<p><span class=\"mediaplugin mediaplugin_html5video\"><video src=\"https:\/\/wp.ufpel.edu.br\/planilhasgoogle\/files\/2020\/08\/formula_texto.mp4\" width=\"100%\" title=\"formula_texto.mp4\" preload=\"metadata\" controls=\"controls\" ><\/video><\/span><\/p>\n<p>&nbsp;<\/p>\n<p>Outro recurso simples de se utilizar e que pode fazer uma grande diferen\u00e7a principalmente na cria\u00e7\u00e3o de\u00a0<a class=\"autolink\" title=\"Formul\u00e1rios\" href=\"https:\/\/ava.ufpel.edu.br\/pre\/mod\/page\/view.php?id=174927\">formul\u00e1rios<\/a>\u00a0ou de tabelas \u00e9 o Selecionar, ou =CHOOSE(\u00edndice;op\u00e7\u00e3o1;op\u00e7\u00e3o2;&#8230;), este recurso te permite exibir determinado resultado (op\u00e7\u00f5es) de acordo com um n\u00famero definido em uma c\u00e9lula espec\u00edfica (\u00edndice). No exemplo do v\u00eddeo abaixo, quando digitamos um determinado n\u00famero (corresponde ao m\u00eas) ao lado exibimos por extenso o m\u00eas correspondente.<\/p>\n<p><span class=\"mediaplugin mediaplugin_html5video\"><video src=\"https:\/\/wp.ufpel.edu.br\/planilhasgoogle\/files\/2020\/08\/choose.mp4\" width=\"100%\" title=\"choose.mp4\" preload=\"metadata\" controls=\"controls\" ><\/video><\/span><\/p>\n<p>&nbsp;<\/p>\n<p>Uma outra fun\u00e7\u00e3o simples de se utilizar e que j\u00e1 vimos em pr\u00e1tica ao estudarmos as listas \u00e9 o comando\u00a0<strong>INDIRETO<\/strong>. Esta fun\u00e7\u00e3o cria uma sele\u00e7\u00e3o de valores \u00e0 partir de c\u00e9lulas espec\u00edficas, ou, \u00e0 partir de uma posi\u00e7\u00e3o da c\u00e9lula ou\u00a0<a class=\"autolink\" title=\"Intervalos\" href=\"https:\/\/ava.ufpel.edu.br\/pre\/mod\/page\/view.php?id=174916\">intervalos<\/a>\u00a0nomeados. No v\u00eddeo abaixo segue um exemplo desse uso.<\/p>\n<p><span class=\"mediaplugin mediaplugin_html5video\"><video src=\"https:\/\/wp.ufpel.edu.br\/planilhasgoogle\/files\/2020\/08\/indireto.mp4\" width=\"100%\" title=\"indireto.mp4\" preload=\"metadata\" controls=\"controls\" ><\/video><\/span><\/p>\n<p>&nbsp;<\/p>\n<p>As fun\u00e7\u00f5es\u00a0<strong>LIN<\/strong>\u00a0e\u00a0<strong>LINS<\/strong>,\u00a0<strong>COL<\/strong>\u00a0e\u00a0<strong>COLS<\/strong>\u00a0s\u00e3o recursos muito utilizados quando precisamos saber em que posi\u00e7\u00f5es determinadas c\u00e9lulas se encontram, enquanto o LIN e COL exibem a primeira posi\u00e7\u00e3o na largura e coluna e o LINS e COLS se referem a quantidade de itens de uma determinada sele\u00e7\u00e3o ou intervalo nomeado. No v\u00eddeo abaixo temos um exemplo de como utilizar esse recurso.<\/p>\n<p><span class=\"mediaplugin mediaplugin_html5video\"><video src=\"https:\/\/wp.ufpel.edu.br\/planilhasgoogle\/files\/2020\/08\/lin_lins_col_cols.mp4\" width=\"100%\" title=\"lin_lins_col_cols.mp4\" preload=\"metadata\" controls=\"controls\" ><\/video><\/span><\/p>\n<p>&nbsp;<\/p>\n<p>A fun\u00e7\u00e3o\u00a0<strong>Endere\u00e7o<\/strong>, serve para retornarmos em formato Texto uma determinada posi\u00e7\u00e3o do da tabela, este recurso \u00e9 muito \u00fatil quando combinado com fun\u00e7\u00f5es que assim como o Indireto utilizam recursos de nota\u00e7\u00e3o das posi\u00e7\u00f5es, entre outros, ENDERE\u00c7O(linha; coluna; [modo_relativo_absoluto]; [utilizar_nota\u00e7\u00e3o_a1]; [p\u00e1gina]) que t\u00eam como par\u00e2metros os seguintes itens:<\/p>\n<ul>\n<li>linha \u2013 o n\u00famero da linha da refer\u00eancia de c\u00e9lula<\/li>\n<li>coluna \u2013 o n\u00famero da coluna (n\u00e3o o nome) da refer\u00eancia de c\u00e9lula. A \u00e9 o n\u00famero da coluna 1.<\/li>\n<li>modo_relativo_absoluto \u2013 [OPCIONAL \u2013 1 por predefini\u00e7\u00e3o] \u2013 um indicador sobre se a refer\u00eancia \u00e9 linha\/coluna absoluta. 1 \u00e9 linha e coluna absolutas (por exemplo, $A$1), 2 \u00e9 linha absoluta e coluna relativa (por exemplo, A$1), 3 \u00e9 linha relativa e coluna absoluta (por exemplo, $A1) e 4 \u00e9 linha e coluna relativas (por exemplo, A1).<\/li>\n<li>utilizar_nota\u00e7\u00e3o_a1 \u2013 [OPCIONAL \u2013 VERDADEIRO por predefini\u00e7\u00e3o] \u2013 um booleano que indica se utilizar a nota\u00e7\u00e3o de estilo A1 (VERDADEIRO) ou nota\u00e7\u00e3o de estilo R1C1 (FALSO).<\/li>\n<li>p\u00e1gina \u2013 [OPCIONAL \u2013 ausente por predefini\u00e7\u00e3o] \u2013 uma string que indica o nome da p\u00e1gina para a qual o endere\u00e7o se refere.<\/li>\n<\/ul>\n<p>No v\u00eddeo abaixo temos um exemplo deste uso junto com o INDIRETO.<\/p>\n<p><span class=\"mediaplugin mediaplugin_html5video\"><video src=\"https:\/\/wp.ufpel.edu.br\/planilhasgoogle\/files\/2020\/08\/endereco.mp4\" width=\"100%\" title=\"endereco.mp4\" preload=\"metadata\" controls=\"controls\" ><\/video><\/span><\/p>\n<p>&nbsp;<\/p>\n<\/div>\n<\/div>\n","protected":false},"excerpt":{"rendered":"<p>Novas tabelas com consultas As f\u00f3rmulas de\u00a0consultas\u00a0das Planilhas do Google possuem diversas finalidades, desde a exibi\u00e7\u00e3o da f\u00f3rmula utilizada em determinada c\u00e9lula at\u00e9 o retorno de listas ou tabelas inteiras \u00e0 partir de determinados valores chaves. S\u00e3o fun\u00e7\u00f5es extremamente uteis, principalmente quando queremos montar tabelas novas \u00e0 partir de dados pr\u00e9 existentes. Um recurso bem [&hellip;]<\/p>\n","protected":false},"author":667,"featured_media":0,"parent":326,"menu_order":0,"comment_status":"closed","ping_status":"closed","template":"","meta":{"jetpack_post_was_ever_published":false,"footnotes":""},"class_list":["post-538","page","type-page","status-publish","hentry"],"jetpack_sharing_enabled":true,"_links":{"self":[{"href":"https:\/\/wp.ufpel.edu.br\/planilhasgoogle\/wp-json\/wp\/v2\/pages\/538","targetHints":{"allow":["GET"]}}],"collection":[{"href":"https:\/\/wp.ufpel.edu.br\/planilhasgoogle\/wp-json\/wp\/v2\/pages"}],"about":[{"href":"https:\/\/wp.ufpel.edu.br\/planilhasgoogle\/wp-json\/wp\/v2\/types\/page"}],"author":[{"embeddable":true,"href":"https:\/\/wp.ufpel.edu.br\/planilhasgoogle\/wp-json\/wp\/v2\/users\/667"}],"replies":[{"embeddable":true,"href":"https:\/\/wp.ufpel.edu.br\/planilhasgoogle\/wp-json\/wp\/v2\/comments?post=538"}],"version-history":[{"count":3,"href":"https:\/\/wp.ufpel.edu.br\/planilhasgoogle\/wp-json\/wp\/v2\/pages\/538\/revisions"}],"predecessor-version":[{"id":548,"href":"https:\/\/wp.ufpel.edu.br\/planilhasgoogle\/wp-json\/wp\/v2\/pages\/538\/revisions\/548"}],"up":[{"embeddable":true,"href":"https:\/\/wp.ufpel.edu.br\/planilhasgoogle\/wp-json\/wp\/v2\/pages\/326"}],"wp:attachment":[{"href":"https:\/\/wp.ufpel.edu.br\/planilhasgoogle\/wp-json\/wp\/v2\/media?parent=538"}],"curies":[{"name":"wp","href":"https:\/\/api.w.org\/{rel}","templated":true}]}}