{"id":300,"date":"2020-07-05T18:58:12","date_gmt":"2020-07-05T21:58:12","guid":{"rendered":"https:\/\/wp.ufpel.edu.br\/planilhasgoogle\/?page_id=300"},"modified":"2020-07-05T18:58:12","modified_gmt":"2020-07-05T21:58:12","slug":"compartilhamento-por-link","status":"publish","type":"page","link":"https:\/\/wp.ufpel.edu.br\/planilhasgoogle\/modulo-basico\/aula-8-compartilhamento-e-colaboracao\/compartilhamento-por-link\/","title":{"rendered":"Compartilhamento por Link"},"content":{"rendered":"<div class=\"box generalbox center clearfix\">\n<div class=\"no-overflow\">\n<h3>Incorporar uma Planilha do Google<\/h3>\n<p>O v\u00eddeo abaixo ficou um pouco grande, vamos passo \u00e0 passo para entender o que foi feito, inicialmente, fomos em\u00a0<strong>Arquivo<\/strong>\u00a0e depois em\u00a0<strong>Publicar na web<\/strong>, vai abrir uma tela com duas Abas, a primeira \u00e9 a que trabalhamos no v\u00eddeo abaixo, trata-se do compartilhamento por Link. \u00c9 um meio bastante \u00fatil e utilizado de compartilhamento de planilhas do Google, principalmente pela facilidade na distribui\u00e7\u00e3o por e-mails e redes sociais. Podemos fazer o compartilhamento de apenas uma pasta, ou de v\u00e1rias, no v\u00eddeo est\u00e1 sendo exemplificado como fazemos para compartilhar individualmente, como podemos suspender este compartilhamento e tamb\u00e9m como fazer para compartilhar v\u00e1rias pastas ao mesmo tempo, devemos ter cuidado \u00e9 claro, de n\u00e3o compartilhar itens que n\u00e3o queremos por engano. Um grande problema nas planilhas do Google \u00e9 que sempre que vamos neste item Publicar na web a sele\u00e7\u00e3o que fizemos \u00e9 zerada e precisamos refazer a sele\u00e7\u00e3o de planilhas, que acaba voltando para o Compartilhar todo o documento, ent\u00e3o, \u00e0s vezes acabamos compartilhando mais do que o necess\u00e1rio por engano.<\/p>\n<div style=\"width: 1280px;\" class=\"wp-video\"><video class=\"wp-video-shortcode\" id=\"video-300-1\" width=\"1280\" height=\"720\" preload=\"metadata\" controls=\"controls\"><source type=\"video\/mp4\" src=\"https:\/\/wp.ufpel.edu.br\/planilhasgoogle\/files\/2020\/07\/compartilhamento_por_link.mp4?_=1\" \/><a href=\"https:\/\/wp.ufpel.edu.br\/planilhasgoogle\/files\/2020\/07\/compartilhamento_por_link.mp4\">https:\/\/wp.ufpel.edu.br\/planilhasgoogle\/files\/2020\/07\/compartilhamento_por_link.mp4<\/a><\/video><\/div>\n<p>Compartilhamento por incorpora\u00e7\u00e3o em p\u00e1gina \u00e9 o item previsto na segunda aba do item Publicar na web. Trata-se de uma forma de inserir em p\u00e1ginas, blogs, redes sociais, nos mais diversos meios, a principal forma deste uso \u00e9 o Iframe do HTML, que te permitir\u00e1 inserir dentro da sua p\u00e1gina o conte\u00fado de uma outra p\u00e1gina, sem a necessidade do usu\u00e1rio ter que sair de sua p\u00e1gina. O v\u00eddeo abaixo exemplifica o uso deste recurso.<\/p>\n<div style=\"width: 1280px;\" class=\"wp-video\"><video class=\"wp-video-shortcode\" id=\"video-300-2\" width=\"1280\" height=\"720\" preload=\"metadata\" controls=\"controls\"><source type=\"video\/mp4\" src=\"https:\/\/wp.ufpel.edu.br\/planilhasgoogle\/files\/2020\/07\/compartilhamento_por_iframe_1.mp4?_=2\" \/><a href=\"https:\/\/wp.ufpel.edu.br\/planilhasgoogle\/files\/2020\/07\/compartilhamento_por_iframe_1.mp4\">https:\/\/wp.ufpel.edu.br\/planilhasgoogle\/files\/2020\/07\/compartilhamento_por_iframe_1.mp4<\/a><\/video><\/div>\n<p>Estou usando o gerenciador de sites WordPress institucional, pois servir\u00e1 na maioria dos casos deste tipo de publica\u00e7\u00e3o dentro do meio da Universidade Federal de Pelotas, no v\u00eddeo acima eu inclu\u00ed diretamente o Iframe como retirado da p\u00e1gina das Planilhas do Google, para isso, precisei alterar o modo de vis\u00e3o de Visual para Texto e mesmo assim, s\u00f3 funcionou porqu\u00ea tenho fun\u00e7\u00f5es de super usu\u00e1rio no WordPress, o que me permite inserir c\u00f3digo dentro de p\u00e1ginas. Na maioria das vezes ser\u00e1 necess\u00e1rio realizar o procedimento observado no v\u00eddeo abaixo, que \u00e9 a instala\u00e7\u00e3o do Plugin chamado de Iframe e ao inv\u00e9s de utilizar os sinais de &lt;&gt; para abrir e fechar o iframe, utilizamos o c\u00f3digo mostrado ao lado ..\u00a0\n<!-- iframe plugin v.6.0 wordpress.org\/plugins\/iframe\/ -->\n<iframe src=\"http:\/\/www.youtube.com\/embed\/oDlbBy9vfgI\" width=\"100%\" height=\"500\" scrolling=\"yes\" class=\"iframe-class\" frameborder=\"0\"><\/iframe>\n. onde width \u00e9 a largura em que ser\u00e1 exibido na tela e altura est\u00e1 medida em pixels na vari\u00e1vel height.<\/p>\n<div style=\"width: 1280px;\" class=\"wp-video\"><video class=\"wp-video-shortcode\" id=\"video-300-3\" width=\"1280\" height=\"720\" preload=\"metadata\" controls=\"controls\"><source type=\"video\/mp4\" src=\"https:\/\/wp.ufpel.edu.br\/planilhasgoogle\/files\/2020\/07\/compartilhando_por_iframe_usando_plugin_wordpress.mp4?_=3\" \/><a href=\"https:\/\/wp.ufpel.edu.br\/planilhasgoogle\/files\/2020\/07\/compartilhando_por_iframe_usando_plugin_wordpress.mp4\">https:\/\/wp.ufpel.edu.br\/planilhasgoogle\/files\/2020\/07\/compartilhando_por_iframe_usando_plugin_wordpress.mp4<\/a><\/video><\/div>\n<\/div>\n<\/div>\n","protected":false},"excerpt":{"rendered":"<p>Incorporar uma Planilha do Google O v\u00eddeo abaixo ficou um pouco grande, vamos passo \u00e0 passo para entender o que foi feito, inicialmente, fomos em\u00a0Arquivo\u00a0e depois em\u00a0Publicar na web, vai abrir uma tela com duas Abas, a primeira \u00e9 a que trabalhamos no v\u00eddeo abaixo, trata-se do compartilhamento por Link. \u00c9 um meio bastante \u00fatil [&hellip;]<\/p>\n","protected":false},"author":667,"featured_media":0,"parent":99,"menu_order":2,"comment_status":"closed","ping_status":"closed","template":"","meta":{"jetpack_post_was_ever_published":false,"footnotes":""},"class_list":["post-300","page","type-page","status-publish","hentry"],"jetpack_sharing_enabled":true,"_links":{"self":[{"href":"https:\/\/wp.ufpel.edu.br\/planilhasgoogle\/wp-json\/wp\/v2\/pages\/300","targetHints":{"allow":["GET"]}}],"collection":[{"href":"https:\/\/wp.ufpel.edu.br\/planilhasgoogle\/wp-json\/wp\/v2\/pages"}],"about":[{"href":"https:\/\/wp.ufpel.edu.br\/planilhasgoogle\/wp-json\/wp\/v2\/types\/page"}],"author":[{"embeddable":true,"href":"https:\/\/wp.ufpel.edu.br\/planilhasgoogle\/wp-json\/wp\/v2\/users\/667"}],"replies":[{"embeddable":true,"href":"https:\/\/wp.ufpel.edu.br\/planilhasgoogle\/wp-json\/wp\/v2\/comments?post=300"}],"version-history":[{"count":1,"href":"https:\/\/wp.ufpel.edu.br\/planilhasgoogle\/wp-json\/wp\/v2\/pages\/300\/revisions"}],"predecessor-version":[{"id":305,"href":"https:\/\/wp.ufpel.edu.br\/planilhasgoogle\/wp-json\/wp\/v2\/pages\/300\/revisions\/305"}],"up":[{"embeddable":true,"href":"https:\/\/wp.ufpel.edu.br\/planilhasgoogle\/wp-json\/wp\/v2\/pages\/99"}],"wp:attachment":[{"href":"https:\/\/wp.ufpel.edu.br\/planilhasgoogle\/wp-json\/wp\/v2\/media?parent=300"}],"curies":[{"name":"wp","href":"https:\/\/api.w.org\/{rel}","templated":true}]}}