{"id":244,"date":"2020-07-05T18:44:13","date_gmt":"2020-07-05T21:44:13","guid":{"rendered":"https:\/\/wp.ufpel.edu.br\/planilhasgoogle\/?page_id=244"},"modified":"2020-07-05T18:44:13","modified_gmt":"2020-07-05T21:44:13","slug":"amostra-desvio-medio-desvio-padrao-e-variacao","status":"publish","type":"page","link":"https:\/\/wp.ufpel.edu.br\/planilhasgoogle\/modulo-basico\/aula-6-funcoes-estatisticas\/amostra-desvio-medio-desvio-padrao-e-variacao\/","title":{"rendered":"Amostra: Desvio M\u00e9dio, Desvio Padr\u00e3o e Varia\u00e7\u00e3o"},"content":{"rendered":"<div class=\"box generalbox center clearfix\">\n<div class=\"no-overflow\">\n<p>\u00a0 \u00a0 O texto abaixo foi retirado do site:\u00a0<a href=\"https:\/\/pt.surveymonkey.com\/mp\/sample-size\/\">https:\/\/pt.surveymonkey.com\/mp\/sample-size\/<\/a>\u00a0a leitura \u00e9 fundamental para quem deseja entender um pouco da teoria e da import\u00e2ncia sobre as fun\u00e7\u00f5es que analisaremos nesta se\u00e7\u00e3o.<\/p>\n<hr \/>\n<p>Ao se perguntar &#8220;De quantos respondentes preciso?&#8221;, o que voc\u00ea quer dizer \u00e9 &#8220;Qual deve ser o tamanho da minha amostra para que eu possa estimar com precis\u00e3o a minha popula\u00e7\u00e3o?&#8221;. Esses conceitos s\u00e3o complexos. Por isso, dividimos o processo em cinco passos, para voc\u00ea calcular facilmente o tamanho ideal da sua amostra e garantir precis\u00e3o nos resultados da pesquisa.<\/p>\n<h4>Cinco passos para garantir uma amostra representativa e estimar com precis\u00e3o a sua popula\u00e7\u00e3o:<\/h4>\n<h5>\n1. Qual \u00e9 a sua popula\u00e7\u00e3o?<\/h5>\n<p>Quando falamos em popula\u00e7\u00e3o, isso significa o conjunto total de pessoas que voc\u00ea deseja entender. J\u00e1 sua amostra ser\u00e3o as pessoas dessa popula\u00e7\u00e3o que de fato responder\u00e3o \u00e0 sua pesquisa.<\/p>\n<p>Dessa forma, por exemplo, se voc\u00ea quiser entender como comercializar sua pasta de dente na Fran\u00e7a, sua popula\u00e7\u00e3o ser\u00e1 formada pelos residentes desse pa\u00eds. Se voc\u00ea quiser descobrir quantos dias de f\u00e9rias as pessoas que trabalham na sua empresa de pasta de dente gostariam de ter, sua popula\u00e7\u00e3o ser\u00e1 formada por todos os funcion\u00e1rios da empresa.<\/p>\n<p>Independentemente de ser um pa\u00eds ou uma empresa, definir qual popula\u00e7\u00e3o voc\u00ea est\u00e1 tentando entender \u00e9 um primeiro passo essencial. Ap\u00f3s saber qual \u00e9 sua popula\u00e7\u00e3o, descubra quantas pessoas (aproximadamente) a comp\u00f5em. Por exemplo, cerca de 65 milh\u00f5es de pessoas vivem na Fran\u00e7a, ent\u00e3o supomos que sua empresa de pasta de dente tenha menos funcion\u00e1rios que isso.<\/p>\n<p>J\u00e1 tem o seu n\u00famero? Certo, ent\u00e3o vamos continuar.<\/p>\n<p>2. Qu\u00e3o exata sua pesquisa precisa ser?<\/p>\n<p>Pense nesta etapa como uma avalia\u00e7\u00e3o do volume de risco que voc\u00ea se disp\u00f5e a assumir de que as respostas para sua pesquisa n\u00e3o ser\u00e3o t\u00e3o precisas, pois voc\u00ea n\u00e3o est\u00e1 aplicando question\u00e1rios \u00e0 popula\u00e7\u00e3o inteira. Ent\u00e3o, aqui est\u00e3o as duas perguntas que \u00e9 preciso responder:<\/p>\n<p>Qual \u00e9 o n\u00edvel de certeza necess\u00e1rio de que as respostas refletem as opini\u00f5es da sua popula\u00e7\u00e3o?<\/p>\n<p>Esta \u00e9 sua margem de erro. Ent\u00e3o, digamos que, por exemplo, 90% da sua amostra gosta de chiclete de uva. Uma margem de erro de 5% adicionaria 5% em ambos os lados desse n\u00famero, o que significa que, na verdade, 85-95% da sua amostra gosta de chiclete de uva. 5% \u00e9 a margem de erro mais usada, mas voc\u00ea pode usar de 1 a 10%, dependendo da sua pesquisa. Usar uma margem de erro acima de 10% n\u00e3o \u00e9 recomendado.<\/p>\n<p>Qual o n\u00edvel de certeza que voc\u00ea precisa ter de que a amostra retrata com precis\u00e3o a sua popula\u00e7\u00e3o?<\/p>\n<p>Este \u00e9 o seu n\u00edvel de confian\u00e7a. O n\u00edvel de confian\u00e7a \u00e9 a probabilidade de que a amostra selecionada seja refletida nos resultados obtidos. O c\u00e1lculo \u00e9 feito geralmente da seguinte maneira. Se voc\u00ea selecionasse mais 30 amostras aleatoriamente na sua popula\u00e7\u00e3o, quantas vezes os resultados obtidos na sua primeira amostra seriam significativamente diferentes das outras 30? Um n\u00edvel de confian\u00e7a de 95% significa obter os mesmos resultados em 95% das vezes. 95% \u00e9 o n\u00edvel de confian\u00e7a utilizado com mais frequ\u00eancia, mas sua pesquisa pode exigir um n\u00edvel de confian\u00e7a de 90% ou 99%, dependendo das suas necessidades. Reduzir seu n\u00edvel de confian\u00e7a para um valor abaixo de 90% n\u00e3o \u00e9 recomendado.<\/p>\n<h5>3. Qual deve ser o tamanho da minha amostra?<\/h5>\n<p>Usando o gr\u00e1fico abaixo, selecione sua popula\u00e7\u00e3o-alvo aproximada e escolha sua margem de erro para estimar o n\u00famero de pesquisas conclu\u00eddas que ser\u00e3o necess\u00e1rias.<\/p>\n<p>Agora que voc\u00ea possui os n\u00fameros dos passos 1 e 2, confira o gr\u00e1fico de apoio abaixo para descobrir qual deve ser o tamanho da sua amostra.<\/p>\n<p>Popula\u00e7\u00e3o margem de erro de 10% margem de erro de 5% margem de erro de 1% n\u00edvel de confian\u00e7a de 90% n\u00edvel de confian\u00e7a de 95% n\u00edvel de confian\u00e7a de 99%<\/p>\n<table dir=\"ltr\" border=\"1\" cellspacing=\"0\" cellpadding=\"0\">\n<colgroup>\n<col width=\"150\" \/>\n<col width=\"79\" \/>\n<col width=\"100\" \/>\n<col width=\"100\" \/>\n<col width=\"100\" \/>\n<col width=\"100\" \/>\n<col width=\"100\" \/><\/colgroup>\n<tbody>\n<tr>\n<td data-sheets-value=\"{&quot;1&quot;:2,&quot;2&quot;:&quot;Popula\u00e7\u00e3o&quot;}\">Popula\u00e7\u00e3o<\/td>\n<td data-sheets-value=\"{&quot;1&quot;:2,&quot;2&quot;:&quot;margem de erro de 10%&quot;}\">margem de erro de 10%<\/td>\n<td data-sheets-value=\"{&quot;1&quot;:2,&quot;2&quot;:&quot;margem de erro de 5%&quot;}\">margem de erro de 5%<\/td>\n<td data-sheets-value=\"{&quot;1&quot;:2,&quot;2&quot;:&quot;margem de erro de 1%&quot;}\">margem de erro de 1%<\/td>\n<td data-sheets-value=\"{&quot;1&quot;:2,&quot;2&quot;:&quot;n\u00edvel de confian\u00e7a de 90%&quot;}\">n\u00edvel de confian\u00e7a de 90%<\/td>\n<td data-sheets-value=\"{&quot;1&quot;:2,&quot;2&quot;:&quot;n\u00edvel de confian\u00e7a de 95%&quot;}\">n\u00edvel de confian\u00e7a de 95%<\/td>\n<td data-sheets-value=\"{&quot;1&quot;:2,&quot;2&quot;:&quot;n\u00edvel de confian\u00e7a de 99%&quot;}\">n\u00edvel de confian\u00e7a de 99%<\/td>\n<\/tr>\n<tr>\n<td data-sheets-value=\"{&quot;1&quot;:3,&quot;3&quot;:100}\">100<\/td>\n<td data-sheets-value=\"{&quot;1&quot;:3,&quot;3&quot;:50}\">50<\/td>\n<td data-sheets-value=\"{&quot;1&quot;:3,&quot;3&quot;:80}\">80<\/td>\n<td data-sheets-value=\"{&quot;1&quot;:3,&quot;3&quot;:99}\">99<\/td>\n<td data-sheets-value=\"{&quot;1&quot;:3,&quot;3&quot;:74}\">74<\/td>\n<td data-sheets-value=\"{&quot;1&quot;:3,&quot;3&quot;:80}\">80<\/td>\n<td data-sheets-value=\"{&quot;1&quot;:3,&quot;3&quot;:88}\">88<\/td>\n<\/tr>\n<tr>\n<td data-sheets-value=\"{&quot;1&quot;:3,&quot;3&quot;:500}\">500<\/td>\n<td data-sheets-value=\"{&quot;1&quot;:3,&quot;3&quot;:81}\">81<\/td>\n<td data-sheets-value=\"{&quot;1&quot;:3,&quot;3&quot;:218}\">218<\/td>\n<td data-sheets-value=\"{&quot;1&quot;:3,&quot;3&quot;:476}\">476<\/td>\n<td data-sheets-value=\"{&quot;1&quot;:3,&quot;3&quot;:176}\">176<\/td>\n<td data-sheets-value=\"{&quot;1&quot;:3,&quot;3&quot;:218}\">218<\/td>\n<td data-sheets-value=\"{&quot;1&quot;:3,&quot;3&quot;:286}\">286<\/td>\n<\/tr>\n<tr>\n<td data-sheets-value=\"{&quot;1&quot;:3,&quot;3&quot;:1000}\" data-sheets-numberformat=\"{&quot;1&quot;:2,&quot;2&quot;:&quot;#,##0&quot;,&quot;3&quot;:1}\">1.000<\/td>\n<td data-sheets-value=\"{&quot;1&quot;:3,&quot;3&quot;:88}\">88<\/td>\n<td data-sheets-value=\"{&quot;1&quot;:3,&quot;3&quot;:278}\">278<\/td>\n<td data-sheets-value=\"{&quot;1&quot;:3,&quot;3&quot;:906}\">906<\/td>\n<td data-sheets-value=\"{&quot;1&quot;:3,&quot;3&quot;:215}\">215<\/td>\n<td data-sheets-value=\"{&quot;1&quot;:3,&quot;3&quot;:278}\">278<\/td>\n<td data-sheets-value=\"{&quot;1&quot;:3,&quot;3&quot;:400}\">400<\/td>\n<\/tr>\n<tr>\n<td data-sheets-value=\"{&quot;1&quot;:3,&quot;3&quot;:10000}\" data-sheets-numberformat=\"{&quot;1&quot;:2,&quot;2&quot;:&quot;#,##0&quot;,&quot;3&quot;:1}\">10.000<\/td>\n<td data-sheets-value=\"{&quot;1&quot;:3,&quot;3&quot;:96}\">96<\/td>\n<td data-sheets-value=\"{&quot;1&quot;:3,&quot;3&quot;:370}\">370<\/td>\n<td data-sheets-value=\"{&quot;1&quot;:3,&quot;3&quot;:4900}\" data-sheets-numberformat=\"{&quot;1&quot;:2,&quot;2&quot;:&quot;#,##0&quot;,&quot;3&quot;:1}\">4.900<\/td>\n<td data-sheets-value=\"{&quot;1&quot;:3,&quot;3&quot;:264}\">264<\/td>\n<td data-sheets-value=\"{&quot;1&quot;:3,&quot;3&quot;:370}\">370<\/td>\n<td data-sheets-value=\"{&quot;1&quot;:3,&quot;3&quot;:623}\">623<\/td>\n<\/tr>\n<tr>\n<td data-sheets-value=\"{&quot;1&quot;:3,&quot;3&quot;:100000}\" data-sheets-numberformat=\"{&quot;1&quot;:2,&quot;2&quot;:&quot;#,##0&quot;,&quot;3&quot;:1}\">100.000<\/td>\n<td data-sheets-value=\"{&quot;1&quot;:3,&quot;3&quot;:96}\">96<\/td>\n<td data-sheets-value=\"{&quot;1&quot;:3,&quot;3&quot;:383}\">383<\/td>\n<td data-sheets-value=\"{&quot;1&quot;:3,&quot;3&quot;:8763}\" data-sheets-numberformat=\"{&quot;1&quot;:2,&quot;2&quot;:&quot;#,##0&quot;,&quot;3&quot;:1}\">8.763<\/td>\n<td data-sheets-value=\"{&quot;1&quot;:3,&quot;3&quot;:270}\">270<\/td>\n<td data-sheets-value=\"{&quot;1&quot;:3,&quot;3&quot;:383}\">383<\/td>\n<td data-sheets-value=\"{&quot;1&quot;:3,&quot;3&quot;:660}\">660<\/td>\n<\/tr>\n<tr>\n<td data-sheets-value=\"{&quot;1&quot;:2,&quot;2&quot;:&quot;+ de 1.000,000&quot;,&quot;6&quot;:1}\">+ de 1.000,000<\/td>\n<td data-sheets-value=\"{&quot;1&quot;:3,&quot;3&quot;:97}\">97<\/td>\n<td data-sheets-value=\"{&quot;1&quot;:3,&quot;3&quot;:384}\">384<\/td>\n<td data-sheets-value=\"{&quot;1&quot;:3,&quot;3&quot;:9513}\" data-sheets-numberformat=\"{&quot;1&quot;:2,&quot;2&quot;:&quot;#,##0&quot;,&quot;3&quot;:1}\">9.513<\/td>\n<td data-sheets-value=\"{&quot;1&quot;:3,&quot;3&quot;:271}\">271<\/td>\n<td data-sheets-value=\"{&quot;1&quot;:3,&quot;3&quot;:384}\">384<\/td>\n<td data-sheets-value=\"{&quot;1&quot;:3,&quot;3&quot;:664}\">664<\/td>\n<\/tr>\n<\/tbody>\n<\/table>\n<p>Observa\u00e7\u00e3o: estas informa\u00e7\u00f5es servem apenas como orienta\u00e7\u00f5es gerais. Al\u00e9m disso, para as popula\u00e7\u00f5es com mais de 1 milh\u00e3o de indiv\u00edduos, arredonde sempre para a centena mais pr\u00f3xima.<\/p>\n<h5>4. Qual ser\u00e1 a taxa de resposta dos indiv\u00edduos?<\/h5>\n<p>Lamentamos informar que nem todo mundo que receber sua pesquisa vai respond\u00ea-la.<\/p>\n<p>A porcentagem de pessoas que realmente respondem a uma pesquisa recebida \u00e9 conhecida como a &#8220;taxa de resposta&#8221;. Estimar sua taxa de resposta ajuda a determinar o n\u00famero total de pesquisas que voc\u00ea ter\u00e1 que enviar para obter o n\u00famero necess\u00e1rio de respostas.<\/p>\n<p>As taxas de resposta variam amplamente, dependendo de uma s\u00e9rie de fatores, como o relacionamento com seu p\u00fablico-alvo, o tamanho e a complexidade da pesquisa, os incentivos oferecidos e at\u00e9 o\u00a0<a class=\"autolink\" title=\"Tema\" href=\"https:\/\/ava.ufpel.edu.br\/pre\/mod\/page\/view.php?id=171638\">tema<\/a>\u00a0das perguntas. Para question\u00e1rios online, em que n\u00e3o h\u00e1 qualquer relacionamento pr\u00e9vio com os destinat\u00e1rios, uma taxa de resposta de 20% a 30% \u00e9 considerada excelente. Uma taxa de resposta de 10% a 15% \u00e9 um palpite mais conservador e seguro, caso ainda n\u00e3o tenha aplicado question\u00e1rios \u00e0 sua popula\u00e7\u00e3o.<\/p>\n<h5>5. Esta parte \u00e9 f\u00e1cil!<\/h5>\n<p>Basta dividir o n\u00famero obtido no passo 3 pelo n\u00famero obtido no passo 4. Este \u00e9 o n\u00famero procurado.<\/p>\n<p>Assim, por exemplo, se voc\u00ea precisa que 100 mulheres que usam xampu preencham sua pesquisa e acredita que cerca de 10% delas v\u00e3o de fato respond\u00ea-la, ent\u00e3o \u00e9 preciso enviar as perguntas a 100\/10% mulheres &#8211; 1.000!<\/p>\n<hr \/>\n<p>Desvio M\u00e9dio<\/p>\n<p>Como observado na se\u00e7\u00e3o anterior, segue as fun\u00e7\u00f5es para c\u00e1lculo de valor m\u00ednimo:<\/p>\n<h4>DESV.M\u00c9DIO<\/h4>\n<p><b>F\u00f3rmula:<\/b>\u00a0DESV.M\u00c9DIO(valor1; valor2) |\u00a0<b>Descri\u00e7\u00e3o:<\/b>\u00a0Calcula a m\u00e9dia das magnitudes de desvios da m\u00e9dia de um conjunto de dados.<\/p>\n<p>O Desvio M\u00e9dio, \u00e9 basicamente a soma de todos os n\u00fameros da conta, divididos pela quantidade dele.\u00a0\u00c9 ent\u00e3o uma medida da dispers\u00e3o dos dados em rela\u00e7\u00e3o \u00e0 m\u00e9dia de uma sequ\u00eancia, o &#8220;afastamento&#8221; em rela\u00e7\u00e3o a essa m\u00e9dia. Esta medida representa a m\u00e9dia das dist\u00e2ncias entre cada elemento da amostra e seu valor m\u00e9dio.\u00a0Vejamos um exemplo no v\u00eddeo \u00e0 seguir.<\/p>\n<div style=\"width: 1280px;\" class=\"wp-video\"><video class=\"wp-video-shortcode\" id=\"video-244-1\" width=\"1280\" height=\"720\" preload=\"metadata\" controls=\"controls\"><source type=\"video\/mp4\" src=\"https:\/\/wp.ufpel.edu.br\/planilhasgoogle\/files\/2020\/07\/desvio_medio.mp4?_=1\" \/><a href=\"https:\/\/wp.ufpel.edu.br\/planilhasgoogle\/files\/2020\/07\/desvio_medio.mp4\">https:\/\/wp.ufpel.edu.br\/planilhasgoogle\/files\/2020\/07\/desvio_medio.mp4<\/a><\/video><\/div>\n<h3>Desvio Padr\u00e3o<\/h3>\n<p>Como observado na se\u00e7\u00e3o anterior, segue as fun\u00e7\u00f5es para c\u00e1lculo de desvio padr\u00e3o:<\/p>\n<h4>DESVPAD<\/h4>\n<p><b>F\u00f3rmula:<\/b>\u00a0DESVPAD(valor1; valor2) |\u00a0<b>Descri\u00e7\u00e3o:<\/b>\u00a0Calcula uma estimativa de desvio padr\u00e3o com base em uma amostra.<\/p>\n<h4>DESVPADA<\/h4>\n<p><b>F\u00f3rmula:<\/b>\u00a0DESVPADA(valor1; valor2) |\u00a0<b>Descri\u00e7\u00e3o:<\/b>\u00a0Calcula uma estimativa de desvio padr\u00e3o com base em uma amostra, definindo o texto com o valor &#8220;0&#8221;.<\/p>\n<h4>DESVPADP<\/h4>\n<p><b>F\u00f3rmula:<\/b>\u00a0DESVPADP(valor1; valor2) |\u00a0<b>Descri\u00e7\u00e3o:<\/b>\u00a0Calcula uma estimativa de desvio padr\u00e3o com base em uma popula\u00e7\u00e3o inteira.<\/p>\n<h4>DESVPADPA<\/h4>\n<p><b>F\u00f3rmula:<\/b>\u00a0DESVPADPA(valor1; valor2) |\u00a0<b>Descri\u00e7\u00e3o:<\/b>\u00a0Calcula uma estimativa de desvio padr\u00e3o com base em uma popula\u00e7\u00e3o inteira, definindo o texto com o valor &#8220;0&#8221;.<\/p>\n<p>O desvio padr\u00e3o \u00e9\u00a0um par\u00e2metro muito usado em estat\u00edstica que indica o grau de varia\u00e7\u00e3o de um conjunto de elementos. Exemplificando. Se medirmos a temperatura m\u00e1xima durante tr\u00eas dias em uma cidade e obtivermos os seguintes valores, 28\u00ba, 29\u00ba e 30\u00ba, podemos dizer que a m\u00e9dia desses tr\u00eas dias foi 29\u00ba. Em outra cidade, as temperaturas m\u00e1ximas nesses mesmos dias podem ter sido 22\u00ba, 29\u00ba e 35\u00ba. No segundo caso, a m\u00e9dia dos tr\u00eas dias tamb\u00e9m foi 29\u00ba. As m\u00e9dias t\u00eam o mesmo valor, mas os moradores da primeira cidade viveram tr\u00eas dias de calor, enquanto os da segunda tiveram dois dias de calor e um de frio. Para diferenciar uma m\u00e9dia da outra, foi criada a no\u00e7\u00e3o de desvio padr\u00e3o, que serve para dizer o quanto os valores dos quais se extraiu a m\u00e9dia s\u00e3o pr\u00f3ximos ou distantes da pr\u00f3pria m\u00e9dia. No exemplo acima, o desvio padr\u00e3o da segunda cidade \u00e9 muito maior que o da primeira. Uma das aplica\u00e7\u00f5es mais comuns do desvio padr\u00e3o \u00e9 para c\u00e1lculo da classifica\u00e7\u00e3o no vestibular. Se dois candidatos ao mesmo curso tiram nota 7 em provas diferentes, o peso desse resultado vai depender do desvio padr\u00e3o de cada exame. Digamos que a m\u00e9dia das notas nas duas provas tenha sido 5. Aquele que obteve 7 na prova cujo desvio padr\u00e3o foi menor, ser\u00e1 mais considerado porque signifca que ele conseguiu um 7 em um exame em que quase todo mundo ficou pr\u00f3ximo a 5. Enquanto o outro conquistou um 7 em uma prova onde muitos outros tamb\u00e9m tiraram notas altas.<\/p>\n<div style=\"width: 1280px;\" class=\"wp-video\"><video class=\"wp-video-shortcode\" id=\"video-244-2\" width=\"1280\" height=\"720\" preload=\"metadata\" controls=\"controls\"><source type=\"video\/mp4\" src=\"https:\/\/wp.ufpel.edu.br\/planilhasgoogle\/files\/2020\/07\/desvio_padrao.mp4?_=2\" \/><a href=\"https:\/\/wp.ufpel.edu.br\/planilhasgoogle\/files\/2020\/07\/desvio_padrao.mp4\">https:\/\/wp.ufpel.edu.br\/planilhasgoogle\/files\/2020\/07\/desvio_padrao.mp4<\/a><\/video><\/div>\n<h3>Varia\u00e7\u00e3o<\/h3>\n<p>Como observado na se\u00e7\u00e3o anterior, segue as fun\u00e7\u00f5es para c\u00e1lculo de valor m\u00ednimo:<\/p>\n<h4>VAR<\/h4>\n<p><b>F\u00f3rmula:<\/b>\u00a0VAR(valor1; valor2) |\u00a0<b>Descri\u00e7\u00e3o:<\/b>\u00a0Calcula uma estimativa da varia\u00e7\u00e3o com base em uma amostra.<\/p>\n<h4>VARA<\/h4>\n<p><b>F\u00f3rmula:<\/b>\u00a0VARA(valor1; valor2) |\u00a0<b>Descri\u00e7\u00e3o:<\/b>\u00a0Calcula uma estimativa da varia\u00e7\u00e3o com base em uma amostra, definindo o texto com o valor &#8220;0&#8221;.<\/p>\n<p>O coeficiente de varia\u00e7\u00e3o \u00e9 usado para analisar a dispers\u00e3o em termos relativos a seu valor m\u00e9dio quando duas ou mais s\u00e9ries de valores apresentam unidades de medida diferentes. Dessa forma, podemos dizer que o coeficiente de varia\u00e7\u00e3o \u00e9 uma forma de expressar a variabilidade dos dados excluindo a influ\u00eancia da ordem de grandeza da vari\u00e1vel.<\/p>\n<div style=\"width: 1280px;\" class=\"wp-video\"><video class=\"wp-video-shortcode\" id=\"video-244-3\" width=\"1280\" height=\"720\" preload=\"metadata\" controls=\"controls\"><source type=\"video\/mp4\" src=\"https:\/\/wp.ufpel.edu.br\/planilhasgoogle\/files\/2020\/07\/variacoes.mp4?_=3\" \/><a href=\"https:\/\/wp.ufpel.edu.br\/planilhasgoogle\/files\/2020\/07\/variacoes.mp4\">https:\/\/wp.ufpel.edu.br\/planilhasgoogle\/files\/2020\/07\/variacoes.mp4<\/a><\/video><\/div>\n<\/div>\n<\/div>\n","protected":false},"excerpt":{"rendered":"<p>\u00a0 \u00a0 O texto abaixo foi retirado do site:\u00a0https:\/\/pt.surveymonkey.com\/mp\/sample-size\/\u00a0a leitura \u00e9 fundamental para quem deseja entender um pouco da teoria e da import\u00e2ncia sobre as fun\u00e7\u00f5es que analisaremos nesta se\u00e7\u00e3o. Ao se perguntar &#8220;De quantos respondentes preciso?&#8221;, o que voc\u00ea quer dizer \u00e9 &#8220;Qual deve ser o tamanho da minha amostra para que eu possa [&hellip;]<\/p>\n","protected":false},"author":667,"featured_media":0,"parent":93,"menu_order":2,"comment_status":"closed","ping_status":"closed","template":"","meta":{"jetpack_post_was_ever_published":false,"footnotes":""},"class_list":["post-244","page","type-page","status-publish","hentry"],"jetpack_sharing_enabled":true,"_links":{"self":[{"href":"https:\/\/wp.ufpel.edu.br\/planilhasgoogle\/wp-json\/wp\/v2\/pages\/244","targetHints":{"allow":["GET"]}}],"collection":[{"href":"https:\/\/wp.ufpel.edu.br\/planilhasgoogle\/wp-json\/wp\/v2\/pages"}],"about":[{"href":"https:\/\/wp.ufpel.edu.br\/planilhasgoogle\/wp-json\/wp\/v2\/types\/page"}],"author":[{"embeddable":true,"href":"https:\/\/wp.ufpel.edu.br\/planilhasgoogle\/wp-json\/wp\/v2\/users\/667"}],"replies":[{"embeddable":true,"href":"https:\/\/wp.ufpel.edu.br\/planilhasgoogle\/wp-json\/wp\/v2\/comments?post=244"}],"version-history":[{"count":1,"href":"https:\/\/wp.ufpel.edu.br\/planilhasgoogle\/wp-json\/wp\/v2\/pages\/244\/revisions"}],"predecessor-version":[{"id":249,"href":"https:\/\/wp.ufpel.edu.br\/planilhasgoogle\/wp-json\/wp\/v2\/pages\/244\/revisions\/249"}],"up":[{"embeddable":true,"href":"https:\/\/wp.ufpel.edu.br\/planilhasgoogle\/wp-json\/wp\/v2\/pages\/93"}],"wp:attachment":[{"href":"https:\/\/wp.ufpel.edu.br\/planilhasgoogle\/wp-json\/wp\/v2\/media?parent=244"}],"curies":[{"name":"wp","href":"https:\/\/api.w.org\/{rel}","templated":true}]}}