{"id":168,"date":"2020-07-05T18:24:26","date_gmt":"2020-07-05T21:24:26","guid":{"rendered":"https:\/\/wp.ufpel.edu.br\/planilhasgoogle\/?page_id=168"},"modified":"2020-07-05T18:24:26","modified_gmt":"2020-07-05T21:24:26","slug":"atividades-de-fixacao","status":"publish","type":"page","link":"https:\/\/wp.ufpel.edu.br\/planilhasgoogle\/modulo-basico\/aula-3-funcoes-com-data-e-hora\/atividades-de-fixacao\/","title":{"rendered":"Atividades de Fixa\u00e7\u00e3o"},"content":{"rendered":"<div class=\"box generalbox center clearfix\">\n<div class=\"no-overflow\">\n<h3>Propostas para praticar:<\/h3>\n<ul>\n<li>Crie um calend\u00e1rio semelhante ao observado na sess\u00e3o\u00a0Uso Pr\u00e1tico;<\/li>\n<li>Informe ao lado do dia do m\u00eas o n\u00famero da semana vigente;<\/li>\n<li>Adicione em algum lugar da tabela um espa\u00e7o para uma data inicial;<\/li>\n<li>Adicione em algum lugar da tabela um espa\u00e7o para uma data final;<\/li>\n<li><span class=\" default-formula-text-color\" dir=\"auto\">Fa\u00e7a o c\u00e1lculo de dias \u00fateis entre estas datas;<\/span><\/li>\n<li><span class=\" default-formula-text-color\" dir=\"auto\">Fa\u00e7a o c\u00e1lculo de dias \u00fateis com feriados entre estas datas;<\/span><\/li>\n<li><span class=\" default-formula-text-color\" dir=\"auto\">Fa\u00e7a a convers\u00e3o de data para dias;<\/span><\/li>\n<\/ul>\n<\/div>\n<\/div>\n","protected":false},"excerpt":{"rendered":"<p>Propostas para praticar: Crie um calend\u00e1rio semelhante ao observado na sess\u00e3o\u00a0Uso Pr\u00e1tico; Informe ao lado do dia do m\u00eas o n\u00famero da semana vigente; Adicione em algum lugar da tabela um espa\u00e7o para uma data inicial; Adicione em algum lugar da tabela um espa\u00e7o para uma data final; Fa\u00e7a o c\u00e1lculo de dias \u00fateis entre [&hellip;]<\/p>\n","protected":false},"author":667,"featured_media":0,"parent":84,"menu_order":3,"comment_status":"closed","ping_status":"closed","template":"","meta":{"jetpack_post_was_ever_published":false,"footnotes":""},"class_list":["post-168","page","type-page","status-publish","hentry"],"jetpack_sharing_enabled":true,"_links":{"self":[{"href":"https:\/\/wp.ufpel.edu.br\/planilhasgoogle\/wp-json\/wp\/v2\/pages\/168","targetHints":{"allow":["GET"]}}],"collection":[{"href":"https:\/\/wp.ufpel.edu.br\/planilhasgoogle\/wp-json\/wp\/v2\/pages"}],"about":[{"href":"https:\/\/wp.ufpel.edu.br\/planilhasgoogle\/wp-json\/wp\/v2\/types\/page"}],"author":[{"embeddable":true,"href":"https:\/\/wp.ufpel.edu.br\/planilhasgoogle\/wp-json\/wp\/v2\/users\/667"}],"replies":[{"embeddable":true,"href":"https:\/\/wp.ufpel.edu.br\/planilhasgoogle\/wp-json\/wp\/v2\/comments?post=168"}],"version-history":[{"count":1,"href":"https:\/\/wp.ufpel.edu.br\/planilhasgoogle\/wp-json\/wp\/v2\/pages\/168\/revisions"}],"predecessor-version":[{"id":170,"href":"https:\/\/wp.ufpel.edu.br\/planilhasgoogle\/wp-json\/wp\/v2\/pages\/168\/revisions\/170"}],"up":[{"embeddable":true,"href":"https:\/\/wp.ufpel.edu.br\/planilhasgoogle\/wp-json\/wp\/v2\/pages\/84"}],"wp:attachment":[{"href":"https:\/\/wp.ufpel.edu.br\/planilhasgoogle\/wp-json\/wp\/v2\/media?parent=168"}],"curies":[{"name":"wp","href":"https:\/\/api.w.org\/{rel}","templated":true}]}}