{"id":149,"date":"2020-07-05T18:20:10","date_gmt":"2020-07-05T21:20:10","guid":{"rendered":"https:\/\/wp.ufpel.edu.br\/planilhasgoogle\/?page_id=149"},"modified":"2020-07-05T18:20:10","modified_gmt":"2020-07-05T21:20:10","slug":"atividades-de-fixacao","status":"publish","type":"page","link":"https:\/\/wp.ufpel.edu.br\/planilhasgoogle\/modulo-basico\/aula-2-operacoes-matematicas\/atividades-de-fixacao\/","title":{"rendered":"Atividades de Fixa\u00e7\u00e3o"},"content":{"rendered":"<div class=\"box generalbox center clearfix\">\n<div class=\"no-overflow\">\n<h3>Propostas para praticar:<\/h3>\n<ul>\n<li>Abra o link:\u00a0<a href=\"http:\/\/ti.saude.rs.gov.br\/covid19\/\">http:\/\/ti.saude.rs.gov.br\/covid19\/<\/a>;<\/li>\n<li>Obtenha em Excel os dados do indicador\u00a0<strong>Resumos<\/strong>\u00a0e aba\u00a0<strong>Regi\u00f5es de Sa\u00fade COVID19<\/strong>;<\/li>\n<li>Fa\u00e7a a importa\u00e7\u00e3o dos dados conforme observado na Aula 1;<\/li>\n<li>Descubra a f\u00f3rmula da Letalidade aparente;<\/li>\n<li>Atrav\u00e9s dos dados obtidos tente encontrar a f\u00f3rmula necess\u00e1ria para estimar a popula\u00e7\u00e3o total destas regi\u00f5es baseando-se nas taxas de (incid\u00eancia e mortalidade) \/100 mil habitantes.<\/li>\n<\/ul>\n<p>.<\/p>\n<p>.<\/p>\n<p>.<\/p>\n<p>.<\/p>\n<p>Caso n\u00e3o tenha conseguido, segue uma dica para se resolver o problema acima:<\/p>\n<p>Se a taxa de incid\u00eancia \u00e9 para cada 100 mil habitantes, significa que o valor nos campos de incid\u00eancia e mortalidade est\u00e3o em uma propor\u00e7\u00e3o do total de casos em uma rela\u00e7\u00e3o de 100000, no caso, poder\u00edamos fazer uma regra de tr\u00eas, se total de casos tem X pessoas, incid\u00eancia tem 100.000.<br \/>\nVejamos um exemplo pr\u00e1tico com os valores da cidade de Porto Alegre,<\/p>\n<table id=\"dataTableMunicipio\" class=\"table table-bordered stripe order-column dataTable no-footer\" role=\"grid\" cellspacing=\"0\" aria-describedby=\"dataTableMunicipio_info\">\n<tbody>\n<tr class=\"even\" role=\"row\">\n<td>Porto Alegre<\/td>\n<td class=\"sorting_1\" data-order=\"1139\">1.139<small><br \/>\n<\/small><\/td>\n<td data-order=\"76.763867200532\">76,8<\/td>\n<\/tr>\n<\/tbody>\n<\/table>\n<p>Foram detectados 1139 casos de COVID 19 com uma incid\u00eancia de 76,8 casos para cada 100 mil habitantes.<br \/>\nEnt\u00e3o a f\u00f3rmula ficaria:\u00a0(1139 \/ 76,8) * 100000 =\u00a0 1.483.072 pessoas estimadas.<\/p>\n<p>ex. Pelotas:<\/p>\n<table id=\"dataTableMunicipio\" class=\"table table-bordered stripe order-column dataTable no-footer\" role=\"grid\" cellspacing=\"0\" aria-describedby=\"dataTableMunicipio_info\">\n<tbody>\n<tr class=\"even\" role=\"row\">\n<td>Pelotas<\/td>\n<td class=\"sorting_1\" data-order=\"116\">116<small><br \/>\n<\/small><\/td>\n<td data-order=\"33.878009958967\">33,9<\/td>\n<\/tr>\n<\/tbody>\n<\/table>\n<p>Foram detectados 116 casos de COVID 19 com uma incid\u00eancia de 33,9 casos para cada 100 mil habitantes.<br \/>\nEnt\u00e3o a f\u00f3rmula ficaria:\u00a0(116 \/ 33,9) * 100000 =\u00a0 342.182 pessoas estimadas. Note que poderia ser escrito tamb\u00e9m:<\/p>\n<p>= 116*100000 \/ 33,9 = 342.182 pessoas aproximadamente<\/p>\n<\/div>\n<\/div>\n","protected":false},"excerpt":{"rendered":"<p>Propostas para praticar: Abra o link:\u00a0http:\/\/ti.saude.rs.gov.br\/covid19\/; Obtenha em Excel os dados do indicador\u00a0Resumos\u00a0e aba\u00a0Regi\u00f5es de Sa\u00fade COVID19; Fa\u00e7a a importa\u00e7\u00e3o dos dados conforme observado na Aula 1; Descubra a f\u00f3rmula da Letalidade aparente; Atrav\u00e9s dos dados obtidos tente encontrar a f\u00f3rmula necess\u00e1ria para estimar a popula\u00e7\u00e3o total destas regi\u00f5es baseando-se nas taxas de (incid\u00eancia e [&hellip;]<\/p>\n","protected":false},"author":667,"featured_media":0,"parent":80,"menu_order":3,"comment_status":"closed","ping_status":"closed","template":"","meta":{"jetpack_post_was_ever_published":false,"footnotes":""},"class_list":["post-149","page","type-page","status-publish","hentry"],"jetpack_sharing_enabled":true,"_links":{"self":[{"href":"https:\/\/wp.ufpel.edu.br\/planilhasgoogle\/wp-json\/wp\/v2\/pages\/149","targetHints":{"allow":["GET"]}}],"collection":[{"href":"https:\/\/wp.ufpel.edu.br\/planilhasgoogle\/wp-json\/wp\/v2\/pages"}],"about":[{"href":"https:\/\/wp.ufpel.edu.br\/planilhasgoogle\/wp-json\/wp\/v2\/types\/page"}],"author":[{"embeddable":true,"href":"https:\/\/wp.ufpel.edu.br\/planilhasgoogle\/wp-json\/wp\/v2\/users\/667"}],"replies":[{"embeddable":true,"href":"https:\/\/wp.ufpel.edu.br\/planilhasgoogle\/wp-json\/wp\/v2\/comments?post=149"}],"version-history":[{"count":1,"href":"https:\/\/wp.ufpel.edu.br\/planilhasgoogle\/wp-json\/wp\/v2\/pages\/149\/revisions"}],"predecessor-version":[{"id":151,"href":"https:\/\/wp.ufpel.edu.br\/planilhasgoogle\/wp-json\/wp\/v2\/pages\/149\/revisions\/151"}],"up":[{"embeddable":true,"href":"https:\/\/wp.ufpel.edu.br\/planilhasgoogle\/wp-json\/wp\/v2\/pages\/80"}],"wp:attachment":[{"href":"https:\/\/wp.ufpel.edu.br\/planilhasgoogle\/wp-json\/wp\/v2\/media?parent=149"}],"curies":[{"name":"wp","href":"https:\/\/api.w.org\/{rel}","templated":true}]}}