{"id":145,"date":"2020-07-05T18:19:36","date_gmt":"2020-07-05T21:19:36","guid":{"rendered":"https:\/\/wp.ufpel.edu.br\/planilhasgoogle\/?page_id=145"},"modified":"2020-07-05T18:19:36","modified_gmt":"2020-07-05T21:19:36","slug":"regras-e-ordens","status":"publish","type":"page","link":"https:\/\/wp.ufpel.edu.br\/planilhasgoogle\/modulo-basico\/aula-2-operacoes-matematicas\/regras-e-ordens\/","title":{"rendered":"Regras e Ordens"},"content":{"rendered":"<div class=\"box generalbox center clearfix\">\n<div class=\"no-overflow\">\n<h3>Regras<\/h3>\n<p>As regras conhecidas nos c\u00e1lculos matem\u00e1ticos tamb\u00e9m s\u00e3o aplicados nas planilhas eletr\u00f4nicas, tais como operadores de maior prioridade como * (multiplica\u00e7\u00e3o) e \/ (divis\u00e3o) em rela\u00e7\u00e3o a + (soma) e &#8211; (subtra\u00e7\u00e3o) tamb\u00e9m s\u00e3o aplicados, assim como a quest\u00e3o de uso de () (parenteses) para atribuir a ordem de prioridade sobre opera\u00e7\u00f5es mais fracas. Vejamos no v\u00eddeo abaixo esta aplica\u00e7\u00e3o.<\/p>\n<div style=\"width: 1280px;\" class=\"wp-video\"><video class=\"wp-video-shortcode\" id=\"video-145-1\" width=\"1280\" height=\"720\" preload=\"metadata\" controls=\"controls\"><source type=\"video\/mp4\" src=\"https:\/\/wp.ufpel.edu.br\/planilhasgoogle\/files\/2020\/07\/regras_matematicas.mp4?_=1\" \/><a href=\"https:\/\/wp.ufpel.edu.br\/planilhasgoogle\/files\/2020\/07\/regras_matematicas.mp4\">https:\/\/wp.ufpel.edu.br\/planilhasgoogle\/files\/2020\/07\/regras_matematicas.mp4<\/a><\/video><\/div>\n<p><strong>exemplos:<\/strong><br \/>\n5+5*5 = 5+25 = 30<br \/>\n(5+5)*5 = (10)*5 = 50<br \/>\n5*10\/2 = 25<br \/>\n(10\/2)+(10*3)*5 = (5)+(30)*5 = (5)+150 = 155<br \/>\n((100+10)+5)*4 = (110+5)*4 = 115*4 = 460<\/p>\n<p>Ordem<\/p>\n<p>Al\u00e9m da quest\u00e3o das regras dos operadores devemos tamb\u00e9m perceber a l\u00f3gica da ordem que \u00e9 muito simples, quando os operadores competem em rela\u00e7\u00e3o a regra devemos fazer os c\u00e1lculos da esquerda para a direita, isso serve mais precisamente para c\u00e1lculos de fun\u00e7\u00f5es observadas no item anterior, mas para n\u00e3o errar na prioridade n\u00e3o esque\u00e7a de colocar os parenteses para especificar a ordem desejada nas opera\u00e7\u00f5es.<\/p>\n<\/div>\n<\/div>\n","protected":false},"excerpt":{"rendered":"<p>Regras As regras conhecidas nos c\u00e1lculos matem\u00e1ticos tamb\u00e9m s\u00e3o aplicados nas planilhas eletr\u00f4nicas, tais como operadores de maior prioridade como * (multiplica\u00e7\u00e3o) e \/ (divis\u00e3o) em rela\u00e7\u00e3o a + (soma) e &#8211; (subtra\u00e7\u00e3o) tamb\u00e9m s\u00e3o aplicados, assim como a quest\u00e3o de uso de () (parenteses) para atribuir a ordem de prioridade sobre opera\u00e7\u00f5es mais fracas. [&hellip;]<\/p>\n","protected":false},"author":667,"featured_media":0,"parent":80,"menu_order":2,"comment_status":"closed","ping_status":"closed","template":"","meta":{"jetpack_post_was_ever_published":false,"footnotes":""},"class_list":["post-145","page","type-page","status-publish","hentry"],"jetpack_sharing_enabled":true,"_links":{"self":[{"href":"https:\/\/wp.ufpel.edu.br\/planilhasgoogle\/wp-json\/wp\/v2\/pages\/145","targetHints":{"allow":["GET"]}}],"collection":[{"href":"https:\/\/wp.ufpel.edu.br\/planilhasgoogle\/wp-json\/wp\/v2\/pages"}],"about":[{"href":"https:\/\/wp.ufpel.edu.br\/planilhasgoogle\/wp-json\/wp\/v2\/types\/page"}],"author":[{"embeddable":true,"href":"https:\/\/wp.ufpel.edu.br\/planilhasgoogle\/wp-json\/wp\/v2\/users\/667"}],"replies":[{"embeddable":true,"href":"https:\/\/wp.ufpel.edu.br\/planilhasgoogle\/wp-json\/wp\/v2\/comments?post=145"}],"version-history":[{"count":1,"href":"https:\/\/wp.ufpel.edu.br\/planilhasgoogle\/wp-json\/wp\/v2\/pages\/145\/revisions"}],"predecessor-version":[{"id":148,"href":"https:\/\/wp.ufpel.edu.br\/planilhasgoogle\/wp-json\/wp\/v2\/pages\/145\/revisions\/148"}],"up":[{"embeddable":true,"href":"https:\/\/wp.ufpel.edu.br\/planilhasgoogle\/wp-json\/wp\/v2\/pages\/80"}],"wp:attachment":[{"href":"https:\/\/wp.ufpel.edu.br\/planilhasgoogle\/wp-json\/wp\/v2\/media?parent=145"}],"curies":[{"name":"wp","href":"https:\/\/api.w.org\/{rel}","templated":true}]}}