{"id":102,"date":"2020-07-05T18:09:29","date_gmt":"2020-07-05T21:09:29","guid":{"rendered":"https:\/\/wp.ufpel.edu.br\/planilhasgoogle\/?page_id=102"},"modified":"2020-07-05T18:09:43","modified_gmt":"2020-07-05T21:09:43","slug":"como-acessar","status":"publish","type":"page","link":"https:\/\/wp.ufpel.edu.br\/planilhasgoogle\/modulo-basico\/aula-1-introducao-aos-principais-recursos\/como-acessar\/","title":{"rendered":"Como acessar"},"content":{"rendered":"<div class=\"box generalbox center clearfix\">\n<div class=\"no-overflow\">\n<p>\u00a0 \u00a0 Os v\u00eddeos que ser\u00e3o exibidos neste curso ser\u00e3o feitos com a vers\u00e3o gratuita das Planilhas do Google e em Portugu\u00eas Brasil, algumas funcionalidades, bot\u00f5es de atalho e nome dos itens s\u00e3o diferentes dependendo do Idioma e da vers\u00e3o. Embora a aplica\u00e7\u00e3o funcione em qualquer navegador atual, recomendamos o uso do Google Chrome para uma total compatibilidade com os recursos exemplificados neste curso.<\/p>\n<h3>Acessando as Planilhas do Google<\/h3>\n<p>Passo 1: Acesse o site google.com;<br \/>\nPasso 2: Fa\u00e7a login com a sua conta clicando no item ao lado do Menu &#8220;Google Apps&#8221;;<br \/>\nPasso 3: Clique no Menu &#8220;Google Apps&#8221; e selecione o item Planilhas;<\/p>\n<p>Se for o seu primeiro acesso, provavelmente mostrar\u00e1 uma tela de Bem-vindo com a possibilidade de se fazer um pequeno tour pelo programa, o v\u00eddeo abaixo cont\u00e9m os passos descrito acima e o tour.<\/p>\n<p>\u00c9 poss\u00edvel tamb\u00e9m selecionar uma planilha que est\u00e1 em seu Google Drive, seja atrav\u00e9s de uma pasta em espec\u00edfico ou do campo de pesquisa no topo da aplica\u00e7\u00e3o.<\/p>\n<div style=\"width: 1280px;\" class=\"wp-video\"><video class=\"wp-video-shortcode\" id=\"video-102-1\" width=\"1280\" height=\"720\" preload=\"metadata\" controls=\"controls\"><source type=\"video\/mp4\" src=\"https:\/\/wp.ufpel.edu.br\/planilhasgoogle\/files\/2020\/07\/acessando_a_planilha_do_google.mp4?_=1\" \/><a href=\"https:\/\/wp.ufpel.edu.br\/planilhasgoogle\/files\/2020\/07\/acessando_a_planilha_do_google.mp4\">https:\/\/wp.ufpel.edu.br\/planilhasgoogle\/files\/2020\/07\/acessando_a_planilha_do_google.mp4<\/a><\/video><\/div>\n<p>&nbsp;<\/p>\n<h3>Acessando as Planilhas do Google<\/h3>\n<p>Ao acessar a tela da aplica\u00e7\u00e3o \u00e9 poss\u00edvel a cria\u00e7\u00e3o de um arquivo novo de duas formas, &#8220;Em branco&#8221; ou \u00e0 partir de um modelo indicado na p\u00e1gina, s\u00e3o in\u00fameras op\u00e7\u00f5es de modelos que v\u00e3o de planilhas de exemplo de or\u00e7amento at\u00e9 controle de frequ\u00eancia e notas de alunos, explore as categorias para que voc\u00ea n\u00e3o precise refazer a roda.<\/p>\n<div style=\"width: 1280px;\" class=\"wp-video\"><video class=\"wp-video-shortcode\" id=\"video-102-2\" width=\"1280\" height=\"720\" preload=\"metadata\" controls=\"controls\"><source type=\"video\/mp4\" src=\"https:\/\/wp.ufpel.edu.br\/planilhasgoogle\/files\/2020\/07\/criando_a_sua_primeira_planilha.mp4?_=2\" \/><a href=\"https:\/\/wp.ufpel.edu.br\/planilhasgoogle\/files\/2020\/07\/criando_a_sua_primeira_planilha.mp4\">https:\/\/wp.ufpel.edu.br\/planilhasgoogle\/files\/2020\/07\/criando_a_sua_primeira_planilha.mp4<\/a><\/video><\/div>\n<h3>Menus e Tabelas<\/h3>\n<p>Ao acessar a tela da aplica\u00e7\u00e3o \u00e9 poss\u00edvel a cria\u00e7\u00e3o de um arquivo novo de duas formas, &#8220;Em branco&#8221; ou \u00e0 partir de um modelo indicado na p\u00e1gina, s\u00e3o in\u00fameras op\u00e7\u00f5es de modelos que v\u00e3o de planilhas de exemplo de or\u00e7amento at\u00e9 controle de frequ\u00eancia e notas de alunos, explore as categorias para que voc\u00ea n\u00e3o precise refazer a roda.<\/p>\n<\/div>\n<\/div>\n","protected":false},"excerpt":{"rendered":"<p>\u00a0 \u00a0 Os v\u00eddeos que ser\u00e3o exibidos neste curso ser\u00e3o feitos com a vers\u00e3o gratuita das Planilhas do Google e em Portugu\u00eas Brasil, algumas funcionalidades, bot\u00f5es de atalho e nome dos itens s\u00e3o diferentes dependendo do Idioma e da vers\u00e3o. Embora a aplica\u00e7\u00e3o funcione em qualquer navegador atual, recomendamos o uso do Google Chrome para [&hellip;]<\/p>\n","protected":false},"author":667,"featured_media":0,"parent":77,"menu_order":1,"comment_status":"closed","ping_status":"closed","template":"","meta":{"jetpack_post_was_ever_published":false,"footnotes":""},"class_list":["post-102","page","type-page","status-publish","hentry"],"jetpack_sharing_enabled":true,"_links":{"self":[{"href":"https:\/\/wp.ufpel.edu.br\/planilhasgoogle\/wp-json\/wp\/v2\/pages\/102","targetHints":{"allow":["GET"]}}],"collection":[{"href":"https:\/\/wp.ufpel.edu.br\/planilhasgoogle\/wp-json\/wp\/v2\/pages"}],"about":[{"href":"https:\/\/wp.ufpel.edu.br\/planilhasgoogle\/wp-json\/wp\/v2\/types\/page"}],"author":[{"embeddable":true,"href":"https:\/\/wp.ufpel.edu.br\/planilhasgoogle\/wp-json\/wp\/v2\/users\/667"}],"replies":[{"embeddable":true,"href":"https:\/\/wp.ufpel.edu.br\/planilhasgoogle\/wp-json\/wp\/v2\/comments?post=102"}],"version-history":[{"count":1,"href":"https:\/\/wp.ufpel.edu.br\/planilhasgoogle\/wp-json\/wp\/v2\/pages\/102\/revisions"}],"predecessor-version":[{"id":106,"href":"https:\/\/wp.ufpel.edu.br\/planilhasgoogle\/wp-json\/wp\/v2\/pages\/102\/revisions\/106"}],"up":[{"embeddable":true,"href":"https:\/\/wp.ufpel.edu.br\/planilhasgoogle\/wp-json\/wp\/v2\/pages\/77"}],"wp:attachment":[{"href":"https:\/\/wp.ufpel.edu.br\/planilhasgoogle\/wp-json\/wp\/v2\/media?parent=102"}],"curies":[{"name":"wp","href":"https:\/\/api.w.org\/{rel}","templated":true}]}}