{"id":997,"date":"2022-05-18T15:35:58","date_gmt":"2022-05-18T18:35:58","guid":{"rendered":"https:\/\/wp.ufpel.edu.br\/planejamentoufpel\/?page_id=997"},"modified":"2022-05-31T11:32:33","modified_gmt":"2022-05-31T14:32:33","slug":"pls","status":"publish","type":"page","link":"https:\/\/wp.ufpel.edu.br\/planejamentoufpel\/pls\/","title":{"rendered":"PLS"},"content":{"rendered":"<p><img class=\"alignnone wp-image-38 aligncenter\" src=\"https:\/\/wp.ufpel.edu.br\/planejamentoufpel\/files\/2022\/05\/Plano-de-Logi\u0301stica-Ambiental-400x97.png\" alt=\"\" width=\"540\" height=\"131\" srcset=\"https:\/\/wp.ufpel.edu.br\/planejamentoufpel\/files\/2022\/05\/Plano-de-Logi\u0301stica-Ambiental-400x97.png 400w, https:\/\/wp.ufpel.edu.br\/planejamentoufpel\/files\/2022\/05\/Plano-de-Logi\u0301stica-Ambiental-1024x248.png 1024w, https:\/\/wp.ufpel.edu.br\/planejamentoufpel\/files\/2022\/05\/Plano-de-Logi\u0301stica-Ambiental-768x186.png 768w, https:\/\/wp.ufpel.edu.br\/planejamentoufpel\/files\/2022\/05\/Plano-de-Logi\u0301stica-Ambiental-1536x373.png 1536w, https:\/\/wp.ufpel.edu.br\/planejamentoufpel\/files\/2022\/05\/Plano-de-Logi\u0301stica-Ambiental.png 1670w\" sizes=\"(max-width: 540px) 100vw, 540px\" \/><\/p>\n<p><span style=\"font-weight: 400;\">Documento que institui a\u00e7\u00f5es gerenciais e define pr\u00e1ticas de racionaliza\u00e7\u00e3o e procedimentos para novos comportamentos e referenciais no uso dos bens naturais. Contempla aspectos como racionaliza\u00e7\u00e3o do uso de material de consumo, efici\u00eancia no uso da energia el\u00e9trica, coleta seletiva de res\u00edduos, qualidade de vida no trabalho, compras e contrata\u00e7\u00f5es sustent\u00e1veis, al\u00e9m de prever medidas de capacita\u00e7\u00e3o e sensibiliza\u00e7\u00e3o.<\/span><\/p>\n<p><a href=\"https:\/\/wp.ufpel.edu.br\/pls\/\">Acesse aqui a p\u00e1gina do PLS.<\/a><\/p>\n","protected":false},"excerpt":{"rendered":"<p>Documento que institui a\u00e7\u00f5es gerenciais e define pr\u00e1ticas de racionaliza\u00e7\u00e3o e procedimentos para novos comportamentos e referenciais no uso dos bens naturais. Contempla aspectos como racionaliza\u00e7\u00e3o do uso de material de consumo, efici\u00eancia no uso da energia el\u00e9trica, coleta seletiva de res\u00edduos, qualidade de vida no trabalho, compras e contrata\u00e7\u00f5es sustent\u00e1veis, al\u00e9m de prever medidas [&hellip;]<\/p>\n","protected":false},"author":1231,"featured_media":0,"parent":0,"menu_order":0,"comment_status":"closed","ping_status":"closed","template":"","meta":{"footnotes":""},"class_list":["post-997","page","type-page","status-publish","hentry"],"_links":{"self":[{"href":"https:\/\/wp.ufpel.edu.br\/planejamentoufpel\/wp-json\/wp\/v2\/pages\/997","targetHints":{"allow":["GET"]}}],"collection":[{"href":"https:\/\/wp.ufpel.edu.br\/planejamentoufpel\/wp-json\/wp\/v2\/pages"}],"about":[{"href":"https:\/\/wp.ufpel.edu.br\/planejamentoufpel\/wp-json\/wp\/v2\/types\/page"}],"author":[{"embeddable":true,"href":"https:\/\/wp.ufpel.edu.br\/planejamentoufpel\/wp-json\/wp\/v2\/users\/1231"}],"replies":[{"embeddable":true,"href":"https:\/\/wp.ufpel.edu.br\/planejamentoufpel\/wp-json\/wp\/v2\/comments?post=997"}],"version-history":[{"count":4,"href":"https:\/\/wp.ufpel.edu.br\/planejamentoufpel\/wp-json\/wp\/v2\/pages\/997\/revisions"}],"predecessor-version":[{"id":1047,"href":"https:\/\/wp.ufpel.edu.br\/planejamentoufpel\/wp-json\/wp\/v2\/pages\/997\/revisions\/1047"}],"wp:attachment":[{"href":"https:\/\/wp.ufpel.edu.br\/planejamentoufpel\/wp-json\/wp\/v2\/media?parent=997"}],"curies":[{"name":"wp","href":"https:\/\/api.w.org\/{rel}","templated":true}]}}