{"id":20,"date":"2022-05-12T10:02:20","date_gmt":"2022-05-12T13:02:20","guid":{"rendered":"https:\/\/wp.ufpel.edu.br\/planejamentoufpel\/?page_id=20"},"modified":"2022-12-16T17:44:24","modified_gmt":"2022-12-16T20:44:24","slug":"documentos-de-planejamento-na-ufpel","status":"publish","type":"page","link":"https:\/\/wp.ufpel.edu.br\/planejamentoufpel\/","title":{"rendered":"Documentos de Planejamento"},"content":{"rendered":"<p><img class=\"alignnone wp-image-24 aligncenter\" src=\"https:\/\/wp.ufpel.edu.br\/planejamentoufpel\/files\/2022\/05\/Vertical-Colorida-original-8-400x188.png\" alt=\"\" width=\"611\" height=\"287\" srcset=\"https:\/\/wp.ufpel.edu.br\/planejamentoufpel\/files\/2022\/05\/Vertical-Colorida-original-8-400x188.png 400w, https:\/\/wp.ufpel.edu.br\/planejamentoufpel\/files\/2022\/05\/Vertical-Colorida-original-8-1024x482.png 1024w, https:\/\/wp.ufpel.edu.br\/planejamentoufpel\/files\/2022\/05\/Vertical-Colorida-original-8-768x362.png 768w, https:\/\/wp.ufpel.edu.br\/planejamentoufpel\/files\/2022\/05\/Vertical-Colorida-original-8.png 1229w\" sizes=\"(max-width: 611px) 100vw, 611px\" \/><\/p>\n<p><span style=\"font-weight: 400;\">A nova marca do Planejamento da UFPel apresenta um conceito de dinamismo, participa\u00e7\u00e3o e converg\u00eancia. Produzida pela Coordena\u00e7\u00e3o de Comunica\u00e7\u00e3o Social da Universidade, atendendo a uma demanda da Coordena\u00e7\u00e3o de Desenvolvimento Institucional Participativo da PROPLAN, o logo apresenta em cunhas <\/span><b>os 7 (sete) documentos de planejamento existentes<\/b><span style=\"font-weight: 400;\">, organizados por cores e com diferen\u00e7as nas bordas, representando as particularidades de cada um deles. A cunha em cinza, cor presente no espectro de todas as outras, retrata a comunidade, a qual se constitui como elemento imprescind\u00edvel na renova\u00e7\u00e3o e\/ou cria\u00e7\u00e3o desses instrumentos de gest\u00e3o, al\u00e9m de tamb\u00e9m representar a abertura para novos documentos que venham a fazer parte desse carrossel. Essa mesma cunha assume maior tamanho porque define a marca em perspectiva. Todas reunidas, com as peculiaridades e disposi\u00e7\u00e3o mostradas acima, simbolizam o dinamismo da rela\u00e7\u00e3o e a converg\u00eancia comum entre os documentos: o desenvolvimento da UFPel.<\/span><\/p>\n<p style=\"text-align: justify;\"><a href=\"https:\/\/wp.ufpel.edu.br\/planejamentoufpel\/files\/2022\/05\/Conceito-Ba\u0301sico-3.pdf\">Saiba mais sobre a marca de Planejamento aqui.<\/a><\/p>\n<p>&nbsp;<\/p>\n<h2 style=\"text-align: center;\"><strong>Acesse a p\u00e1gina de cada documento de Planejamento da UFPel<\/strong><\/h2>\n<table style=\"width: 100%; border-collapse: collapse;\" border=\"0\">\n<tbody>\n<tr>\n<td style=\"width: 9.14754%; text-align: center;\"><\/td>\n<td style=\"width: 76.0111%; text-align: center;\"><a href=\"https:\/\/wp.ufpel.edu.br\/planejamentoufpel\/pdi-vigente-2022-2026\/\"><img class=\"alignleft wp-image-37\" src=\"https:\/\/wp.ufpel.edu.br\/planejamentoufpel\/files\/2022\/05\/Plano-de-desenvolvimento-institucional-400x107.png\" alt=\"\" width=\"536\" height=\"143\" srcset=\"https:\/\/wp.ufpel.edu.br\/planejamentoufpel\/files\/2022\/05\/Plano-de-desenvolvimento-institucional-400x107.png 400w, https:\/\/wp.ufpel.edu.br\/planejamentoufpel\/files\/2022\/05\/Plano-de-desenvolvimento-institucional-1024x273.png 1024w, https:\/\/wp.ufpel.edu.br\/planejamentoufpel\/files\/2022\/05\/Plano-de-desenvolvimento-institucional-768x204.png 768w, https:\/\/wp.ufpel.edu.br\/planejamentoufpel\/files\/2022\/05\/Plano-de-desenvolvimento-institucional.png 1521w\" sizes=\"(max-width: 536px) 100vw, 536px\" \/><\/a><\/td>\n<td style=\"width: 6.40987%;\"><\/td>\n<\/tr>\n<tr>\n<td style=\"width: 9.14754%;\"><\/td>\n<td style=\"width: 76.0111%;\"><a href=\"https:\/\/wp.ufpel.edu.br\/planejamentoufpel\/plano-de-desenvolvimento-de-unidades-pdu\/\"><img class=\"alignleft wp-image-36\" src=\"https:\/\/wp.ufpel.edu.br\/planejamentoufpel\/files\/2022\/05\/plano-de-desenvolvimento-das-unidades-400x106.png\" alt=\"\" width=\"551\" height=\"146\" srcset=\"https:\/\/wp.ufpel.edu.br\/planejamentoufpel\/files\/2022\/05\/plano-de-desenvolvimento-das-unidades-400x106.png 400w, https:\/\/wp.ufpel.edu.br\/planejamentoufpel\/files\/2022\/05\/plano-de-desenvolvimento-das-unidades-1024x271.png 1024w, https:\/\/wp.ufpel.edu.br\/planejamentoufpel\/files\/2022\/05\/plano-de-desenvolvimento-das-unidades-768x203.png 768w, https:\/\/wp.ufpel.edu.br\/planejamentoufpel\/files\/2022\/05\/plano-de-desenvolvimento-das-unidades.png 1533w\" sizes=\"(max-width: 551px) 100vw, 551px\" \/><\/a><\/td>\n<td style=\"width: 6.40987%;\"><\/td>\n<\/tr>\n<tr>\n<td style=\"width: 9.14754%;\"><\/td>\n<td style=\"width: 76.0111%;\"><a href=\"https:\/\/wp.ufpel.edu.br\/ppi\/\"><img class=\"alignnone wp-image-41\" src=\"https:\/\/wp.ufpel.edu.br\/planejamentoufpel\/files\/2022\/05\/Projeto-Pedago\u0301gico-Institucional-400x91.png\" alt=\"\" width=\"600\" height=\"137\" srcset=\"https:\/\/wp.ufpel.edu.br\/planejamentoufpel\/files\/2022\/05\/Projeto-Pedago\u0301gico-Institucional-400x91.png 400w, https:\/\/wp.ufpel.edu.br\/planejamentoufpel\/files\/2022\/05\/Projeto-Pedago\u0301gico-Institucional-1024x234.png 1024w, https:\/\/wp.ufpel.edu.br\/planejamentoufpel\/files\/2022\/05\/Projeto-Pedago\u0301gico-Institucional-768x176.png 768w, https:\/\/wp.ufpel.edu.br\/planejamentoufpel\/files\/2022\/05\/Projeto-Pedago\u0301gico-Institucional-1536x351.png 1536w, https:\/\/wp.ufpel.edu.br\/planejamentoufpel\/files\/2022\/05\/Projeto-Pedago\u0301gico-Institucional.png 1772w\" sizes=\"(max-width: 600px) 100vw, 600px\" \/><\/a><\/td>\n<td style=\"width: 6.40987%;\"><\/td>\n<\/tr>\n<tr>\n<td style=\"width: 9.14754%;\"><\/td>\n<td style=\"width: 76.0111%;\"><a href=\"https:\/\/wp.ufpel.edu.br\/planejamentoufpel\/politica-ambiental\/\"><img class=\"alignnone wp-image-40\" src=\"https:\/\/wp.ufpel.edu.br\/planejamentoufpel\/files\/2022\/05\/Poli\u0301tica-Ambiental-400x135.png\" alt=\"\" width=\"429\" height=\"145\" srcset=\"https:\/\/wp.ufpel.edu.br\/planejamentoufpel\/files\/2022\/05\/Poli\u0301tica-Ambiental-400x135.png 400w, https:\/\/wp.ufpel.edu.br\/planejamentoufpel\/files\/2022\/05\/Poli\u0301tica-Ambiental-1024x347.png 1024w, https:\/\/wp.ufpel.edu.br\/planejamentoufpel\/files\/2022\/05\/Poli\u0301tica-Ambiental-768x260.png 768w, https:\/\/wp.ufpel.edu.br\/planejamentoufpel\/files\/2022\/05\/Poli\u0301tica-Ambiental.png 1196w\" sizes=\"(max-width: 429px) 100vw, 429px\" \/><\/a><\/td>\n<td style=\"width: 6.40987%;\"><\/td>\n<\/tr>\n<tr>\n<td style=\"width: 9.14754%; text-align: center;\"><\/td>\n<td style=\"width: 76.0111%; text-align: center;\"><a href=\"https:\/\/wp.ufpel.edu.br\/planejamentoufpel\/1303-2\/\"><img class=\"alignleft wp-image-39\" src=\"https:\/\/wp.ufpel.edu.br\/planejamentoufpel\/files\/2022\/05\/Plano-Diretor-400x159.png\" alt=\"\" width=\"381\" height=\"151\" srcset=\"https:\/\/wp.ufpel.edu.br\/planejamentoufpel\/files\/2022\/05\/Plano-Diretor-400x159.png 400w, https:\/\/wp.ufpel.edu.br\/planejamentoufpel\/files\/2022\/05\/Plano-Diretor-768x305.png 768w, https:\/\/wp.ufpel.edu.br\/planejamentoufpel\/files\/2022\/05\/Plano-Diretor.png 1019w\" sizes=\"(max-width: 381px) 100vw, 381px\" \/><\/a><\/td>\n<td style=\"width: 6.40987%;\"><\/td>\n<\/tr>\n<tr>\n<td style=\"width: 9.14754%;\"><\/td>\n<td style=\"width: 76.0111%;\"><a href=\"https:\/\/wp.ufpel.edu.br\/pls\/\"><img class=\"alignleft wp-image-38\" src=\"https:\/\/wp.ufpel.edu.br\/planejamentoufpel\/files\/2022\/05\/Plano-de-Logi\u0301stica-Ambiental-400x97.png\" alt=\"\" width=\"600\" height=\"146\" srcset=\"https:\/\/wp.ufpel.edu.br\/planejamentoufpel\/files\/2022\/05\/Plano-de-Logi\u0301stica-Ambiental-400x97.png 400w, https:\/\/wp.ufpel.edu.br\/planejamentoufpel\/files\/2022\/05\/Plano-de-Logi\u0301stica-Ambiental-1024x248.png 1024w, https:\/\/wp.ufpel.edu.br\/planejamentoufpel\/files\/2022\/05\/Plano-de-Logi\u0301stica-Ambiental-768x186.png 768w, https:\/\/wp.ufpel.edu.br\/planejamentoufpel\/files\/2022\/05\/Plano-de-Logi\u0301stica-Ambiental-1536x373.png 1536w, https:\/\/wp.ufpel.edu.br\/planejamentoufpel\/files\/2022\/05\/Plano-de-Logi\u0301stica-Ambiental.png 1670w\" sizes=\"(max-width: 600px) 100vw, 600px\" \/><\/a><\/td>\n<td style=\"width: 6.40987%;\"><\/td>\n<\/tr>\n<tr>\n<td style=\"width: 9.14754%;\"><\/td>\n<td style=\"width: 76.0111%;\"><a href=\"https:\/\/wp.ufpel.edu.br\/planejamentoufpel\/rg\/\"><img class=\"alignleft wp-image-42\" src=\"https:\/\/wp.ufpel.edu.br\/planejamentoufpel\/files\/2022\/05\/Relato\u0301rio-de-Gesta\u0303o-400x133.png\" alt=\"\" width=\"417\" height=\"139\" srcset=\"https:\/\/wp.ufpel.edu.br\/planejamentoufpel\/files\/2022\/05\/Relato\u0301rio-de-Gesta\u0303o-400x133.png 400w, https:\/\/wp.ufpel.edu.br\/planejamentoufpel\/files\/2022\/05\/Relato\u0301rio-de-Gesta\u0303o-1024x340.png 1024w, https:\/\/wp.ufpel.edu.br\/planejamentoufpel\/files\/2022\/05\/Relato\u0301rio-de-Gesta\u0303o-768x255.png 768w, https:\/\/wp.ufpel.edu.br\/planejamentoufpel\/files\/2022\/05\/Relato\u0301rio-de-Gesta\u0303o.png 1218w\" sizes=\"(max-width: 417px) 100vw, 417px\" \/><\/a><\/td>\n<td style=\"width: 6.40987%;\"><\/td>\n<\/tr>\n<tr>\n<td style=\"width: 9.14754%;\"><\/td>\n<td style=\"width: 76.0111%;\"><\/td>\n<td style=\"width: 6.40987%;\"><\/td>\n<\/tr>\n<\/tbody>\n<\/table>\n<p>&nbsp;<\/p>\n<p>&nbsp;<\/p>\n<p>&nbsp;<\/p>\n","protected":false},"excerpt":{"rendered":"<p>A nova marca do Planejamento da UFPel apresenta um conceito de dinamismo, participa\u00e7\u00e3o e converg\u00eancia. Produzida pela Coordena\u00e7\u00e3o de Comunica\u00e7\u00e3o Social da Universidade, atendendo a uma demanda da Coordena\u00e7\u00e3o de Desenvolvimento Institucional Participativo da PROPLAN, o logo apresenta em cunhas os 7 (sete) documentos de planejamento existentes, organizados por cores e com diferen\u00e7as nas bordas, [&hellip;]<\/p>\n","protected":false},"author":1231,"featured_media":0,"parent":0,"menu_order":0,"comment_status":"closed","ping_status":"closed","template":"","meta":{"footnotes":""},"class_list":["post-20","page","type-page","status-publish","hentry"],"_links":{"self":[{"href":"https:\/\/wp.ufpel.edu.br\/planejamentoufpel\/wp-json\/wp\/v2\/pages\/20","targetHints":{"allow":["GET"]}}],"collection":[{"href":"https:\/\/wp.ufpel.edu.br\/planejamentoufpel\/wp-json\/wp\/v2\/pages"}],"about":[{"href":"https:\/\/wp.ufpel.edu.br\/planejamentoufpel\/wp-json\/wp\/v2\/types\/page"}],"author":[{"embeddable":true,"href":"https:\/\/wp.ufpel.edu.br\/planejamentoufpel\/wp-json\/wp\/v2\/users\/1231"}],"replies":[{"embeddable":true,"href":"https:\/\/wp.ufpel.edu.br\/planejamentoufpel\/wp-json\/wp\/v2\/comments?post=20"}],"version-history":[{"count":55,"href":"https:\/\/wp.ufpel.edu.br\/planejamentoufpel\/wp-json\/wp\/v2\/pages\/20\/revisions"}],"predecessor-version":[{"id":1313,"href":"https:\/\/wp.ufpel.edu.br\/planejamentoufpel\/wp-json\/wp\/v2\/pages\/20\/revisions\/1313"}],"wp:attachment":[{"href":"https:\/\/wp.ufpel.edu.br\/planejamentoufpel\/wp-json\/wp\/v2\/media?parent=20"}],"curies":[{"name":"wp","href":"https:\/\/api.w.org\/{rel}","templated":true}]}}