{"id":1484,"date":"2025-07-17T17:24:28","date_gmt":"2025-07-17T20:24:28","guid":{"rendered":"https:\/\/wp.ufpel.edu.br\/planejamentoufpel\/?page_id=1484"},"modified":"2025-07-17T17:29:18","modified_gmt":"2025-07-17T20:29:18","slug":"pdus-administrativos-e-academicos","status":"publish","type":"page","link":"https:\/\/wp.ufpel.edu.br\/planejamentoufpel\/pdus-administrativos-e-academicos\/","title":{"rendered":"PDU&#8217;s &#8211; Administrativos e Acad\u00eamicos"},"content":{"rendered":"<h1 style=\"text-align: center;\"><strong>PDUs T\u00e1ticos (administrativos) &#8211; 3\u00ba Ciclo &#8211; 2025\/2 &#8211; 2027\/1<\/strong><\/h1>\n<p><span style=\"font-size: 14pt;\"><a href=\"https:\/\/wp.ufpel.edu.br\/planejamentoufpel\/files\/2025\/07\/PDU-GR.pdf\">Gabinete da Reitoria (GR)<\/a><\/span><\/p>\n<p><span style=\"font-size: 14pt;\"><a href=\"https:\/\/wp.ufpel.edu.br\/planejamentoufpel\/files\/2025\/07\/PDU-GVR.pdf\">Gabinete da Vice-Reitoria (GVR)<\/a><\/span><\/p>\n<p><span style=\"font-size: 14pt;\"><a href=\"https:\/\/wp.ufpel.edu.br\/planejamentoufpel\/files\/2025\/07\/PDU-PROAFE.pdf\"><span id=\"nomesite\">Pr\u00f3-Reitoria de A\u00e7\u00f5es Afirmativas e Equidade (PROAFE)<\/span><\/a><\/span><\/p>\n<p><span style=\"font-size: 14pt;\"><a href=\"https:\/\/wp.ufpel.edu.br\/planejamentoufpel\/files\/2025\/07\/PDU-PRAE.pdf\">Pr\u00f3-Reitoria de Assuntos Estudantis (PRAE)<\/a><\/span><\/p>\n<p><span style=\"font-size: 14pt;\"><a href=\"https:\/\/wp.ufpel.edu.br\/planejamentoufpel\/files\/2025\/07\/PDU-PRE.pdf\">Pr\u00f3-Reitoria de Ensino (PRE)<\/a><\/span><\/p>\n<p><span style=\"font-size: 14pt;\"><a href=\"https:\/\/wp.ufpel.edu.br\/planejamentoufpel\/files\/2025\/07\/PDU-PREC.pdf\">Pr\u00f3-Reitoria de Extens\u00e3o e Cultura (PREC)<\/a><\/span><\/p>\n<p><span style=\"font-size: 14pt;\"><a href=\"https:\/\/wp.ufpel.edu.br\/planejamentoufpel\/files\/2025\/07\/PDU-PROGEP.pdf\">Pr\u00f3-Reitoria de Gest\u00e3o com Pessoas (PROGEP)<\/a><\/span><\/p>\n<p><span style=\"font-size: 14pt;\"><a href=\"https:\/\/wp.ufpel.edu.br\/planejamentoufpel\/files\/2025\/07\/PDU-PRPPG.pdf\">Pr\u00f3-Reitoria de Pesquisa e P\u00f3s-Gradua\u00e7\u00e3o (PRPPG)<\/a><\/span><\/p>\n<p><span style=\"font-size: 14pt;\"><a href=\"https:\/\/wp.ufpel.edu.br\/planejamentoufpel\/files\/2025\/07\/PDU-PROPLAD.pdf\">Pr\u00f3-Reitoria de Planejamento e Administra\u00e7\u00e3o (PROPLAD)<\/a><\/span><\/p>\n<p>&nbsp;<\/p>\n<p><span style=\"font-size: 14pt;\"><a href=\"https:\/\/wp.ufpel.edu.br\/planejamentoufpel\/files\/2025\/07\/SEI_3126725_Portaria_192.pdf\">Portaria n\u00ba 192 de 26\/06\/2025 (3126725) &#8211; SEI 23110.022480\/2025-84<\/a><\/span><\/p>\n<h1 style=\"text-align: center;\"><strong><br \/>\nPDUs Operacionais (acad\u00eamicos) &#8211; 3\u00ba Ciclo &#8211; 2025\/2 &#8211; 2027\/1<\/strong><\/h1>\n<p>EM BREVE!<\/p>\n<p>&nbsp;<\/p>\n","protected":false},"excerpt":{"rendered":"<p>PDUs T\u00e1ticos (administrativos) &#8211; 3\u00ba Ciclo &#8211; 2025\/2 &#8211; 2027\/1 Gabinete da Reitoria (GR) Gabinete da Vice-Reitoria (GVR) Pr\u00f3-Reitoria de A\u00e7\u00f5es Afirmativas e Equidade (PROAFE) Pr\u00f3-Reitoria de Assuntos Estudantis (PRAE) Pr\u00f3-Reitoria de Ensino (PRE) Pr\u00f3-Reitoria de Extens\u00e3o e Cultura (PREC) Pr\u00f3-Reitoria de Gest\u00e3o com Pessoas (PROGEP) Pr\u00f3-Reitoria de Pesquisa e P\u00f3s-Gradua\u00e7\u00e3o (PRPPG) Pr\u00f3-Reitoria de Planejamento [&hellip;]<\/p>\n","protected":false},"author":1231,"featured_media":0,"parent":0,"menu_order":0,"comment_status":"closed","ping_status":"closed","template":"","meta":{"footnotes":""},"class_list":["post-1484","page","type-page","status-publish","hentry"],"_links":{"self":[{"href":"https:\/\/wp.ufpel.edu.br\/planejamentoufpel\/wp-json\/wp\/v2\/pages\/1484","targetHints":{"allow":["GET"]}}],"collection":[{"href":"https:\/\/wp.ufpel.edu.br\/planejamentoufpel\/wp-json\/wp\/v2\/pages"}],"about":[{"href":"https:\/\/wp.ufpel.edu.br\/planejamentoufpel\/wp-json\/wp\/v2\/types\/page"}],"author":[{"embeddable":true,"href":"https:\/\/wp.ufpel.edu.br\/planejamentoufpel\/wp-json\/wp\/v2\/users\/1231"}],"replies":[{"embeddable":true,"href":"https:\/\/wp.ufpel.edu.br\/planejamentoufpel\/wp-json\/wp\/v2\/comments?post=1484"}],"version-history":[{"count":6,"href":"https:\/\/wp.ufpel.edu.br\/planejamentoufpel\/wp-json\/wp\/v2\/pages\/1484\/revisions"}],"predecessor-version":[{"id":1504,"href":"https:\/\/wp.ufpel.edu.br\/planejamentoufpel\/wp-json\/wp\/v2\/pages\/1484\/revisions\/1504"}],"wp:attachment":[{"href":"https:\/\/wp.ufpel.edu.br\/planejamentoufpel\/wp-json\/wp\/v2\/media?parent=1484"}],"curies":[{"name":"wp","href":"https:\/\/api.w.org\/{rel}","templated":true}]}}