{"id":1427,"date":"2023-12-20T10:52:18","date_gmt":"2023-12-20T13:52:18","guid":{"rendered":"https:\/\/wp.ufpel.edu.br\/planejamentoufpel\/?page_id=1427"},"modified":"2023-12-20T10:54:09","modified_gmt":"2023-12-20T13:54:09","slug":"comunicacao-rg-2022-2023","status":"publish","type":"page","link":"https:\/\/wp.ufpel.edu.br\/planejamentoufpel\/comunicacao-rg-2022-2023\/","title":{"rendered":"Comunica\u00e7\u00e3o RG 2022-2023"},"content":{"rendered":"<h3 style=\"text-align: center;\">Descubra uma maneira leve e r\u00e1pida de conhecer o<\/h3>\n<h3 style=\"text-align: center;\">Relat\u00f3rio de Gest\u00e3o UFPel 2022-2023<\/h3>\n<p><a href=\"https:\/\/wp.ufpel.edu.br\/planejamentoufpel\/files\/2023\/12\/Voce-faz-parte-disso.pdf\"><img class=\"size-medium wp-image-1430 aligncenter\" src=\"https:\/\/wp.ufpel.edu.br\/planejamentoufpel\/files\/2023\/12\/Comunicacao-RG-2022-2023-304x400.png\" alt=\"\" width=\"304\" height=\"400\" srcset=\"https:\/\/wp.ufpel.edu.br\/planejamentoufpel\/files\/2023\/12\/Comunicacao-RG-2022-2023-304x400.png 304w, https:\/\/wp.ufpel.edu.br\/planejamentoufpel\/files\/2023\/12\/Comunicacao-RG-2022-2023.png 439w\" sizes=\"(max-width: 304px) 100vw, 304px\" \/><\/a><\/p>\n<p>&nbsp;<\/p>\n","protected":false},"excerpt":{"rendered":"<p>Descubra uma maneira leve e r\u00e1pida de conhecer o Relat\u00f3rio de Gest\u00e3o UFPel 2022-2023 &nbsp;<\/p>\n","protected":false},"author":1231,"featured_media":0,"parent":0,"menu_order":0,"comment_status":"closed","ping_status":"closed","template":"","meta":{"footnotes":""},"class_list":["post-1427","page","type-page","status-publish","hentry"],"_links":{"self":[{"href":"https:\/\/wp.ufpel.edu.br\/planejamentoufpel\/wp-json\/wp\/v2\/pages\/1427","targetHints":{"allow":["GET"]}}],"collection":[{"href":"https:\/\/wp.ufpel.edu.br\/planejamentoufpel\/wp-json\/wp\/v2\/pages"}],"about":[{"href":"https:\/\/wp.ufpel.edu.br\/planejamentoufpel\/wp-json\/wp\/v2\/types\/page"}],"author":[{"embeddable":true,"href":"https:\/\/wp.ufpel.edu.br\/planejamentoufpel\/wp-json\/wp\/v2\/users\/1231"}],"replies":[{"embeddable":true,"href":"https:\/\/wp.ufpel.edu.br\/planejamentoufpel\/wp-json\/wp\/v2\/comments?post=1427"}],"version-history":[{"count":2,"href":"https:\/\/wp.ufpel.edu.br\/planejamentoufpel\/wp-json\/wp\/v2\/pages\/1427\/revisions"}],"predecessor-version":[{"id":1433,"href":"https:\/\/wp.ufpel.edu.br\/planejamentoufpel\/wp-json\/wp\/v2\/pages\/1427\/revisions\/1433"}],"wp:attachment":[{"href":"https:\/\/wp.ufpel.edu.br\/planejamentoufpel\/wp-json\/wp\/v2\/media?parent=1427"}],"curies":[{"name":"wp","href":"https:\/\/api.w.org\/{rel}","templated":true}]}}