{"id":697,"date":"2019-08-27T11:07:16","date_gmt":"2019-08-27T14:07:16","guid":{"rendered":"https:\/\/wp.ufpel.edu.br\/placeageproject\/?page_id=697"},"modified":"2019-10-20T16:26:49","modified_gmt":"2019-10-20T19:26:49","slug":"2016-2017-pacote-de-trabalho-1-capturando-o-sentido-do-lugar","status":"publish","type":"page","link":"https:\/\/wp.ufpel.edu.br\/placeageproject\/2016-2017-pacote-de-trabalho-1-capturando-o-sentido-do-lugar\/","title":{"rendered":"2016-2017 Pacote de Trabalho 1 &#8211; Capturando o sentido do lugar"},"content":{"rendered":"<div class=\"innertitle\" style=\"text-align: justify\">\n<p style=\"text-align: center\"><span style=\"font-size: 18pt\">Pacote de Trabalho 1 &#8211; Capturando o sentido do lugar<\/span><\/p>\n<p><img loading=\"lazy\" decoding=\"async\" class=\"aligncenter\" src=\"https:\/\/wp.ufpel.edu.br\/placeageproject\/files\/2019\/10\/16422767_1166069486824031_6875369266076427682_o.jpg\" width=\"579\" height=\"435\" \/><\/p>\n<\/div>\n<p style=\"text-align: justify\"><span style=\"font-size: 12pt\">A primeira fase desta Etapa analisa pol\u00edticas e pr\u00e1ticas existentes no Reino Unido, Brasil e \u00cdndia, a fim de reunir evid\u00eancias de estudos e instrumentos de pesquisa que considerem a prepara\u00e7\u00e3o\/constru\u00e7\u00e3o de cidades e comunidades amigas do idoso. Isso identifica as pol\u00edticas locais, regionais e nacionais das cidades, estruturas de planejamento existentes nos tr\u00eas pa\u00edses e instrumentos pr\u00e1ticos e diretrizes que possam integrar o sentido do lugar no planejamento urbano. Este mapeamento proporciona uma compreens\u00e3o do contexto atual em rela\u00e7\u00e3o \u00e0 implementa\u00e7\u00e3o de iniciativas focadas nos idosos e tamb\u00e9m molda a entrega subseq\u00fcente das ferramentas e diretrizes desenvolvidas na Etapa 3 da pesquisa. Tudo isso para assegurar que quaisquer recomenda\u00e7\u00f5es funcionar\u00e3o dentro dos quadros normativos e regulat\u00f3rios existentes.<\/span><\/p>\n<p style=\"text-align: justify\"><span style=\"font-size: 12pt\">A segunda fase da Etapa 1 busca percep\u00e7\u00f5es de idosos. O objetivo aqui \u00e9 obter uma compreens\u00e3o de como os adultos mais velhos constroem o sentido de lugar com foco na identifica\u00e7\u00e3o de oportunidades, facilitadores e barreiras \u00e0 participa\u00e7\u00e3o social e cultural, independ\u00eancia e envolvimento na comunidade. Essa fase da pesquisa captura: percep\u00e7\u00f5es de moradia e da comunidade; rotinas cotidianas que constroem o sentido de lugar; transi\u00e7\u00f5es constru\u00eddas e espa\u00e7os abertos da vizinhan\u00e7a; apoio f\u00edsico e social ao envelhecimento ativo; uso de espa\u00e7os recreativos e verdes; e acesso e uso de espa\u00e7os comunit\u00e1rios e amenidades.<\/span><\/p>\n<p style=\"text-align: justify\"><span style=\"font-size: 12pt\">Para a segunda fase desta Etapa, a percep\u00e7\u00e3o dos adultos mais velhos \u00e9 investigada da seguinte forma:<\/span><\/p>\n<p style=\"text-align: justify\"><span style=\"font-size: 12pt\">(a) Question\u00e1rios:<\/span><\/p>\n<p style=\"text-align: justify\"><span style=\"font-size: 12pt\">Um total de 810 question\u00e1rios (90 por cidade estudo de caso, 30 por bairro) \u00e9 aplicado a adultos mais velhos, a fim de estabelecer e comparar como idosos de diferentes classes sociais e contextos urbanos e culturais avaliam o seu bairro e ambiente cotidiano. Para reunir as experi\u00eancias variadas de uma gama de adultos mais velhos, o quadro de amostragem reflete uma diversidade de idade: 60-69 &#8216;idosos jovens &#8216;; 70-79 &#8216;idosos&#8217;; 80+ (&#8216;muito idosos&#8217;).<\/span><\/p>\n<p style=\"text-align: justify\"><span style=\"font-size: 12pt\">A aplica\u00e7\u00e3o de question\u00e1rios \u00e9 uma ferramenta muito utilizada para examinar o grau de satisfa\u00e7\u00e3o do usu\u00e1rio e os n\u00edveis de comportamento dentro do ambiente urbano (Gomez et al, 2003). Esta pesquisa incorpora quest\u00f5es de ferramentas e pesquisas existentes (Francescato et al, 1989) para avaliar a satisfa\u00e7\u00e3o do usu\u00e1rio com a vida no bairro, o design e a qualidade da habita\u00e7\u00e3o, a probabilidade de mudan\u00e7a, a satisfa\u00e7\u00e3o com os servi\u00e7os e amenidades do bairro, e os espa\u00e7os p\u00fablicos. As perguntas tamb\u00e9m s\u00e3o desenvolvidas com base no quadro de Antonovsky de Sentido de Coer\u00eancia (Antonovsky, 1984) para avaliar as qualidades de suporte de vizinhan\u00e7a em todos os dom\u00ednios-chave: compreensibilidade (wayfinding, acessibilidade), gerenciabilidade (por exemplo, caracter\u00edsticas no ambiente constru\u00eddo que permitem adultos mais velhos a realizarem atividades da vida di\u00e1ria) e signific\u00e2ncia (ou seja, medidas subjetivas de apego local). Quest\u00f5es adicionais relacionadas ao estudo s\u00e3o inclu\u00eddas na pesquisa no decorrer do trabalho. Para testar e refinar a pesquisa, um estudo piloto do question\u00e1rio \u00e9 realizado no Brasil, Reino Unido e \u00cdndia.<\/span><\/p>\n<p style=\"text-align: justify\"><span style=\"font-size: 12pt\">Os dados obtidos a partir do question\u00e1rio s\u00e3o carregados para o SPSS e a an\u00e1lise estat\u00edstica \u00e9 conduzida.<\/span><\/p>\n<p style=\"text-align: justify\"><span style=\"font-size: 12pt\">(b) Entrevistas de sentido de lugar com adultos mais velhos:<\/span><\/p>\n<p style=\"text-align: justify\"><span style=\"font-size: 12pt\">Um total de 270 entrevistas semi-estruturadas (30 por cidade estudo de caso, 10 por bairro) s\u00e3o conduzidas com adultos mais velhos (60+ anos) para explorar suas percep\u00e7\u00f5es com maior profundidade. As entrevistas semi-estruturadas permitem investigar as rela\u00e7\u00f5es entre os idosos e o seu ambiente, identificando o sentido do lugar, os comportamentos cotidianos e a import\u00e2ncia de suportes espec\u00edficos. As entrevistas exploram como o sentido de lugar \u00e9 constru\u00eddo por adultos mais velhos (familiaridade, identidade, significado) e qual \u00e9 o papel dos suportes sociais e culturais.<\/span><\/p>\n<p style=\"text-align: justify\"><span style=\"font-size: 12pt\">Al\u00e9m disso, esta Etapa utiliza m\u00e9todos visuais conduzidos por participantes para incentivar experienciais do lugar (Carpiano, 2009). Por conseguinte, s\u00e3o realizadas 180 entrevistas caminhadas com idosos (20 por cidade estudo de caso). As entrevistas caminhadas envolvem um percurso escolhido pelo usu\u00e1rio pela comunidade para documentar as experi\u00eancias cotidianas de lugar, coletando aspectos sensoriais ao lado de significados e lembran\u00e7as de lugares espec\u00edficos. Essas caminhadas incorporam a fotografia para documentar e ilustrar caracter\u00edsticas espec\u00edficas do ambiente constru\u00eddo que estimulam (ou inibem) o sentido de lugar. Outros 90 fotos-di\u00e1rios s\u00e3o desenvolvidos (10 por cidade estudo de caso) para permitir estudos da descri\u00e7\u00e3o do local. Para facilitar a coleta de dados visuais, sess\u00f5es de treinamento no uso de fotografia s\u00e3o conduzidas com residentes locais em cada local estudo de caso.<\/span><\/p>\n<p style=\"text-align: justify\"><span style=\"font-size: 12pt\">\u00c9 adotado uma estrutura de amostragem intencional para as entrevistas, refletindo uma diversidade de idade (60-69, 70-79, 80+) e composi\u00e7\u00e3o familiar (viver sozinho, viver com um parceiro e viver com um membro da fam\u00edlia) como fatores que influenciam o sentido do lugar. Uma estrat\u00e9gia de recrutamento \u00e9 desenvolvida por grupos de interessados \u200b\u200blocais e incluindo eventos de recrutamento na comunidade local e propagandas e folhetos publicados em locais da comunidade.<\/span><\/p>\n<p style=\"text-align: justify\"><span style=\"font-size: 12pt\">Todas as entrevistas s\u00e3o gravadas e transcritas. Todos os dados visuais s\u00e3o agrupados e integrados com as transcri\u00e7\u00f5es. Esta Etapa adota t\u00e9cnicas anal\u00edticas apropriadas (matriz de estrutura, esquema de codifica\u00e7\u00e3o compartilhada entre pa\u00edses, etc.) e utiliza o software NVivo para analisar os dados consistentemente. A an\u00e1lise \u00e9 organizada tematicamente, bem como por estudo de caso. Isto permite tanto a compara\u00e7\u00e3o de estudos de caso dentro do pa\u00eds como a compara\u00e7\u00e3o entre pa\u00edses. Para aumentar a credibilidade dos resultados, a an\u00e1lise de grupo \u00e9 realizada por todos os membros da equipe acad\u00eamica dentro de cada local de estudo de caso.<\/span><\/p>\n<p style=\"text-align: justify\"><span style=\"font-size: 12pt\">No final desta Etapa, \u00e9 realizado um workshop nacional em cada pa\u00eds, com foco na tradu\u00e7\u00e3o do conhecimento para a comunidade em geral e as partes interessadas (tais como idosos, acad\u00eamicos e estudantes, autoridades locais, pol\u00edticas e pr\u00e1ticas, arquitetos, designers urbanos, psic\u00f3logos, planejadores e desenvolvedores e organiza\u00e7\u00f5es comunit\u00e1rias). Al\u00e9m disso, um evento transnacional \u00e9 realizado no Reino Unido, envolvendo membros da equipe de projeto do Reino Unido e do Brasil. O evento \u00e9 focado na an\u00e1lise comparativa transnacional dos resultados da pesquisa, refletindo sobre o processo de pesquisa, identificando rotas de dissemina\u00e7\u00e3o compartilhadas e discutindo as pr\u00f3ximas etapas.<\/span><\/p>\n","protected":false},"excerpt":{"rendered":"<p>Pacote de Trabalho 1 &#8211; Capturando o sentido do lugar A primeira fase desta Etapa analisa pol\u00edticas e pr\u00e1ticas existentes no Reino Unido, Brasil e \u00cdndia, a fim de reunir evid\u00eancias de estudos e instrumentos de pesquisa que considerem a prepara\u00e7\u00e3o\/constru\u00e7\u00e3o de cidades e comunidades amigas do idoso. Isso identifica as pol\u00edticas locais, regionais e&#8230; <\/p>\n<div class=\"link-more\"><a href=\"https:\/\/wp.ufpel.edu.br\/placeageproject\/2016-2017-pacote-de-trabalho-1-capturando-o-sentido-do-lugar\/\">Leia mais<\/a><\/div>\n","protected":false},"author":717,"featured_media":0,"parent":0,"menu_order":0,"comment_status":"closed","ping_status":"closed","template":"","meta":{"footnotes":""},"class_list":["post-697","page","type-page","status-publish","hentry"],"_links":{"self":[{"href":"https:\/\/wp.ufpel.edu.br\/placeageproject\/wp-json\/wp\/v2\/pages\/697","targetHints":{"allow":["GET"]}}],"collection":[{"href":"https:\/\/wp.ufpel.edu.br\/placeageproject\/wp-json\/wp\/v2\/pages"}],"about":[{"href":"https:\/\/wp.ufpel.edu.br\/placeageproject\/wp-json\/wp\/v2\/types\/page"}],"author":[{"embeddable":true,"href":"https:\/\/wp.ufpel.edu.br\/placeageproject\/wp-json\/wp\/v2\/users\/717"}],"replies":[{"embeddable":true,"href":"https:\/\/wp.ufpel.edu.br\/placeageproject\/wp-json\/wp\/v2\/comments?post=697"}],"version-history":[{"count":7,"href":"https:\/\/wp.ufpel.edu.br\/placeageproject\/wp-json\/wp\/v2\/pages\/697\/revisions"}],"predecessor-version":[{"id":2541,"href":"https:\/\/wp.ufpel.edu.br\/placeageproject\/wp-json\/wp\/v2\/pages\/697\/revisions\/2541"}],"wp:attachment":[{"href":"https:\/\/wp.ufpel.edu.br\/placeageproject\/wp-json\/wp\/v2\/media?parent=697"}],"curies":[{"name":"wp","href":"https:\/\/api.w.org\/{rel}","templated":true}]}}