{"id":40,"date":"2019-08-24T11:45:36","date_gmt":"2019-08-24T14:45:36","guid":{"rendered":"https:\/\/wp.ufpel.edu.br\/placeageproject\/?page_id=40"},"modified":"2021-01-27T15:48:51","modified_gmt":"2021-01-27T18:48:51","slug":"pesquisa","status":"publish","type":"page","link":"https:\/\/wp.ufpel.edu.br\/placeageproject\/pesquisa\/","title":{"rendered":"Objetivos"},"content":{"rendered":"<p style=\"text-align: center\"><span style=\"font-size: 18pt\">Objetivos<\/span><\/p>\n<p><img loading=\"lazy\" decoding=\"async\" class=\"aligncenter\" src=\"https:\/\/wp.ufpel.edu.br\/placeageproject\/files\/2019\/10\/IMG_1767.jpg\" width=\"743\" height=\"310\" \/><\/p>\n<p style=\"text-align: center\"><span style=\"font-size: 12pt\">O Projeto PlaceAge busca responder tr\u00eas perguntas de pesquisa cada qual relacionada a um objetivo geral:<\/span><\/p>\n<p style=\"text-align: center\"><strong><span style=\"font-size: 12pt\">Perguntas de Pesquisa<\/span><\/strong><\/p>\n<p style=\"text-align: center\"><span style=\"font-size: 12pt\">(i) Como o sentido de lugar \u00e9 experimentado por idosos de diferentes classes sociais que vivem em diferentes bairros no Brasil, no Reino Unido e \u00cdndia?<\/span><\/p>\n<p style=\"text-align: center\"><span style=\"font-size: 12pt\">(ii) Que servi\u00e7os, amenidades e fatores s\u00e3o necess\u00e1rios para criar comunidades amigas do envelhecimento que promovam cidades saud\u00e1veis e ativo envelhecimento em diferentes contextos urbanos e culturais?<\/span><\/p>\n<p style=\"text-align: center\"><span style=\"font-size: 12pt\">(iii) Como as comunidades podem ser projetadas para melhor integrar as necessidades de senso de lugar dos idosos em diferentes contextos urbanos e culturais?<\/span><\/p>\n<p style=\"text-align: center\"><strong><span style=\"font-size: 12pt\">Objetivos gerais:<\/span><\/strong><\/p>\n<p style=\"text-align: center\"><span style=\"font-size: 12pt\">(i) investigar como o sentido de lugar \u00e9 vivenciado por idosos de diferentes contextos sociais que residem em diferentes bairros no Brasil, Reino Unido e \u00cdndia;<\/span><\/p>\n<p style=\"text-align: center\"><span style=\"font-size: 12pt\">(ii) traduzir essas experi\u00eancias em projetos para comunidades amigas do idoso que apoiem o sentido de lugar; e<\/span><\/p>\n<p style=\"text-align: center\"><span style=\"font-size: 12pt\">(iii) articular melhor o papel dos idosos como colocadores ativos no processo de design, envolvendo a comunidade em todas as etapas do projeto.<\/span><\/p>\n<p style=\"text-align: center\"><strong><span style=\"font-size: 12pt\">Atendendo aos objetivos gerais, o PlaceAge tem os seguintes objetivos espec\u00edficos:<\/span><\/strong><\/p>\n<p style=\"text-align: justify\"><span style=\"font-size: 12pt\"><strong>Objetivo 1<\/strong>: estabelecer e comparar como idosos de diferentes classes sociais e contextos urbanos e culturais constroem o sentido de lugar com foco na identifica\u00e7\u00e3o de oportunidades, desafios, facilitadores e barreiras \u00e0 participa\u00e7\u00e3o social, independ\u00eancia e sendo ativos e engajados na comunidade atrav\u00e9s da captura de rotinas cotidianas, mobilidade e caminhada, e acesso e uso de espa\u00e7os comunit\u00e1rios e amenidades.<\/span><\/p>\n<p style=\"text-align: justify\"><span style=\"font-size: 12pt\"><strong>Objetivo 2:<\/strong> traduzir os dados obtidos a partir do objetivo 1 em mapas de sentido de lugar e projetos para a comunidade, a fim de fornecer uma representa\u00e7\u00e3o visual valiosa de como a comunidade avalia, entende e interage com o bairro e identifica as caracter\u00edsticas significativas dentro do ambiente que incorporam lugar. Isto ser\u00e1 conseguido atrav\u00e9s de oficinas de mapeamento participativo realizadas com a comunidade para facilitar a produ\u00e7\u00e3o de conhecimento desde o in\u00edcio.<\/span><\/p>\n<p style=\"text-align: justify\"><span style=\"font-size: 12pt\"><strong>Objetivo 3:<\/strong> traduzir as conclus\u00f5es dos objetivos 1 e 2 em orienta\u00e7\u00f5es para a concep\u00e7\u00e3o do sentido de lugar para os idosos, refletindo as necessidades dos usu\u00e1rios de diferentes classes sociais e contextos urbanos e culturais que acomodem a necessidade de independ\u00eancia, mobilidade e envolvimento da comunidade. As diretrizes s\u00e3o definidas para a identifica\u00e7\u00e3o de desenho urbano e princ\u00edpios de planejamento para profissionais, urbanistas de regenera\u00e7\u00e3o urbana e pol\u00edticos com o objetivo de orientar o desenvolvimento de cidades e comunidades amigas do idoso.<\/span><\/p>\n","protected":false},"excerpt":{"rendered":"<p>Objetivos O Projeto PlaceAge busca responder tr\u00eas perguntas de pesquisa cada qual relacionada a um objetivo geral: Perguntas de Pesquisa (i) Como o sentido de lugar \u00e9 experimentado por idosos de diferentes classes sociais que vivem em diferentes bairros no Brasil, no Reino Unido e \u00cdndia? (ii) Que servi\u00e7os, amenidades e fatores s\u00e3o necess\u00e1rios para&#8230; <\/p>\n<div class=\"link-more\"><a href=\"https:\/\/wp.ufpel.edu.br\/placeageproject\/pesquisa\/\">Leia mais<\/a><\/div>\n","protected":false},"author":717,"featured_media":0,"parent":0,"menu_order":0,"comment_status":"closed","ping_status":"closed","template":"","meta":{"footnotes":""},"class_list":["post-40","page","type-page","status-publish","hentry"],"_links":{"self":[{"href":"https:\/\/wp.ufpel.edu.br\/placeageproject\/wp-json\/wp\/v2\/pages\/40","targetHints":{"allow":["GET"]}}],"collection":[{"href":"https:\/\/wp.ufpel.edu.br\/placeageproject\/wp-json\/wp\/v2\/pages"}],"about":[{"href":"https:\/\/wp.ufpel.edu.br\/placeageproject\/wp-json\/wp\/v2\/types\/page"}],"author":[{"embeddable":true,"href":"https:\/\/wp.ufpel.edu.br\/placeageproject\/wp-json\/wp\/v2\/users\/717"}],"replies":[{"embeddable":true,"href":"https:\/\/wp.ufpel.edu.br\/placeageproject\/wp-json\/wp\/v2\/comments?post=40"}],"version-history":[{"count":12,"href":"https:\/\/wp.ufpel.edu.br\/placeageproject\/wp-json\/wp\/v2\/pages\/40\/revisions"}],"predecessor-version":[{"id":2833,"href":"https:\/\/wp.ufpel.edu.br\/placeageproject\/wp-json\/wp\/v2\/pages\/40\/revisions\/2833"}],"wp:attachment":[{"href":"https:\/\/wp.ufpel.edu.br\/placeageproject\/wp-json\/wp\/v2\/media?parent=40"}],"curies":[{"name":"wp","href":"https:\/\/api.w.org\/{rel}","templated":true}]}}