{"id":387,"date":"2019-03-22T17:31:35","date_gmt":"2019-03-22T20:31:35","guid":{"rendered":"https:\/\/wp.ufpel.edu.br\/placeage\/?page_id=387"},"modified":"2019-04-02T15:09:45","modified_gmt":"2019-04-02T18:09:45","slug":"acomodacao","status":"publish","type":"page","link":"https:\/\/wp.ufpel.edu.br\/placeage\/acomodacao\/","title":{"rendered":"Acomoda\u00e7\u00f5es"},"content":{"rendered":"<p style=\"text-align: justify\"><span style=\"font-family: helvetica, arial, sans-serif\">A cidade de Pelotas possui in\u00fameros hot\u00e9is e pousadas muito aconchegantes. Aqui listamos algumas op\u00e7\u00f5es para ajudar na sua busca:<\/span><\/p>\n<p><span style=\"font-family: helvetica, arial, sans-serif\"><span style=\"color: #800023\"><strong>Hotel Jacques Georges Tower<br \/>\n<\/strong><\/span>Rua Almirante Barroso, 2069 &#8211; Centro, Pelotas &#8211; RS, 96010-280<\/span><br \/>\n<span style=\"font-family: helvetica, arial, sans-serif\">Telefone: (53) 3027-9100<\/span><br \/>\n<span style=\"font-family: helvetica, arial, sans-serif\">M\u00e9dia de pre\u00e7o por noite: R$ 250,00<\/span><br \/>\n<span style=\"font-family: helvetica, arial, sans-serif\">Site: <a href=\"http:\/\/jghotel.com.br\" target=\"_blank\" rel=\"noopener noreferrer\">http:\/\/jghotel.com.br<\/a><\/span><br \/>\n<span style=\"font-family: helvetica, arial, sans-serif\"><a href=\"https:\/\/pt-br.facebook.com\/JacquesGeorgesHoteis\" target=\"_blank\" rel=\"noopener noreferrer\"><img loading=\"lazy\" decoding=\"async\" class=\"alignleft\" src=\"https:\/\/imagepng.org\/wp-content\/uploads\/2017\/09\/facebook-icone-icon.png\" alt=\"Resultado de imagem para icone facebook png\" width=\"28\" height=\"28\" \/><\/a><a href=\"https:\/\/www.tripadvisor.com.br\/ShowUserReviews-g775229-d4511929-r608660364-Jacques_Georges_Tower-Pelotas_State_of_Rio_Grande_do_Sul.html\" target=\"_blank\" rel=\"noopener noreferrer\"><img loading=\"lazy\" decoding=\"async\" class=\"alignleft\" src=\"https:\/\/image.flaticon.com\/icons\/png\/512\/49\/49318.png\" alt=\"Resultado de imagem para icone tripadvisor\" width=\"29\" height=\"29\" \/> <\/a><\/span><\/p>\n<p>&nbsp;<\/p>\n<p style=\"text-align: justify\"><span style=\"font-family: helvetica, arial, sans-serif\"><span style=\"color: #800023\"><strong>Hotel Jacques Georges Business<br \/>\n<\/strong><\/span>Rua Gon\u00e7alves Chaves, 512 &#8211; Centro, Pelotas &#8211; RS, 96015-560<\/span><br \/>\n<span style=\"font-family: helvetica, arial, sans-serif\">Telefone: (53) 3284-9000<\/span><br \/>\n<span style=\"font-family: helvetica, arial, sans-serif\">M\u00e9dia de pre\u00e7o por noite: R$ 250,00<\/span><br \/>\n<span style=\"font-family: helvetica, arial, sans-serif\">Site: <a href=\"http:\/\/jghotel.com.br\/#Business\" target=\"_blank\" rel=\"noopener noreferrer\">http:\/\/jghotel.com.br<\/a><\/span><br \/>\n<span style=\"font-family: helvetica, arial, sans-serif\"><a href=\"https:\/\/pt-br.facebook.com\/JacquesGeorgesHoteis\" target=\"_blank\" rel=\"noopener noreferrer\"><img loading=\"lazy\" decoding=\"async\" class=\"alignleft\" src=\"https:\/\/imagepng.org\/wp-content\/uploads\/2017\/09\/facebook-icone-icon.png\" alt=\"Resultado de imagem para icone facebook png\" width=\"28\" height=\"28\" \/><\/a><a href=\"https:\/\/www.tripadvisor.com.br\/ShowUserReviews-g775229-d4511929-r608660364-Jacques_Georges_Tower-Pelotas_State_of_Rio_Grande_do_Sul.html\" target=\"_blank\" rel=\"noopener noreferrer\"><img loading=\"lazy\" decoding=\"async\" class=\"alignleft\" src=\"https:\/\/image.flaticon.com\/icons\/png\/512\/49\/49318.png\" alt=\"Resultado de imagem para icone tripadvisor\" width=\"29\" height=\"29\" \/> <\/a><\/span><\/p>\n<p>&nbsp;<\/p>\n<p style=\"text-align: justify\"><span style=\"font-family: helvetica, arial, sans-serif\"><strong><span style=\"color: #800023\">Hotel Curi<\/span><br \/>\n<\/strong>Gen. Os\u00f3rio, 719 &#8211; Centro, Pelotas &#8211; RS, 96020-000<br \/>\nTelefone: (53) 3227-9955<\/span><br \/>\n<span style=\"font-family: helvetica, arial, sans-serif\">M\u00e9dia de pre\u00e7o por noite: R$ 250,00<\/span><br \/>\n<span style=\"font-family: helvetica, arial, sans-serif\">Site:<a href=\"https:\/\/www.hotelcuri.com.br\/\" target=\"_blank\" rel=\"noopener noreferrer\"> http:\/\/amoramoracozinhaartesanal.blogspot.com\/<\/a><br \/>\n<a href=\"https:\/\/www.facebook.com\/HotelCuri\" target=\"_blank\" rel=\"noopener noreferrer\"><img loading=\"lazy\" decoding=\"async\" class=\"alignleft\" src=\"https:\/\/imagepng.org\/wp-content\/uploads\/2017\/09\/facebook-icone-icon.png\" alt=\"Resultado de imagem para icone facebook png\" width=\"28\" height=\"28\" \/><\/a><a href=\"https:\/\/www.tripadvisor.com.br\/Hotel_Review-g775229-d2692130-Reviews-Curi_Hotel-Pelotas_State_of_Rio_Grande_do_Sul.html\" target=\"_blank\" rel=\"noopener noreferrer\"><img loading=\"lazy\" decoding=\"async\" class=\"alignleft\" src=\"https:\/\/image.flaticon.com\/icons\/png\/512\/49\/49318.png\" alt=\"Resultado de imagem para icone tripadvisor\" width=\"29\" height=\"29\" \/> <\/a><\/span><\/p>\n<p>&nbsp;<\/p>\n<p style=\"text-align: justify\"><span style=\"font-family: helvetica, arial, sans-serif\"><strong><span style=\"color: #800023\">Hotel Manta<\/span><br \/>\n<\/strong>Gen. Neto, 1131 &#8211; Centro, Pelotas &#8211; RS, 96015-280<br \/>\nTelefone: (53) 3225-2411<\/span><br \/>\n<span style=\"font-family: helvetica, arial, sans-serif\">M\u00e9dia de pre\u00e7o por noite: R$ 250,00<\/span><br \/>\n<span style=\"font-family: helvetica, arial, sans-serif\">Site: <a href=\"https:\/\/www.hoteismanta.com.br\/\" target=\"_blank\" rel=\"noopener noreferrer\">https:\/\/www.hoteismanta.com.br\/<\/a><br \/>\n<\/span><span style=\"font-family: helvetica, arial, sans-serif\"><a href=\"https:\/\/www.facebook.com\/hotelmanta\" target=\"_blank\" rel=\"noopener noreferrer\"><img loading=\"lazy\" decoding=\"async\" class=\"alignleft\" src=\"https:\/\/imagepng.org\/wp-content\/uploads\/2017\/09\/facebook-icone-icon.png\" alt=\"Resultado de imagem para icone facebook png\" width=\"28\" height=\"28\" \/><\/a><a href=\"https:\/\/www.tripadvisor.com.br\/Hotel_Review-g775229-d2578253-Reviews-Hotel_Manta-Pelotas_State_of_Rio_Grande_do_Sul.html\" target=\"_blank\" rel=\"noopener noreferrer\"><img loading=\"lazy\" decoding=\"async\" class=\"alignleft\" src=\"https:\/\/image.flaticon.com\/icons\/png\/512\/49\/49318.png\" alt=\"Resultado de imagem para icone tripadvisor\" width=\"29\" height=\"29\" \/> <\/a><\/span><\/p>\n<p>&nbsp;<\/p>\n<p style=\"text-align: justify\"><span style=\"font-family: helvetica, arial, sans-serif\"><strong><span style=\"color: #800023\">Hotel Pousada do Estudante<\/span><br \/>\n<\/strong>Quinze de Novembro, 311 &#8211; Centro, Pelotas &#8211; RS, 96010-165<br \/>\nTelefone: (53) 3278-2875<\/span><br \/>\n<span style=\"font-family: helvetica, arial, sans-serif\">M\u00e9dia de pre\u00e7o por noite: 150,00<br \/>\nSite: <a href=\"https:\/\/www.pousadadoestudante.com\/\" target=\"_blank\" rel=\"noopener noreferrer\">https:\/\/www.pousadadoestudante.com\/<\/a><\/span><span style=\"font-family: helvetica, arial, sans-serif\"><br \/>\n<\/span><span style=\"font-family: helvetica, arial, sans-serif\"><a href=\"https:\/\/www.facebook.com\/PousadadoEstudante\/\" target=\"_blank\" rel=\"noopener noreferrer\"><img loading=\"lazy\" decoding=\"async\" class=\"alignleft\" src=\"https:\/\/imagepng.org\/wp-content\/uploads\/2017\/09\/facebook-icone-icon.png\" alt=\"Resultado de imagem para icone facebook png\" width=\"28\" height=\"28\" \/><\/a><a href=\"https:\/\/www.tripadvisor.com.br\/Hotel_Review-g775229-d6544719-Reviews-Pousada_do_Estudante-Pelotas_State_of_Rio_Grande_do_Sul.html\" target=\"_blank\" rel=\"noopener noreferrer\"><img loading=\"lazy\" decoding=\"async\" class=\"alignleft\" src=\"https:\/\/image.flaticon.com\/icons\/png\/512\/49\/49318.png\" alt=\"Resultado de imagem para icone tripadvisor\" width=\"29\" height=\"29\" \/> <\/a><\/span><\/p>\n<p>&nbsp;<\/p>\n<p style=\"text-align: justify\"><span style=\"font-family: helvetica, arial, sans-serif\"><strong><span style=\"color: #800023\">Frida Casa Hostel<\/span><br \/>\n<\/strong>Rua General Os\u00f3rio, 224 Centro, Pelotas &#8211; RS, 96020-000<br \/>\nTelefone: (53) 99142-9191<br \/>\nM\u00e9dia de pre\u00e7o por noite: R$ 130,00<br \/>\nSite: <a href=\"https:\/\/www.fridacasahostel.com\/\" target=\"_blank\" rel=\"noopener noreferrer\">https:\/\/www.fridacasahostel.com\/<\/a><\/span><span style=\"font-family: helvetica, arial, sans-serif\"><br \/>\n<\/span><span style=\"font-family: helvetica, arial, sans-serif\"><a href=\"https:\/\/www.facebook.com\/fridacasahostel\/\" target=\"_blank\" rel=\"noopener noreferrer\"><img loading=\"lazy\" decoding=\"async\" class=\"alignleft\" src=\"https:\/\/imagepng.org\/wp-content\/uploads\/2017\/09\/facebook-icone-icon.png\" alt=\"Resultado de imagem para icone facebook png\" width=\"28\" height=\"28\" \/><\/a><a href=\"https:\/\/www.instagram.com\/fridacasahostel\/\" target=\"_blank\" rel=\"noopener noreferrer\"><img loading=\"lazy\" decoding=\"async\" class=\"alignleft\" src=\"https:\/\/image.flaticon.com\/icons\/png\/512\/49\/49318.png\" alt=\"Resultado de imagem para icone tripadvisor\" width=\"29\" height=\"29\" \/> <\/a><\/span><\/p>\n<p>&nbsp;<\/p>\n<p style=\"text-align: justify\"><span style=\"font-family: helvetica, arial, sans-serif\"><strong><span style=\"color: #800023\">Hello Hostel Pelotas<\/span><br \/>\n<\/strong>Quinze de Novembro, 958 &#8211; Colina do Sol, Pelotas<br \/>\nTelefone: (54) 3286-3189<\/span><br \/>\n<span style=\"font-family: helvetica, arial, sans-serif\">M\u00e9dia de pre\u00e7o por noite: R$ 95,00<br \/>\nSite: <a href=\"http:\/\/hostelhello.com\/pelotas\/\" target=\"_blank\" rel=\"noopener noreferrer\">http:\/\/hostelhello.com\/pelotas\/<\/a><\/span><span style=\"font-family: helvetica, arial, sans-serif\"><br \/>\n<\/span><span style=\"font-family: helvetica, arial, sans-serif\"><a href=\"https:\/\/www.facebook.com\/hellopelotas\" target=\"_blank\" rel=\"noopener noreferrer\"><img loading=\"lazy\" decoding=\"async\" class=\"alignleft\" src=\"https:\/\/imagepng.org\/wp-content\/uploads\/2017\/09\/facebook-icone-icon.png\" alt=\"Resultado de imagem para icone facebook png\" width=\"28\" height=\"28\" \/><\/a><a href=\"https:\/\/www.tripadvisor.com.br\/Hotel_Review-g775229-d6367042-Reviews-Hello_Hostel_Pelotas-Pelotas_State_of_Rio_Grande_do_Sul.html\" target=\"_blank\" rel=\"noopener noreferrer\"><img loading=\"lazy\" decoding=\"async\" class=\"alignleft\" src=\"https:\/\/image.flaticon.com\/icons\/png\/512\/49\/49318.png\" alt=\"Resultado de imagem para icone tripadvisor\" width=\"29\" height=\"29\" \/> <\/a><\/span><\/p>\n<p>&nbsp;<\/p>\n<p style=\"text-align: justify\"><span style=\"font-family: helvetica, arial, sans-serif\">Tamb\u00e9m existe na cidade \u00f3timas op\u00e7\u00f5es de <em><a href=\"https:\/\/www.airbnb.com.br\/s\/pelotas\/homes?adults=1&amp;checkin=&amp;checkout=&amp;children=0&amp;refinement_paths%5B%5D=%2Fhomes&amp;allow_override%5B%5D=&amp;s_tag=FtQvxj0U\" target=\"_blank\" rel=\"noopener noreferrer\">Airbnb.<\/a><\/em><\/span><\/p>\n","protected":false},"excerpt":{"rendered":"<p>A cidade de Pelotas possui in\u00fameros hot\u00e9is e pousadas muito aconchegantes. Aqui listamos algumas op\u00e7\u00f5es para ajudar na sua busca: Hotel Jacques Georges Tower Rua Almirante Barroso, 2069 &#8211; Centro, Pelotas &#8211; RS, 96010-280 Telefone: (53) 3027-9100 M\u00e9dia de pre\u00e7o por noite: R$ 250,00 Site: http:\/\/jghotel.com.br &nbsp; Hotel Jacques Georges Business Rua Gon\u00e7alves Chaves, 512 &hellip; <\/p>\n<p class=\"link-more\"><a href=\"https:\/\/wp.ufpel.edu.br\/placeage\/acomodacao\/\" class=\"more-link\">Continue lendo<span class=\"screen-reader-text\"> &#8220;Acomoda\u00e7\u00f5es&#8221;<\/span><\/a><\/p>\n","protected":false},"author":717,"featured_media":430,"parent":0,"menu_order":0,"comment_status":"closed","ping_status":"closed","template":"","meta":{"footnotes":""},"class_list":["post-387","page","type-page","status-publish","has-post-thumbnail","hentry"],"yoast_head":"<!-- This site is optimized with the Yoast SEO plugin v26.7 - https:\/\/yoast.com\/wordpress\/plugins\/seo\/ -->\n<title>Acomoda\u00e7\u00f5es - Ageing in Place in a World of Inequalities:<\/title>\n<meta name=\"robots\" content=\"index, follow, max-snippet:-1, max-image-preview:large, max-video-preview:-1\" \/>\n<link rel=\"canonical\" href=\"https:\/\/wp.ufpel.edu.br\/placeage\/acomodacao\/\" \/>\n<meta property=\"og:locale\" content=\"pt_BR\" \/>\n<meta property=\"og:type\" content=\"article\" \/>\n<meta property=\"og:title\" content=\"Acomoda\u00e7\u00f5es - Ageing in Place in a World of Inequalities:\" \/>\n<meta property=\"og:description\" content=\"A cidade de Pelotas possui in\u00fameros hot\u00e9is e pousadas muito aconchegantes. Aqui listamos algumas op\u00e7\u00f5es para ajudar na sua busca: Hotel Jacques Georges Tower Rua Almirante Barroso, 2069 &#8211; Centro, Pelotas &#8211; RS, 96010-280 Telefone: (53) 3027-9100 M\u00e9dia de pre\u00e7o por noite: R$ 250,00 Site: http:\/\/jghotel.com.br &nbsp; Hotel Jacques Georges Business Rua Gon\u00e7alves Chaves, 512 &hellip; Continue lendo &quot;Acomoda\u00e7\u00f5es&quot;\" \/>\n<meta property=\"og:url\" content=\"https:\/\/wp.ufpel.edu.br\/placeage\/acomodacao\/\" \/>\n<meta property=\"og:site_name\" content=\"Ageing in Place in a World of Inequalities:\" \/>\n<meta property=\"article:modified_time\" content=\"2019-04-02T18:09:45+00:00\" \/>\n<meta property=\"og:image\" content=\"https:\/\/wp.ufpel.edu.br\/placeage\/files\/2019\/03\/oS2PbVRA-e1553533189231.jpeg\" \/>\n\t<meta property=\"og:image:width\" content=\"2592\" \/>\n\t<meta property=\"og:image:height\" content=\"712\" \/>\n\t<meta property=\"og:image:type\" content=\"image\/jpeg\" \/>\n<meta name=\"twitter:card\" content=\"summary_large_image\" \/>\n<meta name=\"twitter:label1\" content=\"Est. tempo de leitura\" \/>\n\t<meta name=\"twitter:data1\" content=\"1 minuto\" \/>\n<script type=\"application\/ld+json\" class=\"yoast-schema-graph\">{\"@context\":\"https:\/\/schema.org\",\"@graph\":[{\"@type\":\"WebPage\",\"@id\":\"https:\/\/wp.ufpel.edu.br\/placeage\/acomodacao\/\",\"url\":\"https:\/\/wp.ufpel.edu.br\/placeage\/acomodacao\/\",\"name\":\"Acomoda\u00e7\u00f5es - Ageing in Place in a World of Inequalities:\",\"isPartOf\":{\"@id\":\"https:\/\/wp.ufpel.edu.br\/placeage\/#website\"},\"primaryImageOfPage\":{\"@id\":\"https:\/\/wp.ufpel.edu.br\/placeage\/acomodacao\/#primaryimage\"},\"image\":{\"@id\":\"https:\/\/wp.ufpel.edu.br\/placeage\/acomodacao\/#primaryimage\"},\"thumbnailUrl\":\"https:\/\/wp.ufpel.edu.br\/placeage\/files\/2019\/03\/oS2PbVRA-e1553533189231.jpeg\",\"datePublished\":\"2019-03-22T20:31:35+00:00\",\"dateModified\":\"2019-04-02T18:09:45+00:00\",\"breadcrumb\":{\"@id\":\"https:\/\/wp.ufpel.edu.br\/placeage\/acomodacao\/#breadcrumb\"},\"inLanguage\":\"pt-BR\",\"potentialAction\":[{\"@type\":\"ReadAction\",\"target\":[\"https:\/\/wp.ufpel.edu.br\/placeage\/acomodacao\/\"]}]},{\"@type\":\"ImageObject\",\"inLanguage\":\"pt-BR\",\"@id\":\"https:\/\/wp.ufpel.edu.br\/placeage\/acomodacao\/#primaryimage\",\"url\":\"https:\/\/wp.ufpel.edu.br\/placeage\/files\/2019\/03\/oS2PbVRA-e1553533189231.jpeg\",\"contentUrl\":\"https:\/\/wp.ufpel.edu.br\/placeage\/files\/2019\/03\/oS2PbVRA-e1553533189231.jpeg\",\"width\":2592,\"height\":712},{\"@type\":\"BreadcrumbList\",\"@id\":\"https:\/\/wp.ufpel.edu.br\/placeage\/acomodacao\/#breadcrumb\",\"itemListElement\":[{\"@type\":\"ListItem\",\"position\":1,\"name\":\"In\u00edcio\",\"item\":\"https:\/\/wp.ufpel.edu.br\/placeage\/\"},{\"@type\":\"ListItem\",\"position\":2,\"name\":\"Acomoda\u00e7\u00f5es\"}]},{\"@type\":\"WebSite\",\"@id\":\"https:\/\/wp.ufpel.edu.br\/placeage\/#website\",\"url\":\"https:\/\/wp.ufpel.edu.br\/placeage\/\",\"name\":\"Symposium Ageing Inequalities\",\"description\":\"How to Design Healthy Cities for All | IAPS SYMPOSIUM 2019\",\"publisher\":{\"@id\":\"https:\/\/wp.ufpel.edu.br\/placeage\/#organization\"},\"potentialAction\":[{\"@type\":\"SearchAction\",\"target\":{\"@type\":\"EntryPoint\",\"urlTemplate\":\"https:\/\/wp.ufpel.edu.br\/placeage\/?s={search_term_string}\"},\"query-input\":{\"@type\":\"PropertyValueSpecification\",\"valueRequired\":true,\"valueName\":\"search_term_string\"}}],\"inLanguage\":\"pt-BR\"},{\"@type\":\"Organization\",\"@id\":\"https:\/\/wp.ufpel.edu.br\/placeage\/#organization\",\"name\":\"Syposium IAPS 2019\",\"url\":\"https:\/\/wp.ufpel.edu.br\/placeage\/\",\"logo\":{\"@type\":\"ImageObject\",\"inLanguage\":\"pt-BR\",\"@id\":\"https:\/\/wp.ufpel.edu.br\/placeage\/#\/schema\/logo\/image\/\",\"url\":\"https:\/\/wp.ufpel.edu.br\/placeage\/files\/2019\/04\/cropped-data-17-17-4.png\",\"contentUrl\":\"https:\/\/wp.ufpel.edu.br\/placeage\/files\/2019\/04\/cropped-data-17-17-4.png\",\"width\":411,\"height\":250,\"caption\":\"Syposium IAPS 2019\"},\"image\":{\"@id\":\"https:\/\/wp.ufpel.edu.br\/placeage\/#\/schema\/logo\/image\/\"}}]}<\/script>\n<!-- \/ Yoast SEO plugin. -->","yoast_head_json":{"title":"Acomoda\u00e7\u00f5es - Ageing in Place in a World of Inequalities:","robots":{"index":"index","follow":"follow","max-snippet":"max-snippet:-1","max-image-preview":"max-image-preview:large","max-video-preview":"max-video-preview:-1"},"canonical":"https:\/\/wp.ufpel.edu.br\/placeage\/acomodacao\/","og_locale":"pt_BR","og_type":"article","og_title":"Acomoda\u00e7\u00f5es - Ageing in Place in a World of Inequalities:","og_description":"A cidade de Pelotas possui in\u00fameros hot\u00e9is e pousadas muito aconchegantes. Aqui listamos algumas op\u00e7\u00f5es para ajudar na sua busca: Hotel Jacques Georges Tower Rua Almirante Barroso, 2069 &#8211; Centro, Pelotas &#8211; RS, 96010-280 Telefone: (53) 3027-9100 M\u00e9dia de pre\u00e7o por noite: R$ 250,00 Site: http:\/\/jghotel.com.br &nbsp; Hotel Jacques Georges Business Rua Gon\u00e7alves Chaves, 512 &hellip; Continue lendo \"Acomoda\u00e7\u00f5es\"","og_url":"https:\/\/wp.ufpel.edu.br\/placeage\/acomodacao\/","og_site_name":"Ageing in Place in a World of Inequalities:","article_modified_time":"2019-04-02T18:09:45+00:00","og_image":[{"width":2592,"height":712,"url":"https:\/\/wp.ufpel.edu.br\/placeage\/files\/2019\/03\/oS2PbVRA-e1553533189231.jpeg","type":"image\/jpeg"}],"twitter_card":"summary_large_image","twitter_misc":{"Est. tempo de leitura":"1 minuto"},"schema":{"@context":"https:\/\/schema.org","@graph":[{"@type":"WebPage","@id":"https:\/\/wp.ufpel.edu.br\/placeage\/acomodacao\/","url":"https:\/\/wp.ufpel.edu.br\/placeage\/acomodacao\/","name":"Acomoda\u00e7\u00f5es - Ageing in Place in a World of Inequalities:","isPartOf":{"@id":"https:\/\/wp.ufpel.edu.br\/placeage\/#website"},"primaryImageOfPage":{"@id":"https:\/\/wp.ufpel.edu.br\/placeage\/acomodacao\/#primaryimage"},"image":{"@id":"https:\/\/wp.ufpel.edu.br\/placeage\/acomodacao\/#primaryimage"},"thumbnailUrl":"https:\/\/wp.ufpel.edu.br\/placeage\/files\/2019\/03\/oS2PbVRA-e1553533189231.jpeg","datePublished":"2019-03-22T20:31:35+00:00","dateModified":"2019-04-02T18:09:45+00:00","breadcrumb":{"@id":"https:\/\/wp.ufpel.edu.br\/placeage\/acomodacao\/#breadcrumb"},"inLanguage":"pt-BR","potentialAction":[{"@type":"ReadAction","target":["https:\/\/wp.ufpel.edu.br\/placeage\/acomodacao\/"]}]},{"@type":"ImageObject","inLanguage":"pt-BR","@id":"https:\/\/wp.ufpel.edu.br\/placeage\/acomodacao\/#primaryimage","url":"https:\/\/wp.ufpel.edu.br\/placeage\/files\/2019\/03\/oS2PbVRA-e1553533189231.jpeg","contentUrl":"https:\/\/wp.ufpel.edu.br\/placeage\/files\/2019\/03\/oS2PbVRA-e1553533189231.jpeg","width":2592,"height":712},{"@type":"BreadcrumbList","@id":"https:\/\/wp.ufpel.edu.br\/placeage\/acomodacao\/#breadcrumb","itemListElement":[{"@type":"ListItem","position":1,"name":"In\u00edcio","item":"https:\/\/wp.ufpel.edu.br\/placeage\/"},{"@type":"ListItem","position":2,"name":"Acomoda\u00e7\u00f5es"}]},{"@type":"WebSite","@id":"https:\/\/wp.ufpel.edu.br\/placeage\/#website","url":"https:\/\/wp.ufpel.edu.br\/placeage\/","name":"Symposium Ageing Inequalities","description":"How to Design Healthy Cities for All | IAPS SYMPOSIUM 2019","publisher":{"@id":"https:\/\/wp.ufpel.edu.br\/placeage\/#organization"},"potentialAction":[{"@type":"SearchAction","target":{"@type":"EntryPoint","urlTemplate":"https:\/\/wp.ufpel.edu.br\/placeage\/?s={search_term_string}"},"query-input":{"@type":"PropertyValueSpecification","valueRequired":true,"valueName":"search_term_string"}}],"inLanguage":"pt-BR"},{"@type":"Organization","@id":"https:\/\/wp.ufpel.edu.br\/placeage\/#organization","name":"Syposium IAPS 2019","url":"https:\/\/wp.ufpel.edu.br\/placeage\/","logo":{"@type":"ImageObject","inLanguage":"pt-BR","@id":"https:\/\/wp.ufpel.edu.br\/placeage\/#\/schema\/logo\/image\/","url":"https:\/\/wp.ufpel.edu.br\/placeage\/files\/2019\/04\/cropped-data-17-17-4.png","contentUrl":"https:\/\/wp.ufpel.edu.br\/placeage\/files\/2019\/04\/cropped-data-17-17-4.png","width":411,"height":250,"caption":"Syposium IAPS 2019"},"image":{"@id":"https:\/\/wp.ufpel.edu.br\/placeage\/#\/schema\/logo\/image\/"}}]}},"_links":{"self":[{"href":"https:\/\/wp.ufpel.edu.br\/placeage\/wp-json\/wp\/v2\/pages\/387","targetHints":{"allow":["GET"]}}],"collection":[{"href":"https:\/\/wp.ufpel.edu.br\/placeage\/wp-json\/wp\/v2\/pages"}],"about":[{"href":"https:\/\/wp.ufpel.edu.br\/placeage\/wp-json\/wp\/v2\/types\/page"}],"author":[{"embeddable":true,"href":"https:\/\/wp.ufpel.edu.br\/placeage\/wp-json\/wp\/v2\/users\/717"}],"replies":[{"embeddable":true,"href":"https:\/\/wp.ufpel.edu.br\/placeage\/wp-json\/wp\/v2\/comments?post=387"}],"version-history":[{"count":13,"href":"https:\/\/wp.ufpel.edu.br\/placeage\/wp-json\/wp\/v2\/pages\/387\/revisions"}],"predecessor-version":[{"id":1402,"href":"https:\/\/wp.ufpel.edu.br\/placeage\/wp-json\/wp\/v2\/pages\/387\/revisions\/1402"}],"wp:featuredmedia":[{"embeddable":true,"href":"https:\/\/wp.ufpel.edu.br\/placeage\/wp-json\/wp\/v2\/media\/430"}],"wp:attachment":[{"href":"https:\/\/wp.ufpel.edu.br\/placeage\/wp-json\/wp\/v2\/media?parent=387"}],"curies":[{"name":"wp","href":"https:\/\/api.w.org\/{rel}","templated":true}]}}