{"id":153,"date":"2019-03-20T15:28:15","date_gmt":"2019-03-20T18:28:15","guid":{"rendered":"https:\/\/wp.ufpel.edu.br\/placeage\/?page_id=153"},"modified":"2019-04-01T16:27:22","modified_gmt":"2019-04-01T19:27:22","slug":"linhas-tematicas","status":"publish","type":"page","link":"https:\/\/wp.ufpel.edu.br\/placeage\/linhas-tematicas\/","title":{"rendered":"Linhas tem\u00e1ticas"},"content":{"rendered":"<p style=\"text-align: justify\"><span style=\"font-family: helvetica, arial, sans-serif\">O Simp\u00f3sio prop\u00f5e discuss\u00f5es sobre o fen\u00f4meno do envelhecimento populacional no mundo globalizado que se caracteriza pelas grandes desigualdades entre grupos, pa\u00edses e na\u00e7\u00f5es. O Evento prop\u00f5e trazer pesquisadores, profissionais e acad\u00eamicos para discutir diretrizes de como projetar cidades saud\u00e1veis e amigas da idade. As linhas tem\u00e1ticas, nas quais os trabalhos podem ser inscritos, s\u00e3o:<\/span><\/p>\n<p style=\"text-align: justify\"><span style=\"font-family: helvetica, arial, sans-serif\"><strong style=\"font-size: 1rem\"><span style=\"font-size: 18pt;color: #800000\"><span style=\"color: #800023\">1.<\/span> <\/span><span style=\"font-size: 14pt\">Mem\u00f3ria, Identidade e Sentido de Lugar<\/span><br \/>\n<\/strong><span style=\"font-size: 1rem\">Coordenadora: Profa. Dra. Adriana Portella.<\/span><\/span><\/p>\n<p style=\"text-align: justify\"><span style=\"font-family: helvetica, arial, sans-serif\"> Esta linha tem\u00e1tica busca integrar os estudos que partem do entendimento que a qualidade de vida das pessoas e a satisfa\u00e7\u00e3o com o lugar em que vivem n\u00e3o dependem somente de quest\u00f5es f\u00edsicas do ambiente, mas principalmente das mem\u00f3rias ligadas aos lugares e da identidade dos bairros e espa\u00e7os urbanos constru\u00edda atrav\u00e9s do sentido de lugar. O sentido de lugar \u00e9 um conceito que se relaciona ao significado que as pessoas agregam ao espa\u00e7o, fazendo um lugar se diferenciar do outro pelo seu significado. Muitas vezes, esses significados s\u00e3o relacionados a pessoas que j\u00e1 viveram em determinado lugar, a encontros ocorridos num espa\u00e7o p\u00fablico ou simplesmente a lembran\u00e7as de uma inf\u00e2ncia passada.<\/span><\/p>\n<p><span style=\"font-family: helvetica, arial, sans-serif\"><strong><span style=\"font-size: 18pt;color: #800023\">2.<\/span><span style=\"font-size: 14pt\"> Sa\u00fade, Bem-estar e Meio Ambiente<\/span><br \/>\n<\/strong><span style=\"font-size: 1rem\">Coordenador: Prof. Dr. Eduardo Rocha.<\/span><\/span><\/p>\n<p style=\"text-align: justify\"><span style=\"font-family: helvetica, arial, sans-serif\">Esta \u00e1rea tem\u00e1tica foca no desenvolvimento de estudos e solu\u00e7\u00f5es voltadas \u00e0 aten\u00e7\u00e3o com a sa\u00fade, em um contexto multi, inter e transdisciplinar; objetivando a melhoria da qualidade de vida humana e bem-estar; integrados a ambientes urbanos ou rurais. Esta \u00e1rea abrange ainda estudos que discutem rela\u00e7\u00f5es antr\u00f3picas e influ\u00eancias na modifica\u00e7\u00e3o e caracter\u00edsticas do ambiente e suas implica\u00e7\u00f5es na produ\u00e7\u00e3o de situa\u00e7\u00f5es e comportamentos relacionados \u00e0 sa\u00fade em diferentes contextos e grupos humanos.<\/span><\/p>\n<p><span style=\"font-family: helvetica, arial, sans-serif\"><strong><span style=\"font-size: 18pt;color: #800023\">3.<\/span><span style=\"font-size: 14pt\"> Participa\u00e7\u00e3o Social, Inclus\u00e3o e G\u00eanero<\/span><br \/>\n<\/strong>Coordenadora: Profa. Dra. Ligia Maria \u00c1vila Chiarelli.<\/span><\/p>\n<p style=\"text-align: justify\"><span style=\"font-family: helvetica, arial, sans-serif\">Ainda que seja indispens\u00e1vel o aporte de grandes investimentos na aten\u00e7\u00e3o \u00e0 sa\u00fade do idoso, contemporaneamente existe o entendimento da necessidade de outras formas de prote\u00e7\u00e3o e efetiva\u00e7\u00e3o dos direitos da pessoa idosa, possibilitando a garantia de que permane\u00e7am como cidad\u00e3os participantes na defini\u00e7\u00e3o dos rumos de sua vida, sua comunidade e at\u00e9 de seu pa\u00eds. Nessa linha tem\u00e1tica s\u00e3o esperados trabalhos que enfatizem encaminhamentos que garantam a inclus\u00e3o das pessoas com 60 anos ou mais em v\u00e1rios campos, na busca por sua autorrealiza\u00e7\u00e3o, respeito e dignidade. Tamb\u00e9m ser\u00e3o bem-vindas contribui\u00e7\u00f5es que apresentem sugest\u00f5es para o desenvolvimento de pol\u00edticas p\u00fablicas direcionadas \u00e0 promo\u00e7\u00e3o do bem estar dessa faixa et\u00e1ria ou mesmo cr\u00edticas \u00e0s pol\u00edticas p\u00fablicas existentes em diferentes contextos. Tendo em vista as abordagens mais recentes do tema da inclus\u00e3o, a linha tem\u00e1tica tamb\u00e9m receber\u00e1 subs\u00eddios envolvendo discuss\u00f5es sobre quest\u00f5es de g\u00eanero e etnia.<\/span><\/p>\n<p><span style=\"font-family: helvetica, arial, sans-serif\"><strong><span style=\"font-size: 18pt;color: #800000\"><span style=\"color: #800023\">4.<\/span> <\/span><span style=\"font-size: 14pt\">Desenho Universal e Acessibilidade<\/span><br \/>\n<\/strong>Coordenadora: Profa. Dra. Celina Maria Britto Correa.<\/span><\/p>\n<p style=\"text-align: justify\"><span style=\"font-family: helvetica, arial, sans-serif\">Esta linha tem\u00e1tica tem como objetivo entender e discutir os desafios que uma pessoa com 60 anos ou mais encontra para viver em uma sociedade projetada para os mais jovens. O desenho universal, por conceito, refere-se \u00e0 inclus\u00e3o para todos, atrav\u00e9s de solu\u00e7\u00f5es de produtos, ambiente e cidade acess\u00edveis para todas as idades e fases da vida, tamanhos e habilidades de todos os usu\u00e1rios. O desenho universal \u00e9 determinante para a mudan\u00e7a de paradigma na Arquitetura e Urbanismo e na sociedade, pois leva \u00e0 democratiza\u00e7\u00e3o dos espa\u00e7os p\u00fablicos e privados. Sem d\u00favida, ambientes livres de barreiras f\u00edsicas determinam maior possibilidade de acesso e participa\u00e7\u00e3o, mas acessibilidade tamb\u00e9m pressup\u00f5e conscientiza\u00e7\u00e3o quanto \u00e0 necessidade de garantir a autonomia, a independ\u00eancia e a seguran\u00e7a na utiliza\u00e7\u00e3o de todos os espa\u00e7os, edifica\u00e7\u00f5es, mobili\u00e1rio e equipamentos urbanos. Todos t\u00eam o direito de ir e vir, sendo necess\u00e1rias a conviv\u00eancia e a participa\u00e7\u00e3o das pessoas, com respeito as suas diferen\u00e7as. Sendo assim, acessibilidade pode ser encarada como a possibilidade ou a facilidade de alcance aos meios ou lugares que permitam a mobilidade, o conv\u00edvio, o lazer, a educa\u00e7\u00e3o, a sa\u00fade e o trabalho. Acessibilidade \u00e9 mais do que a obedi\u00eancia \u00e0 normas e c\u00f3digos de constru\u00e7\u00e3o; diz respeito \u00e0 inclus\u00e3o social, ao direito ao alcance e \u00e0 praticidade de uso, permitindo a cada pessoa, viver com liberdade e dignidade.<\/span><\/p>\n<p><span style=\"font-family: helvetica, arial, sans-serif\"><strong><span style=\"font-size: 18pt;color: #800023\">5. <\/span><span style=\"font-size: 14pt\">Desafios da Habita\u00e7\u00e3o<\/span><br \/>\n<\/strong>Coordenadora: Profa. Dra. Nirce Saffer Medvedovski.<\/span><\/p>\n<p class=\"m_-8778451937597909285ydpb9a109f0yiv6858844376MsoNormal\" style=\"text-align: justify\"><span style=\"font-family: helvetica, arial, sans-serif\">O direito \u00e0 moradia \u00e9 um direito social que comp\u00f5e o postulado da dignidade da pessoa humana. Essa sess\u00e3o procura responder as seguintes perguntas: Como a garantia a esse direito para a popula\u00e7\u00e3o idosa est\u00e1 sendo equacionada pela sociedade? Quais as pol\u00edticas p\u00fablicas que garantem o pleno exerc\u00edcio deste direito? E como respondem os estudiosos sobre a terceira idade \u00e0 pergunta de qual a habita\u00e7\u00e3o adequada a essa popula\u00e7\u00e3o?\u00a0 Quais as necessidades e desejos do idoso em rela\u00e7\u00e3o \u00e0 materializa\u00e7\u00e3o desse direito? Quais as \u00a0rela\u00e7\u00f5es \u00a0da moradia com a mem\u00f3ria e identidade destes sujeitos? Estudos internacionais e no Brasil t\u00eam revelado que cerca de 95% das pessoas acima de 65 anos vivem em unidades privadas. Como se d\u00e1 o cotidiano do morador idoso em sua habita\u00e7\u00e3o, seu bairro e sua cidade? Qual o papel da moradia e do bairro num processo de envelhecimento saud\u00e1vel e ativo em diferentes contextos urbanos e culturais? Esta linha tem\u00e1tica procura contribuir para as quest\u00f5es levantadas trabalhando com os diferentes significados que a moradia e o \u00a0\u201csentir-se em casa\u201d adquire na terceira idade, favorecendo sua efetiva sistematiza\u00e7\u00e3o.<\/span><\/p>\n","protected":false},"excerpt":{"rendered":"<p>O Simp\u00f3sio prop\u00f5e discuss\u00f5es sobre o fen\u00f4meno do envelhecimento populacional no mundo globalizado que se caracteriza pelas grandes desigualdades entre grupos, pa\u00edses e na\u00e7\u00f5es. O Evento prop\u00f5e trazer pesquisadores, profissionais e acad\u00eamicos para discutir diretrizes de como projetar cidades saud\u00e1veis e amigas da idade. As linhas tem\u00e1ticas, nas quais os trabalhos podem ser inscritos, s\u00e3o: &hellip; <\/p>\n<p class=\"link-more\"><a href=\"https:\/\/wp.ufpel.edu.br\/placeage\/linhas-tematicas\/\" class=\"more-link\">Continue lendo<span class=\"screen-reader-text\"> &#8220;Linhas tem\u00e1ticas&#8221;<\/span><\/a><\/p>\n","protected":false},"author":717,"featured_media":1104,"parent":0,"menu_order":0,"comment_status":"closed","ping_status":"closed","template":"","meta":{"footnotes":""},"class_list":["post-153","page","type-page","status-publish","has-post-thumbnail","hentry"],"yoast_head":"<!-- This site is optimized with the Yoast SEO plugin v26.7 - https:\/\/yoast.com\/wordpress\/plugins\/seo\/ -->\n<title>Linhas tem\u00e1ticas - Ageing in Place in a World of Inequalities:<\/title>\n<meta name=\"robots\" content=\"index, follow, max-snippet:-1, max-image-preview:large, max-video-preview:-1\" \/>\n<link rel=\"canonical\" href=\"https:\/\/wp.ufpel.edu.br\/placeage\/linhas-tematicas\/\" \/>\n<meta property=\"og:locale\" content=\"pt_BR\" \/>\n<meta property=\"og:type\" content=\"article\" \/>\n<meta property=\"og:title\" content=\"Linhas tem\u00e1ticas - Ageing in Place in a World of Inequalities:\" \/>\n<meta property=\"og:description\" content=\"O Simp\u00f3sio prop\u00f5e discuss\u00f5es sobre o fen\u00f4meno do envelhecimento populacional no mundo globalizado que se caracteriza pelas grandes desigualdades entre grupos, pa\u00edses e na\u00e7\u00f5es. O Evento prop\u00f5e trazer pesquisadores, profissionais e acad\u00eamicos para discutir diretrizes de como projetar cidades saud\u00e1veis e amigas da idade. As linhas tem\u00e1ticas, nas quais os trabalhos podem ser inscritos, s\u00e3o: &hellip; Continue lendo &quot;Linhas tem\u00e1ticas&quot;\" \/>\n<meta property=\"og:url\" content=\"https:\/\/wp.ufpel.edu.br\/placeage\/linhas-tematicas\/\" \/>\n<meta property=\"og:site_name\" content=\"Ageing in Place in a World of Inequalities:\" \/>\n<meta property=\"article:modified_time\" content=\"2019-04-01T19:27:22+00:00\" \/>\n<meta property=\"og:image\" content=\"https:\/\/wp.ufpel.edu.br\/placeage\/files\/2019\/04\/linhas_tematicas_pt-03.jpg\" \/>\n\t<meta property=\"og:image:width\" content=\"1971\" \/>\n\t<meta property=\"og:image:height\" content=\"859\" \/>\n\t<meta property=\"og:image:type\" content=\"image\/jpeg\" \/>\n<meta name=\"twitter:card\" content=\"summary_large_image\" \/>\n<meta name=\"twitter:label1\" content=\"Est. tempo de leitura\" \/>\n\t<meta name=\"twitter:data1\" content=\"5 minutos\" \/>\n<script type=\"application\/ld+json\" class=\"yoast-schema-graph\">{\"@context\":\"https:\/\/schema.org\",\"@graph\":[{\"@type\":\"WebPage\",\"@id\":\"https:\/\/wp.ufpel.edu.br\/placeage\/linhas-tematicas\/\",\"url\":\"https:\/\/wp.ufpel.edu.br\/placeage\/linhas-tematicas\/\",\"name\":\"Linhas tem\u00e1ticas - Ageing in Place in a World of Inequalities:\",\"isPartOf\":{\"@id\":\"https:\/\/wp.ufpel.edu.br\/placeage\/#website\"},\"primaryImageOfPage\":{\"@id\":\"https:\/\/wp.ufpel.edu.br\/placeage\/linhas-tematicas\/#primaryimage\"},\"image\":{\"@id\":\"https:\/\/wp.ufpel.edu.br\/placeage\/linhas-tematicas\/#primaryimage\"},\"thumbnailUrl\":\"https:\/\/wp.ufpel.edu.br\/placeage\/files\/2019\/04\/linhas_tematicas_pt-03.jpg\",\"datePublished\":\"2019-03-20T18:28:15+00:00\",\"dateModified\":\"2019-04-01T19:27:22+00:00\",\"breadcrumb\":{\"@id\":\"https:\/\/wp.ufpel.edu.br\/placeage\/linhas-tematicas\/#breadcrumb\"},\"inLanguage\":\"pt-BR\",\"potentialAction\":[{\"@type\":\"ReadAction\",\"target\":[\"https:\/\/wp.ufpel.edu.br\/placeage\/linhas-tematicas\/\"]}]},{\"@type\":\"ImageObject\",\"inLanguage\":\"pt-BR\",\"@id\":\"https:\/\/wp.ufpel.edu.br\/placeage\/linhas-tematicas\/#primaryimage\",\"url\":\"https:\/\/wp.ufpel.edu.br\/placeage\/files\/2019\/04\/linhas_tematicas_pt-03.jpg\",\"contentUrl\":\"https:\/\/wp.ufpel.edu.br\/placeage\/files\/2019\/04\/linhas_tematicas_pt-03.jpg\",\"width\":1971,\"height\":859},{\"@type\":\"BreadcrumbList\",\"@id\":\"https:\/\/wp.ufpel.edu.br\/placeage\/linhas-tematicas\/#breadcrumb\",\"itemListElement\":[{\"@type\":\"ListItem\",\"position\":1,\"name\":\"In\u00edcio\",\"item\":\"https:\/\/wp.ufpel.edu.br\/placeage\/\"},{\"@type\":\"ListItem\",\"position\":2,\"name\":\"Linhas tem\u00e1ticas\"}]},{\"@type\":\"WebSite\",\"@id\":\"https:\/\/wp.ufpel.edu.br\/placeage\/#website\",\"url\":\"https:\/\/wp.ufpel.edu.br\/placeage\/\",\"name\":\"Symposium Ageing Inequalities\",\"description\":\"How to Design Healthy Cities for All | IAPS SYMPOSIUM 2019\",\"publisher\":{\"@id\":\"https:\/\/wp.ufpel.edu.br\/placeage\/#organization\"},\"potentialAction\":[{\"@type\":\"SearchAction\",\"target\":{\"@type\":\"EntryPoint\",\"urlTemplate\":\"https:\/\/wp.ufpel.edu.br\/placeage\/?s={search_term_string}\"},\"query-input\":{\"@type\":\"PropertyValueSpecification\",\"valueRequired\":true,\"valueName\":\"search_term_string\"}}],\"inLanguage\":\"pt-BR\"},{\"@type\":\"Organization\",\"@id\":\"https:\/\/wp.ufpel.edu.br\/placeage\/#organization\",\"name\":\"Syposium IAPS 2019\",\"url\":\"https:\/\/wp.ufpel.edu.br\/placeage\/\",\"logo\":{\"@type\":\"ImageObject\",\"inLanguage\":\"pt-BR\",\"@id\":\"https:\/\/wp.ufpel.edu.br\/placeage\/#\/schema\/logo\/image\/\",\"url\":\"https:\/\/wp.ufpel.edu.br\/placeage\/files\/2019\/04\/cropped-data-17-17-4.png\",\"contentUrl\":\"https:\/\/wp.ufpel.edu.br\/placeage\/files\/2019\/04\/cropped-data-17-17-4.png\",\"width\":411,\"height\":250,\"caption\":\"Syposium IAPS 2019\"},\"image\":{\"@id\":\"https:\/\/wp.ufpel.edu.br\/placeage\/#\/schema\/logo\/image\/\"}}]}<\/script>\n<!-- \/ Yoast SEO plugin. -->","yoast_head_json":{"title":"Linhas tem\u00e1ticas - Ageing in Place in a World of Inequalities:","robots":{"index":"index","follow":"follow","max-snippet":"max-snippet:-1","max-image-preview":"max-image-preview:large","max-video-preview":"max-video-preview:-1"},"canonical":"https:\/\/wp.ufpel.edu.br\/placeage\/linhas-tematicas\/","og_locale":"pt_BR","og_type":"article","og_title":"Linhas tem\u00e1ticas - Ageing in Place in a World of Inequalities:","og_description":"O Simp\u00f3sio prop\u00f5e discuss\u00f5es sobre o fen\u00f4meno do envelhecimento populacional no mundo globalizado que se caracteriza pelas grandes desigualdades entre grupos, pa\u00edses e na\u00e7\u00f5es. O Evento prop\u00f5e trazer pesquisadores, profissionais e acad\u00eamicos para discutir diretrizes de como projetar cidades saud\u00e1veis e amigas da idade. As linhas tem\u00e1ticas, nas quais os trabalhos podem ser inscritos, s\u00e3o: &hellip; Continue lendo \"Linhas tem\u00e1ticas\"","og_url":"https:\/\/wp.ufpel.edu.br\/placeage\/linhas-tematicas\/","og_site_name":"Ageing in Place in a World of Inequalities:","article_modified_time":"2019-04-01T19:27:22+00:00","og_image":[{"width":1971,"height":859,"url":"https:\/\/wp.ufpel.edu.br\/placeage\/files\/2019\/04\/linhas_tematicas_pt-03.jpg","type":"image\/jpeg"}],"twitter_card":"summary_large_image","twitter_misc":{"Est. tempo de leitura":"5 minutos"},"schema":{"@context":"https:\/\/schema.org","@graph":[{"@type":"WebPage","@id":"https:\/\/wp.ufpel.edu.br\/placeage\/linhas-tematicas\/","url":"https:\/\/wp.ufpel.edu.br\/placeage\/linhas-tematicas\/","name":"Linhas tem\u00e1ticas - Ageing in Place in a World of Inequalities:","isPartOf":{"@id":"https:\/\/wp.ufpel.edu.br\/placeage\/#website"},"primaryImageOfPage":{"@id":"https:\/\/wp.ufpel.edu.br\/placeage\/linhas-tematicas\/#primaryimage"},"image":{"@id":"https:\/\/wp.ufpel.edu.br\/placeage\/linhas-tematicas\/#primaryimage"},"thumbnailUrl":"https:\/\/wp.ufpel.edu.br\/placeage\/files\/2019\/04\/linhas_tematicas_pt-03.jpg","datePublished":"2019-03-20T18:28:15+00:00","dateModified":"2019-04-01T19:27:22+00:00","breadcrumb":{"@id":"https:\/\/wp.ufpel.edu.br\/placeage\/linhas-tematicas\/#breadcrumb"},"inLanguage":"pt-BR","potentialAction":[{"@type":"ReadAction","target":["https:\/\/wp.ufpel.edu.br\/placeage\/linhas-tematicas\/"]}]},{"@type":"ImageObject","inLanguage":"pt-BR","@id":"https:\/\/wp.ufpel.edu.br\/placeage\/linhas-tematicas\/#primaryimage","url":"https:\/\/wp.ufpel.edu.br\/placeage\/files\/2019\/04\/linhas_tematicas_pt-03.jpg","contentUrl":"https:\/\/wp.ufpel.edu.br\/placeage\/files\/2019\/04\/linhas_tematicas_pt-03.jpg","width":1971,"height":859},{"@type":"BreadcrumbList","@id":"https:\/\/wp.ufpel.edu.br\/placeage\/linhas-tematicas\/#breadcrumb","itemListElement":[{"@type":"ListItem","position":1,"name":"In\u00edcio","item":"https:\/\/wp.ufpel.edu.br\/placeage\/"},{"@type":"ListItem","position":2,"name":"Linhas tem\u00e1ticas"}]},{"@type":"WebSite","@id":"https:\/\/wp.ufpel.edu.br\/placeage\/#website","url":"https:\/\/wp.ufpel.edu.br\/placeage\/","name":"Symposium Ageing Inequalities","description":"How to Design Healthy Cities for All | IAPS SYMPOSIUM 2019","publisher":{"@id":"https:\/\/wp.ufpel.edu.br\/placeage\/#organization"},"potentialAction":[{"@type":"SearchAction","target":{"@type":"EntryPoint","urlTemplate":"https:\/\/wp.ufpel.edu.br\/placeage\/?s={search_term_string}"},"query-input":{"@type":"PropertyValueSpecification","valueRequired":true,"valueName":"search_term_string"}}],"inLanguage":"pt-BR"},{"@type":"Organization","@id":"https:\/\/wp.ufpel.edu.br\/placeage\/#organization","name":"Syposium IAPS 2019","url":"https:\/\/wp.ufpel.edu.br\/placeage\/","logo":{"@type":"ImageObject","inLanguage":"pt-BR","@id":"https:\/\/wp.ufpel.edu.br\/placeage\/#\/schema\/logo\/image\/","url":"https:\/\/wp.ufpel.edu.br\/placeage\/files\/2019\/04\/cropped-data-17-17-4.png","contentUrl":"https:\/\/wp.ufpel.edu.br\/placeage\/files\/2019\/04\/cropped-data-17-17-4.png","width":411,"height":250,"caption":"Syposium IAPS 2019"},"image":{"@id":"https:\/\/wp.ufpel.edu.br\/placeage\/#\/schema\/logo\/image\/"}}]}},"_links":{"self":[{"href":"https:\/\/wp.ufpel.edu.br\/placeage\/wp-json\/wp\/v2\/pages\/153","targetHints":{"allow":["GET"]}}],"collection":[{"href":"https:\/\/wp.ufpel.edu.br\/placeage\/wp-json\/wp\/v2\/pages"}],"about":[{"href":"https:\/\/wp.ufpel.edu.br\/placeage\/wp-json\/wp\/v2\/types\/page"}],"author":[{"embeddable":true,"href":"https:\/\/wp.ufpel.edu.br\/placeage\/wp-json\/wp\/v2\/users\/717"}],"replies":[{"embeddable":true,"href":"https:\/\/wp.ufpel.edu.br\/placeage\/wp-json\/wp\/v2\/comments?post=153"}],"version-history":[{"count":14,"href":"https:\/\/wp.ufpel.edu.br\/placeage\/wp-json\/wp\/v2\/pages\/153\/revisions"}],"predecessor-version":[{"id":1186,"href":"https:\/\/wp.ufpel.edu.br\/placeage\/wp-json\/wp\/v2\/pages\/153\/revisions\/1186"}],"wp:featuredmedia":[{"embeddable":true,"href":"https:\/\/wp.ufpel.edu.br\/placeage\/wp-json\/wp\/v2\/media\/1104"}],"wp:attachment":[{"href":"https:\/\/wp.ufpel.edu.br\/placeage\/wp-json\/wp\/v2\/media?parent=153"}],"curies":[{"name":"wp","href":"https:\/\/api.w.org\/{rel}","templated":true}]}}