{"id":55,"date":"2020-12-29T09:07:30","date_gmt":"2020-12-29T12:07:30","guid":{"rendered":"https:\/\/pibidquimicaufpel.wordpress.com\/?page_id=55"},"modified":"2021-01-27T16:29:31","modified_gmt":"2021-01-27T19:29:31","slug":"pagina-inicial-2","status":"publish","type":"page","link":"https:\/\/wp.ufpel.edu.br\/pibidquimica\/","title":{"rendered":"P\u00e1gina inicial"},"content":{"rendered":"\r\n<div class=\"wp-block-media-text alignfull has-media-on-the-right is-stacked-on-mobile is-image-fill has-primary-background-color has-background\">\r\n<figure class=\"wp-block-media-text__media\" style=\"background-image: url('https:\/\/wp.ufpel.edu.br\/pibidquimica\/files\/2020\/12\/quimica6.jpg?w=750');background-position: 50% 50%\"><img loading=\"lazy\" decoding=\"async\" width=\"1280\" height=\"720\" class=\"wp-image-65 size-full\" src=\"https:\/\/wp.ufpel.edu.br\/pibidquimica\/files\/2020\/12\/quimica6.jpg?w=750\" alt=\"\" srcset=\"https:\/\/wp.ufpel.edu.br\/pibidquimica\/files\/2020\/12\/quimica6.jpg 1280w, https:\/\/wp.ufpel.edu.br\/pibidquimica\/files\/2020\/12\/quimica6-400x225.jpg 400w, https:\/\/wp.ufpel.edu.br\/pibidquimica\/files\/2020\/12\/quimica6-1024x576.jpg 1024w, https:\/\/wp.ufpel.edu.br\/pibidquimica\/files\/2020\/12\/quimica6-768x432.jpg 768w\" sizes=\"auto, (max-width: 1280px) 100vw, 1280px\" \/><\/figure>\r\n<div class=\"wp-block-media-text__content\">\r\n<div class=\"wp-block-spacer\" style=\"height: 64px\" aria-hidden=\"true\">\u00a0<\/div>\r\n\r\n\r\n\r\n<h1 class=\"wp-block-heading\">Objetivos do Programa<\/h1>\r\n\r\n\r\n\r\n<p>Desenvolver atividades em n\u00edveis crescentes de complexidade em dire\u00e7\u00e3o \u00e0 autonomia do aluno em forma\u00e7\u00e3o;<\/p>\r\n<p>Incentivar o trabalho coletivo, disciplinar e interdisciplinar;<\/p>\r\n<p>Estimular os futuros professores \u00e0 inova\u00e7\u00e3o e \u00e0 criatividade (no planejamento de materiais did\u00e1ticos, nos planejamentos e a\u00e7\u00f5es com base em distintas abordagens e quest\u00f5es did\u00e1tico-pedag\u00f3gicas), contemplando a \u00e9tica profissional e a intera\u00e7\u00e3o entre pares;<\/p>\r\n<p>Aperfei\u00e7oar as habilidades de leitura, de escrita e de fala do licenciando;<\/p>\r\n<p>Estimular a publiciza\u00e7\u00e3o e a socializa\u00e7\u00e3o de trabalhos e participa\u00e7\u00e3o em eventos;<\/p>\r\n<p>Expor em forma de relato as experi\u00eancias no PIBID<br \/>visando a socializar as discuss\u00f5es e as atividades desenvolvidas no \u00e2mbito do PIBID.<\/p>\r\n\r\n\r\n\r\n<div class=\"wp-block-button is-style-outline is-style-outline--1\"><a class=\"wp-block-button__link has-background-color has-text-color\" href=\"https:\/\/wp.ufpel.edu.br\/pibidquimica\/contato\/\">Fale conosco<\/a><\/div>\r\n\r\n\r\n\r\n<div class=\"wp-block-spacer\" style=\"height: 64px\" aria-hidden=\"true\">\u00a0<\/div>\r\n<\/div>\r\n<\/div>\r\n<div class=\"wp-block-group alignfull has-background-background-color has-background\">\r\n<div class=\"wp-block-group__inner-container\">\r\n\r\n\r\n<h2 class=\"has-text-align-center margin-top-half wp-block-heading\">Sistema Pibid<\/h2>\r\n\r\n\r\n<hr class=\"wp-block-separator\" \/>\r\n\r\n\r\n<div class=\"wp-block-columns alignwide is-layout-flex wp-container-core-columns-is-layout-9d6595d7 wp-block-columns-is-layout-flex\">\r\n<div class=\"wp-block-column is-layout-flow wp-block-column-is-layout-flow\">\r\n<figure class=\"wp-block-image size-large\"><img loading=\"lazy\" decoding=\"async\" class=\"alignnone wp-image-144\" src=\"https:\/\/wp.ufpel.edu.br\/pibidquimica\/files\/2021\/01\/capes-400x370.png\" alt=\"\" width=\"198\" height=\"183\" srcset=\"https:\/\/wp.ufpel.edu.br\/pibidquimica\/files\/2021\/01\/capes-400x370.png 400w, https:\/\/wp.ufpel.edu.br\/pibidquimica\/files\/2021\/01\/capes-1024x948.png 1024w, https:\/\/wp.ufpel.edu.br\/pibidquimica\/files\/2021\/01\/capes-768x711.png 768w, https:\/\/wp.ufpel.edu.br\/pibidquimica\/files\/2021\/01\/capes-1536x1422.png 1536w, https:\/\/wp.ufpel.edu.br\/pibidquimica\/files\/2021\/01\/capes-2048x1896.png 2048w\" sizes=\"auto, (max-width: 198px) 100vw, 198px\" \/><\/figure>\r\n<figure class=\"wp-block-image size-large\">\u00a0 \u00a0 \u00a0 \u00a0 \u00a0 \u00a0 \u00a0 \u00a0<a href=\"https:\/\/www.gov.br\/capes\/pt-br\">Funda\u00e7\u00e3o Capes<\/a><\/figure>\r\n\r\n\r\n<\/div>\r\n\r\n\r\n\r\n<div class=\"wp-block-column is-layout-flow wp-block-column-is-layout-flow\">\r\n<figure class=\"wp-block-image size-large\"><img loading=\"lazy\" decoding=\"async\" class=\"alignnone wp-image-207\" src=\"https:\/\/wp.ufpel.edu.br\/pibidquimica\/files\/2021\/01\/ufpelwide-400x225.jpg\" alt=\"\" width=\"325\" height=\"183\" srcset=\"https:\/\/wp.ufpel.edu.br\/pibidquimica\/files\/2021\/01\/ufpelwide-400x225.jpg 400w, https:\/\/wp.ufpel.edu.br\/pibidquimica\/files\/2021\/01\/ufpelwide.jpg 599w\" sizes=\"auto, (max-width: 325px) 100vw, 325px\" \/><\/figure>\r\n\r\n\r\n\r\n<p style=\"text-align: center\"><a href=\"http:\/\/portal.ufpel.edu.br\/\">UFPEL<\/a><\/p>\r\n<\/div>\r\n\r\n\r\n\r\n<div class=\"wp-block-column is-layout-flow wp-block-column-is-layout-flow\">\r\n<figure class=\"wp-block-image size-large\"><img loading=\"lazy\" decoding=\"async\" class=\"alignnone wp-image-141 size-full\" src=\"https:\/\/wp.ufpel.edu.br\/pibidquimica\/files\/2020\/12\/parceira-3.jpg\" alt=\"\" width=\"296\" height=\"170\" \/><\/figure>\r\n\r\n\r\n\r\n<p style=\"text-align: center\"><a href=\"https:\/\/wp.ufpel.edu.br\/pibidquimica\/blog\/\">Escolas Parceiras<\/a><\/p>\r\n<\/div>\r\n<\/div>\r\n\r\n\r\n\r\n<div class=\"wp-block-spacer\" style=\"height: 32px\" aria-hidden=\"true\">\u00a0<\/div>\r\n<\/div>\r\n<\/div>\r\n\r\n\r\n\r\n<div class=\"wp-block-cover alignfull has-background-dim-30 has-background-dim\" style=\"background-image: url('https:\/\/wp.ufpel.edu.br\/pibidquimica\/files\/2020\/12\/escola.jpg')\">\r\n<div class=\"wp-block-cover__inner-container is-layout-flow wp-block-cover-is-layout-flow\">\r\n<div class=\"wp-block-spacer\" style=\"height: 32px\" aria-hidden=\"true\">\u00a0<\/div>\r\n\r\n\r\n\r\n<p class=\"has-text-align-center margin-bottom-half has-small-font-size\">\u00a0 \u00a0 \u00a0 \u00a0 \u00a0 \u00a0 \u00a0 \u00a0 \u00a0 \u00a0 \u00a0 \u00a0 \u00a0 \u00a0 \u00a0<\/p>\r\n\r\n\r\n\r\n<h2 class=\"has-text-align-center margin-top-half wp-block-heading\">\u00a0Voc\u00ea estudante de Licenciatura venha fazer parte da nossa equipe<\/h2>\r\n\r\n\r\n<hr class=\"wp-block-separator\" \/>\r\n\r\n\r\n<div class=\"wp-block-columns alignwide is-layout-flex wp-container-core-columns-is-layout-9d6595d7 wp-block-columns-is-layout-flex\">\r\n<div class=\"wp-block-column is-layout-flow wp-block-column-is-layout-flow\">\r\n<h2 class=\"has-text-align-center margin-bottom-none wp-block-heading\">\u00a0<\/h2>\r\n\r\n\r\n<\/div>\r\n<div class=\"wp-block-column\">\r\n<p class=\"has-text-align-center margin-top-none\">\u00a0<\/p>\r\n<\/div>\r\n<\/div>\r\n\r\n\r\n\r\n<div class=\"wp-block-spacer\" style=\"height: 32px\" aria-hidden=\"true\">\u00a0<\/div>\r\n<\/div>\r\n<\/div>\r\n\r\n\r\n\r\n<div class=\"wp-block-group alignfull\">\r\n<div class=\"wp-block-group__inner-container is-layout-flow wp-block-group-is-layout-flow\">\r\n<div class=\"wp-block-spacer\" style=\"height: 32px\" aria-hidden=\"true\">\u00a0<\/div>\r\n\r\n\r\n\r\n<div class=\"wp-block-media-text alignwide is-stacked-on-mobile is-image-fill\">\r\n<figure class=\"wp-block-media-text__media\" style=\"background-image: url('https:\/\/wp.ufpel.edu.br\/pibidquimica\/files\/2020\/12\/escola2.jpeg?w=1024');background-position: 50% 50%\"><img loading=\"lazy\" decoding=\"async\" width=\"2120\" height=\"1414\" class=\"wp-image-92 size-full\" src=\"https:\/\/wp.ufpel.edu.br\/pibidquimica\/files\/2020\/12\/escola2.jpeg?w=1024\" alt=\"\" srcset=\"https:\/\/wp.ufpel.edu.br\/pibidquimica\/files\/2020\/12\/escola2.jpeg 2120w, https:\/\/wp.ufpel.edu.br\/pibidquimica\/files\/2020\/12\/escola2-400x267.jpeg 400w, https:\/\/wp.ufpel.edu.br\/pibidquimica\/files\/2020\/12\/escola2-1024x683.jpeg 1024w, https:\/\/wp.ufpel.edu.br\/pibidquimica\/files\/2020\/12\/escola2-768x512.jpeg 768w, https:\/\/wp.ufpel.edu.br\/pibidquimica\/files\/2020\/12\/escola2-1536x1024.jpeg 1536w, https:\/\/wp.ufpel.edu.br\/pibidquimica\/files\/2020\/12\/escola2-2048x1366.jpeg 2048w\" sizes=\"auto, (max-width: 2120px) 100vw, 2120px\" \/><\/figure>\r\n<div class=\"wp-block-media-text__content\">\r\n<div class=\"wp-block-spacer\" style=\"height: 32px\" aria-hidden=\"true\">\u00a0<\/div>\r\n\r\n\r\n\r\n<h3 class=\"wp-block-heading\" style=\"text-align: justify\">Qual a\u00a0 import\u00e2ncia do PIBID?<\/h3>\r\n\r\n\r\n\r\n<p style=\"text-align: justify\">O PIBID \u00e9 de grande import\u00e2ncia pois:<\/p>\r\n\r\n\r\n\r\n<ul class=\"wp-block-list\">\r\n<li style=\"text-align: justify\"><strong>Auxilia no desenvolvimento do licenciando ao coloc\u00e1-lo em contato com professores e alunos de escolas p\u00fablicas e algumas de suas demandas;\u00a0<\/strong><\/li>\r\n<\/ul>\r\n<p>&nbsp;<\/p>\r\n<ul>\r\n<li style=\"text-align: justify\"><b>Promove o trabalho em equipe entre licenciandos e professores para a produ\u00e7\u00e3o de textos acad\u00eamicos e o desenvolvimento de atividades e materiais did\u00e1ticos, sejam eles experimentos em laborat\u00f3rios, jogos, entre outros;<\/b><\/li>\r\n<\/ul>\r\n<p>&nbsp;<\/p>\r\n<ul>\r\n<li style=\"text-align: justify\"><strong>Coloca os licenciandos em contato com documentos oficiais de ensino, al\u00e9m de diferentes debates te\u00f3rico-pr\u00e1ticos e de inova\u00e7\u00e3o nessa \u00e1rea.<\/strong><\/li>\r\n<\/ul>\r\n<p>&nbsp;<\/p>\r\n<ul>\r\n<li><strong>Aperfei\u00e7oa as habilidades de orat\u00f3ria e escrita dos licenciandos, de forma a inici\u00e1-los na doc\u00eancia.<\/strong><\/li>\r\n<\/ul>\r\n\r\n\r\n\r\n<div class=\"wp-block-spacer\" style=\"height: 32px\" aria-hidden=\"true\">\u00a0<\/div>\r\n<\/div>\r\n<\/div>\r\n\r\n\r\n\r\n<div class=\"wp-block-spacer\" style=\"height: 32px\" aria-hidden=\"true\">\u00a0<\/div>\r\n<\/div>\r\n<\/div>\r\n","protected":false},"excerpt":{"rendered":"<p>Qual a\u00a0 import\u00e2ncia do PIBID? O PIBID \u00e9 de grande import\u00e2ncia pois: Auxilia no desenvolvimento do licenciando ao coloc\u00e1-lo em contato com professores e alunos de escolas p\u00fablicas e algumas de suas demandas;\u00a0 &nbsp; Promove o trabalho em equipe entre licenciandos e professores para a produ\u00e7\u00e3o de textos acad\u00eamicos e o desenvolvimento de atividades e &hellip; <a href=\"https:\/\/wp.ufpel.edu.br\/pibidquimica\/\" class=\"more-link\">Continue lendo <span class=\"screen-reader-text\">P\u00e1gina inicial<\/span> <span class=\"meta-nav\">&rarr;<\/span><\/a><\/p>\n","protected":false},"author":1097,"featured_media":0,"parent":0,"menu_order":0,"comment_status":"closed","ping_status":"closed","template":"","meta":{"footnotes":""},"class_list":["post-55","page","type-page","status-publish","hentry"],"_links":{"self":[{"href":"https:\/\/wp.ufpel.edu.br\/pibidquimica\/wp-json\/wp\/v2\/pages\/55","targetHints":{"allow":["GET"]}}],"collection":[{"href":"https:\/\/wp.ufpel.edu.br\/pibidquimica\/wp-json\/wp\/v2\/pages"}],"about":[{"href":"https:\/\/wp.ufpel.edu.br\/pibidquimica\/wp-json\/wp\/v2\/types\/page"}],"author":[{"embeddable":true,"href":"https:\/\/wp.ufpel.edu.br\/pibidquimica\/wp-json\/wp\/v2\/users\/1097"}],"replies":[{"embeddable":true,"href":"https:\/\/wp.ufpel.edu.br\/pibidquimica\/wp-json\/wp\/v2\/comments?post=55"}],"version-history":[{"count":21,"href":"https:\/\/wp.ufpel.edu.br\/pibidquimica\/wp-json\/wp\/v2\/pages\/55\/revisions"}],"predecessor-version":[{"id":287,"href":"https:\/\/wp.ufpel.edu.br\/pibidquimica\/wp-json\/wp\/v2\/pages\/55\/revisions\/287"}],"wp:attachment":[{"href":"https:\/\/wp.ufpel.edu.br\/pibidquimica\/wp-json\/wp\/v2\/media?parent=55"}],"curies":[{"name":"wp","href":"https:\/\/api.w.org\/{rel}","templated":true}]}}