{"id":316,"date":"2021-06-28T21:18:31","date_gmt":"2021-06-29T00:18:31","guid":{"rendered":"https:\/\/wp.ufpel.edu.br\/pibidquimica\/?page_id=316"},"modified":"2021-06-29T17:09:32","modified_gmt":"2021-06-29T20:09:32","slug":"auxilio-para-o-pave-etapa-3","status":"publish","type":"page","link":"https:\/\/wp.ufpel.edu.br\/pibidquimica\/auxilio-para-o-pave-etapa-3\/","title":{"rendered":"Aux\u00edlio para o Pave (Etapa 3)"},"content":{"rendered":"<h6>E a\u00ed galerinha, tudo bem? N\u00f3s, somos o PIBID Qu\u00edmica UFPel, e estamos aqui, te esperando para a aprova\u00e7\u00e3o em todas as etapas do PAVE (Programa de Avalia\u00e7\u00e3o da Vida Escolar)<\/h6>\n<h6>O PAVE te concede uma futura vaga no nosso Sistema Federal de ensino. Vulgo, gradua\u00e7\u00e3o.<\/h6>\n<h6>E com esses pontos, precisamos te trazer alguns refor\u00e7os para que voc\u00ea suceda na sua batalha. Tanto no PAVE, quanto no ENEM. Ent\u00e3o, fique atento nas pr\u00f3ximas postagens que te traremos para auxili\u00e1-lo nos teus estudos.<\/h6>\n<h4><em><b>QU\u00cdMICA (Assuntos Terceira Etapa):<\/b><\/em><\/h4>\n<p><strong>1. COMPOSTOS ORG\u00c2NICOS.<\/strong><br \/>\n1.1 Evolu\u00e7\u00e3o da qu\u00edmica Org\u00e2nica;<br \/>\n1.2 Hibridiza\u00e7\u00e3o do carbono;<br \/>\n1.3 Liga\u00e7\u00e3o entre \u00e1tomos de carbono;<br \/>\n1.4 Classifica\u00e7\u00e3o dos \u00e1tomos de carbono;<br \/>\n1.5 Classifica\u00e7\u00e3o das cadeias carb\u00f4nicas.<br \/>\n<strong>2. FUN\u00c7\u00d5ES ORG\u00c2NICAS.<\/strong><br \/>\n2.1 Hidrocarbonetos alif\u00e1ticos;<br \/>\n2.2 Hidrocarboneto alic\u00edclicos;<br \/>\n2.3 Hidrocarboneto Arom\u00e1ticos;<br \/>\n2.4 Fun\u00e7\u00f5es Oxigenadas: \u00e1lcoois, enol, fenol, alde\u00eddos, cetonas, \u00e9teres, \u00e9steres, \u00e1cidos carbox\u00edlicos;<br \/>\n2.5 Fun\u00e7\u00f5es Nitrogenadas: Aminas, amidas, nitrilas, isonitrilas e nitrocompostos;<br \/>\n2.6 Haletos Org\u00e2nicos.<br \/>\n<strong>3. ISOMERIA.<\/strong><br \/>\n3.1 Isomeria Plana;<br \/>\n3.2 Isomeria espacial: geom\u00e9trica e \u00f3tica.<br \/>\n<strong>4. REA\u00c7\u00d5ES QU\u00cdMICAS ORG\u00c2NICAS.<\/strong><br \/>\n4.1 Oxida\u00e7\u00e3o;<br \/>\n4.2 Redu\u00e7\u00e3o;<br \/>\n4.3 Adi\u00e7\u00e3o;<br \/>\n4.4 Esterifica\u00e7\u00e3o;<br \/>\n4.5 Substitui\u00e7\u00e3o;<br \/>\n4.6 Combust\u00e3o.<br \/>\n<strong>5. NO\u00c7\u00d5ES B\u00c1SICAS SOBRE BIOQU\u00cdMICA:<\/strong> Defini\u00e7\u00e3o, propriedades e classifica\u00e7\u00e3o.<br \/>\n5.1Glic\u00eddios;<br \/>\n5.2 Lip\u00eddios;<br \/>\n5.3 Amino\u00e1cidos;<br \/>\n5.4 Prote\u00ednas;<br \/>\n5.5 Pol\u00edmeros.<\/p>\n<p>COMPOSTOS ORG\u00c2NICOS.<\/p>\n<p>Evolu\u00e7\u00e3o da qu\u00edmica Org\u00e2nica;<\/p>\n<p><iframe loading=\"lazy\" title=\"QO01 - Histo\u0301rico da Qui\u0301mica Orga\u0302nica (1\/11) [Org\u00e2nica]\" width=\"474\" height=\"267\" src=\"https:\/\/www.youtube.com\/embed\/nq6WuHFmPsQ?feature=oembed\" frameborder=\"0\" allow=\"accelerometer; autoplay; clipboard-write; encrypted-media; gyroscope; picture-in-picture; web-share\" referrerpolicy=\"strict-origin-when-cross-origin\" allowfullscreen><\/iframe><\/p>\n<p>Professor Paulo Valim, abordando superficialmente, sem muitos aprofundamentos alguns t\u00f3picos importantes, em n\u00edvel de ensino m\u00e9dio, algumas no\u00e7\u00f5es da hist\u00f3ria da qu\u00edmica org\u00e2nica, elencando algumas particularidades interessantes, tais quais:<\/p>\n<p>&#8211; Propriedades dos compostos org\u00e2nicos:<\/p>\n<p>&#8211; polaridade, solubilidade, for\u00e7as intermoleculares, estados f\u00edsicos, ponto de fus\u00e3o e ebuli\u00e7\u00e3o, combustibilidade.<\/p>\n<p>&#8211; Compostos org\u00e2nicos no nosso dia-a-dia, trazendo exemplos de situa\u00e7\u00f5es que podem e acontecem diariamente conosco.<\/p>\n<p>&nbsp;<\/p>\n<p>Hibridiza\u00e7\u00e3o do carbono;<\/p>\n<p><iframe loading=\"lazy\" title=\"QO01 - Histo\u0301rico da Qui\u0301mica Orga\u0302nica (1\/11) [Org\u00e2nica]\" width=\"474\" height=\"267\" src=\"https:\/\/www.youtube.com\/embed\/nq6WuHFmPsQ?feature=oembed\" frameborder=\"0\" allow=\"accelerometer; autoplay; clipboard-write; encrypted-media; gyroscope; picture-in-picture; web-share\" referrerpolicy=\"strict-origin-when-cross-origin\" allowfullscreen><\/iframe><\/p>\n<p>Este v\u00eddeo, d\u00e1 uma ideia geral sobre a hibridiza\u00e7\u00e3o do carbono, mostrando que s\u00e3o os fen\u00f4menos que ocorrem com alguns elementos qu\u00edmicos (F\u00f3sforo, enxofre e carbono), permitindo que estes elementos sejam mais propensos a fazerem quatro liga\u00e7\u00f5es qu\u00edmicas, neste modelo temos a no\u00e7\u00e3o de que o carbono realiza quatro liga\u00e7\u00f5es ap\u00f3s sofrer este fen\u00f4meno.<\/p>\n<p>Exerc\u00edcios hibridiza\u00e7\u00e3o do carbono:<\/p>\n<p><iframe loading=\"lazy\" title=\"Hibrida\u00e7\u00e3o do carbono e demais \u00e1tomos - ENEM 2019 - Dica r\u00e1pida\" width=\"474\" height=\"267\" src=\"https:\/\/www.youtube.com\/embed\/oM-R79QiqFc?feature=oembed\" frameborder=\"0\" allow=\"accelerometer; autoplay; clipboard-write; encrypted-media; gyroscope; picture-in-picture; web-share\" referrerpolicy=\"strict-origin-when-cross-origin\" allowfullscreen><\/iframe><\/p>\n<p>Classifica\u00e7\u00e3o dos \u00e1tomos de carbono;<\/p>\n<p><iframe loading=\"lazy\" title=\"QU\u00cdMICA ORG\u00c2NICA  - AULA II   CLASSIFICA\u00c7\u00c3O DOS \u00c1TOMOS DE CARBONO\" width=\"474\" height=\"267\" src=\"https:\/\/www.youtube.com\/embed\/ihrj57n-4hc?feature=oembed\" frameborder=\"0\" allow=\"accelerometer; autoplay; clipboard-write; encrypted-media; gyroscope; picture-in-picture; web-share\" referrerpolicy=\"strict-origin-when-cross-origin\" allowfullscreen><\/iframe><\/p>\n<p>Nesta v\u00eddeo-aula, voc\u00ea poder\u00e1 perceber como as classifica\u00e7\u00f5es do carbono ocorrem, como podemos fazer as contagens de carbono de acordo com suas posi\u00e7\u00f5es na formula estrutural.<br \/>\nExerc\u00edcios sobre a classifica\u00e7\u00e3o de \u00e1tomos de carbono:<\/p>\n<p><iframe loading=\"lazy\" title=\"Classifica\u00e7\u00e3o do \u00c1tomo de Carbono\" width=\"474\" height=\"267\" src=\"https:\/\/www.youtube.com\/embed\/sO6TIyuaojE?feature=oembed\" frameborder=\"0\" allow=\"accelerometer; autoplay; clipboard-write; encrypted-media; gyroscope; picture-in-picture; web-share\" referrerpolicy=\"strict-origin-when-cross-origin\" allowfullscreen><\/iframe><\/p>\n<p>&nbsp;<\/p>\n<p>Classifica\u00e7\u00e3o das cadeias carb\u00f4nicas.<\/p>\n<p><iframe loading=\"lazy\" title=\"CLASSIFICA\u00c7\u00c3O DE CADEIAS CARB\u00d4NICAS\" width=\"474\" height=\"267\" src=\"https:\/\/www.youtube.com\/embed\/p8h7m8mMiJg?feature=oembed\" frameborder=\"0\" allow=\"accelerometer; autoplay; clipboard-write; encrypted-media; gyroscope; picture-in-picture; web-share\" referrerpolicy=\"strict-origin-when-cross-origin\" allowfullscreen><\/iframe><\/p>\n<p>Exerc\u00edcios classifica\u00e7\u00e3o das cadeias carb\u00f4nicas:<\/p>\n<p><iframe loading=\"lazy\" title=\"[EXERC\u00cdCIOS] CLASSIFICA\u00c7\u00c3O DE CADEIAS\" width=\"474\" height=\"267\" src=\"https:\/\/www.youtube.com\/embed\/PlTFlm0YYXw?feature=oembed\" frameborder=\"0\" allow=\"accelerometer; autoplay; clipboard-write; encrypted-media; gyroscope; picture-in-picture; web-share\" referrerpolicy=\"strict-origin-when-cross-origin\" allowfullscreen><\/iframe><\/p>\n<p>Nesta participa\u00e7\u00e3o muito importante de compostos carb\u00f4nicos, te ajudaremos a compreender a nomenclatura das cadeias com o professor Gabriel Cabral.<\/p>\n<p>&nbsp;<\/p>\n<p>FUN\u00c7\u00d5ES ORG\u00c2NICAS.<\/p>\n<p>2.1 Hidrocarbonetos alif\u00e1ticos<\/p>\n<p><iframe loading=\"lazy\" title=\"Nomenclatura de Hidrocarbonetos arom\u00e1ticos.\" width=\"474\" height=\"267\" src=\"https:\/\/www.youtube.com\/embed\/q6MEF5wUPhw?feature=oembed\" frameborder=\"0\" allow=\"accelerometer; autoplay; clipboard-write; encrypted-media; gyroscope; picture-in-picture; web-share\" referrerpolicy=\"strict-origin-when-cross-origin\" allowfullscreen><\/iframe><\/p>\n<p>A partir deste momento, estamos entrando em uma parte da qu\u00edmica, onde estudamos oque nos cerca, oque h\u00e1 de qu\u00edmica em tudo, podemos perceber que n\u00e3o estamos falando somente de hidrocarbonetos, e sim, de muitos compostos de carbono que estudar\u00e1s nas pr\u00f3ximas aulas, fique atento!<\/p>\n<p>Exerc\u00edcios hidrocarbonetos alif\u00e1ticos:<\/p>\n<p><iframe loading=\"lazy\" title=\"RESOLU\u00c7\u00c3O DE EXERC\u00cdCIOS Hidrocarbonetos arom\u00e1ticos\" width=\"474\" height=\"356\" src=\"https:\/\/www.youtube.com\/embed\/4USIVP_xoM4?feature=oembed\" frameborder=\"0\" allow=\"accelerometer; autoplay; clipboard-write; encrypted-media; gyroscope; picture-in-picture; web-share\" referrerpolicy=\"strict-origin-when-cross-origin\" allowfullscreen><\/iframe><\/p>\n<p>&nbsp;<\/p>\n<p>2.2 Hidrocarboneto alic\u00edclicos;<\/p>\n<p><iframe loading=\"lazy\" title=\"Aula 4 - Nomenclatura de Hidrocarbonetos C\u00edclicos (Alic\u00edclicos)\" width=\"474\" height=\"267\" src=\"https:\/\/www.youtube.com\/embed\/oUoMoeD1H50?feature=oembed\" frameborder=\"0\" allow=\"accelerometer; autoplay; clipboard-write; encrypted-media; gyroscope; picture-in-picture; web-share\" referrerpolicy=\"strict-origin-when-cross-origin\" allowfullscreen><\/iframe><\/p>\n<p>Exerc\u00edcios hidrocarbonetos aliciclicos<\/p>\n<p><iframe loading=\"lazy\" title=\"Resolu\u00e7\u00e3o de exerc\u00edcios sobre nomenclatura de hidrocarbonetos de cadeia fechada.\" width=\"474\" height=\"267\" src=\"https:\/\/www.youtube.com\/embed\/dEkqF-XOCKY?feature=oembed\" frameborder=\"0\" allow=\"accelerometer; autoplay; clipboard-write; encrypted-media; gyroscope; picture-in-picture; web-share\" referrerpolicy=\"strict-origin-when-cross-origin\" allowfullscreen><\/iframe><\/p>\n<p>2.3 Hidrocarboneto Arom\u00e1ticos<\/p>\n<p><iframe loading=\"lazy\" title=\"Hidrocarbonetos Arom\u00e1ticos #15\" width=\"474\" height=\"267\" src=\"https:\/\/www.youtube.com\/embed\/U8Qkcub8HNo?feature=oembed\" frameborder=\"0\" allow=\"accelerometer; autoplay; clipboard-write; encrypted-media; gyroscope; picture-in-picture; web-share\" referrerpolicy=\"strict-origin-when-cross-origin\" allowfullscreen><\/iframe><\/p>\n<p>Exerc\u00edcios hidrocarbonetos arom\u00e1ticos:<\/p>\n<p>&nbsp;<\/p>\n<p>; 2.4 Fun\u00e7\u00f5es Oxigenadas: \u00e1lcoois, enol, fenol, alde\u00eddos, cetonas, \u00e9teres, \u00e9steres, \u00e1cidos carbox\u00edlicos;<\/p>\n<p><iframe loading=\"lazy\" title=\"FUN\u00c7\u00d5ES ORG\u00c2NICAS OXIGENADAS - \u00e1lcoois- fen\u00f3is- en\u00f3is- alde\u00eddos-cetonas-\u00e1cidos carbox\u00edlicos...\" width=\"474\" height=\"267\" src=\"https:\/\/www.youtube.com\/embed\/83yLiBEv4mM?feature=oembed\" frameborder=\"0\" allow=\"accelerometer; autoplay; clipboard-write; encrypted-media; gyroscope; picture-in-picture; web-share\" referrerpolicy=\"strict-origin-when-cross-origin\" allowfullscreen><\/iframe><\/p>\n<p>Nesta v\u00eddeo-aula, trazemos um resumo para o PAVE, que corrobora com todas as fun\u00e7\u00f5es oxigenadas!<\/p>\n<p><iframe loading=\"lazy\" title=\"REVIS\u00c3O DE FUN\u00c7\u00d5ES ORG\u00c2NICAS (em Exerc\u00edcios) - Revis\u00e3o de Prova - Prof. Marcel\u00e3o\" width=\"474\" height=\"267\" src=\"https:\/\/www.youtube.com\/embed\/UPHZckCQRbE?feature=oembed\" frameborder=\"0\" allow=\"accelerometer; autoplay; clipboard-write; encrypted-media; gyroscope; picture-in-picture; web-share\" referrerpolicy=\"strict-origin-when-cross-origin\" allowfullscreen><\/iframe><\/p>\n<p>exerc\u00edcios sobre fun\u00e7\u00f5es oxigenadas.<\/p>\n<p>2.5 Fun\u00e7\u00f5es Nitrogenadas: Aminas, amidas, nitrilas, isonitrilas e nitrocompostos;<\/p>\n<p><iframe loading=\"lazy\" title=\"Fun\u00e7\u00f5es Nitrogenadas - Resum\u00e3o Top\" width=\"474\" height=\"267\" src=\"https:\/\/www.youtube.com\/embed\/CHjlFHOLtUM?feature=oembed\" frameborder=\"0\" allow=\"accelerometer; autoplay; clipboard-write; encrypted-media; gyroscope; picture-in-picture; web-share\" referrerpolicy=\"strict-origin-when-cross-origin\" allowfullscreen><\/iframe><\/p>\n<p>Exerc\u00edcios sobre fun\u00e7\u00f5es nitrogenadas:<\/p>\n<p><iframe loading=\"lazy\" title=\"EXERC\u00cdCIOS DE FUN\u00c7\u00d5ES ORG\u00c2NICAS NITROGENADAS\" width=\"474\" height=\"267\" src=\"https:\/\/www.youtube.com\/embed\/puXLhRbbypQ?feature=oembed\" frameborder=\"0\" allow=\"accelerometer; autoplay; clipboard-write; encrypted-media; gyroscope; picture-in-picture; web-share\" referrerpolicy=\"strict-origin-when-cross-origin\" allowfullscreen><\/iframe><\/p>\n<p>2.6 Haletos Org\u00e2nicos.<\/p>\n<p><iframe loading=\"lazy\" title=\"HALETOS ORG\u00c2NICOS: Nomenclatura, Exemplos e Aplica\u00e7\u00f5es | Aula 11\" width=\"474\" height=\"267\" src=\"https:\/\/www.youtube.com\/embed\/2rRuVh3BCKI?feature=oembed\" frameborder=\"0\" allow=\"accelerometer; autoplay; clipboard-write; encrypted-media; gyroscope; picture-in-picture; web-share\" referrerpolicy=\"strict-origin-when-cross-origin\" allowfullscreen><\/iframe><\/p>\n<p>Exerc\u00edcios sobre Haletos org\u00e2nicos:<\/p>\n<p>&nbsp;<\/p>\n<p>&nbsp;<\/p>\n<p><iframe loading=\"lazy\" title=\"Haletos Org\u00e2nicos (F\u00c1CIL E R\u00c1PIDO)\" width=\"474\" height=\"267\" src=\"https:\/\/www.youtube.com\/embed\/TrE9e7H8Qkg?feature=oembed\" frameborder=\"0\" allow=\"accelerometer; autoplay; clipboard-write; encrypted-media; gyroscope; picture-in-picture; web-share\" referrerpolicy=\"strict-origin-when-cross-origin\" allowfullscreen><\/iframe><\/p>\n<p>&nbsp;<\/p>\n<ol start=\"3\">\n<li>ISOMERIA.<\/li>\n<\/ol>\n<p><iframe loading=\"lazy\" title=\"Isomeria - Brasil Escola\" width=\"474\" height=\"267\" src=\"https:\/\/www.youtube.com\/embed\/LrhQ3V2Y_m8?feature=oembed\" frameborder=\"0\" allow=\"accelerometer; autoplay; clipboard-write; encrypted-media; gyroscope; picture-in-picture; web-share\" referrerpolicy=\"strict-origin-when-cross-origin\" allowfullscreen><\/iframe><\/p>\n<p>3.1 Isomeria Plana;<\/p>\n<p><iframe loading=\"lazy\" title=\"Defini\u00e7\u00e3o de Isomeria | Aula 24\" width=\"474\" height=\"267\" src=\"https:\/\/www.youtube.com\/embed\/jySOYVGJdhQ?feature=oembed\" frameborder=\"0\" allow=\"accelerometer; autoplay; clipboard-write; encrypted-media; gyroscope; picture-in-picture; web-share\" referrerpolicy=\"strict-origin-when-cross-origin\" allowfullscreen><\/iframe><\/p>\n<p>Exerc\u00edcios did\u00e1ticos para isomeria plana (cont\u00e9m desenhos de estruturas para identifica\u00e7\u00e3o) atente-se.<\/p>\n<p>3.2 Isomeria espacial: geom\u00e9trica e \u00f3tica.<\/p>\n<p><iframe loading=\"lazy\" title=\"Isomeria Espacial | Revis\u00e3o\" width=\"474\" height=\"267\" src=\"https:\/\/www.youtube.com\/embed\/Okcl3y3J8e8?feature=oembed\" frameborder=\"0\" allow=\"accelerometer; autoplay; clipboard-write; encrypted-media; gyroscope; picture-in-picture; web-share\" referrerpolicy=\"strict-origin-when-cross-origin\" allowfullscreen><\/iframe><\/p>\n<p>Exerc\u00edcios para isomeria geom\u00e9trica:<\/p>\n<p><iframe loading=\"lazy\" title=\"Qu\u00edmica - Isomeria Espacial Geom\u00e9trica (Cis trans) exerc\u00edcios 02\" width=\"474\" height=\"267\" src=\"https:\/\/www.youtube.com\/embed\/Q-Geg1txwhQ?feature=oembed\" frameborder=\"0\" allow=\"accelerometer; autoplay; clipboard-write; encrypted-media; gyroscope; picture-in-picture; web-share\" referrerpolicy=\"strict-origin-when-cross-origin\" allowfullscreen><\/iframe><\/p>\n<p>Exerc\u00edcios para isomeria \u00f3tica:<\/p>\n<p><iframe loading=\"lazy\" title=\"Isomeria \u00d3ptica | Exerc\u00edcio Resolvido UERJ\" width=\"474\" height=\"267\" src=\"https:\/\/www.youtube.com\/embed\/VVcWrhPFkOM?feature=oembed\" frameborder=\"0\" allow=\"accelerometer; autoplay; clipboard-write; encrypted-media; gyroscope; picture-in-picture; web-share\" referrerpolicy=\"strict-origin-when-cross-origin\" allowfullscreen><\/iframe><\/p>\n<ol start=\"4\">\n<li>REA\u00c7\u00d5ES QU\u00cdMICAS ORG\u00c2NICAS.<\/li>\n<\/ol>\n<p>4.1 Oxida\u00e7\u00e3o;<\/p>\n<p><iframe loading=\"lazy\" title=\"NOX de Carbono | Qu\u00edmica Org\u00e2nica\" width=\"474\" height=\"267\" src=\"https:\/\/www.youtube.com\/embed\/eiTgU1Xaglk?feature=oembed\" frameborder=\"0\" allow=\"accelerometer; autoplay; clipboard-write; encrypted-media; gyroscope; picture-in-picture; web-share\" referrerpolicy=\"strict-origin-when-cross-origin\" allowfullscreen><\/iframe><\/p>\n<p>Exerc\u00edcios de oxida\u00e7\u00e3o:<\/p>\n<p><iframe loading=\"lazy\" title=\"OXIDA\u00c7\u00c3O BRANDA DE ALCENOS: EXERC\u00cdCIOS\" width=\"474\" height=\"267\" src=\"https:\/\/www.youtube.com\/embed\/D6pZWgGrKFQ?feature=oembed\" frameborder=\"0\" allow=\"accelerometer; autoplay; clipboard-write; encrypted-media; gyroscope; picture-in-picture; web-share\" referrerpolicy=\"strict-origin-when-cross-origin\" allowfullscreen><\/iframe><\/p>\n<p>&nbsp;<\/p>\n<p>4.2 Redu\u00e7\u00e3o;<\/p>\n<p><iframe loading=\"lazy\" title=\"REA\u00c7\u00d5ES DE OXIRREDU\u00c7\u00c3O | REA\u00c7\u00d5ES REDOX | ELETROQU\u00cdMICA | Aula 04\" width=\"474\" height=\"267\" src=\"https:\/\/www.youtube.com\/embed\/FzFNrRIlV_0?feature=oembed\" frameborder=\"0\" allow=\"accelerometer; autoplay; clipboard-write; encrypted-media; gyroscope; picture-in-picture; web-share\" referrerpolicy=\"strict-origin-when-cross-origin\" allowfullscreen><\/iframe><\/p>\n<p>Exerc\u00edcios para redu\u00e7\u00e3o:<\/p>\n<p>https:\/\/www.youtube.com\/watch?v=P8DWXe0Ih74<\/p>\n<p>4.3 Adi\u00e7\u00e3o;<\/p>\n<p><iframe loading=\"lazy\" title=\"Rea\u00e7\u00f5es de Adi\u00e7\u00e3o em Alcenos: O que \u00e9 e Como Ocorrem | Aula 41\" width=\"474\" height=\"267\" src=\"https:\/\/www.youtube.com\/embed\/4dP9-POzfOE?feature=oembed\" frameborder=\"0\" allow=\"accelerometer; autoplay; clipboard-write; encrypted-media; gyroscope; picture-in-picture; web-share\" referrerpolicy=\"strict-origin-when-cross-origin\" allowfullscreen><\/iframe><\/p>\n<p>Exerc\u00edcios para adi\u00e7\u00e3o:<\/p>\n<p><iframe loading=\"lazy\" title=\"Qu\u00edmica Org\u00e2nica - Rea\u00e7\u00f5es de Adi\u00e7\u00e3o (Resolu\u00e7\u00e3o de Exerc\u00edcios)\" width=\"474\" height=\"267\" src=\"https:\/\/www.youtube.com\/embed\/CY-oSQylv1c?feature=oembed\" frameborder=\"0\" allow=\"accelerometer; autoplay; clipboard-write; encrypted-media; gyroscope; picture-in-picture; web-share\" referrerpolicy=\"strict-origin-when-cross-origin\" allowfullscreen><\/iframe><\/p>\n<p>&nbsp;<\/p>\n<p>4.4 Esterifica\u00e7\u00e3o;<\/p>\n<p><iframe loading=\"lazy\" title=\"Aprenda Esterifica\u00e7\u00e3o - Passo a Passo - Prof Gabriel Cabral\" width=\"474\" height=\"267\" src=\"https:\/\/www.youtube.com\/embed\/VZR2RKlzHmU?feature=oembed\" frameborder=\"0\" allow=\"accelerometer; autoplay; clipboard-write; encrypted-media; gyroscope; picture-in-picture; web-share\" referrerpolicy=\"strict-origin-when-cross-origin\" allowfullscreen><\/iframe><\/p>\n<p>Exerc\u00edcios para esterifica\u00e7\u00e3o:<\/p>\n<p><iframe loading=\"lazy\" title=\"ESTERIFICA\u00c7\u00c3O: defini\u00e7\u00e3o e exerc\u00edcios . Vamos aprender!\" width=\"474\" height=\"267\" src=\"https:\/\/www.youtube.com\/embed\/eCPxIm_0gnA?feature=oembed\" frameborder=\"0\" allow=\"accelerometer; autoplay; clipboard-write; encrypted-media; gyroscope; picture-in-picture; web-share\" referrerpolicy=\"strict-origin-when-cross-origin\" allowfullscreen><\/iframe><\/p>\n<p>&nbsp;<\/p>\n<p>4.5 Substitui\u00e7\u00e3o;<\/p>\n<p><iframe loading=\"lazy\" title=\"REA\u00c7\u00d5ES ORG\u00c2NICAS DE SUBSTITUI\u00c7\u00c3O - Nitra\u00e7\u00e3o, Sulfona\u00e7\u00e3o, Alquila\u00e7\u00e3o e Halogena\u00e7\u00e3o\" width=\"474\" height=\"267\" src=\"https:\/\/www.youtube.com\/embed\/ZLmDMcbGIOw?feature=oembed\" frameborder=\"0\" allow=\"accelerometer; autoplay; clipboard-write; encrypted-media; gyroscope; picture-in-picture; web-share\" referrerpolicy=\"strict-origin-when-cross-origin\" allowfullscreen><\/iframe><\/p>\n<p>Exerc\u00edcios para rea\u00e7\u00f5es de substitui\u00e7\u00e3o:<\/p>\n<p><iframe loading=\"lazy\" title=\"Enem 2016: Quest\u00e3o 88 - prova amarela\" width=\"474\" height=\"267\" src=\"https:\/\/www.youtube.com\/embed\/kwJPU2qH_5E?feature=oembed\" frameborder=\"0\" allow=\"accelerometer; autoplay; clipboard-write; encrypted-media; gyroscope; picture-in-picture; web-share\" referrerpolicy=\"strict-origin-when-cross-origin\" allowfullscreen><\/iframe><\/p>\n<p>&nbsp;<\/p>\n<p>4.6 Combust\u00e3o.<\/p>\n<p><iframe loading=\"lazy\" title=\"Rea\u00e7\u00f5es de Combust\u00e3o | Qu\u00edmica Org\u00e2nica\" width=\"474\" height=\"267\" src=\"https:\/\/www.youtube.com\/embed\/waes8ToNqWg?feature=oembed\" frameborder=\"0\" allow=\"accelerometer; autoplay; clipboard-write; encrypted-media; gyroscope; picture-in-picture; web-share\" referrerpolicy=\"strict-origin-when-cross-origin\" allowfullscreen><\/iframe><\/p>\n<p>Exerc\u00edcio para combust\u00e3o:<\/p>\n<p><iframe loading=\"lazy\" title=\"[Quest\u00e3o Comentada] - ENEM - Tema: ESTEQUIO + TERMO + COMBUST\u00cdVEIS\" width=\"474\" height=\"267\" src=\"https:\/\/www.youtube.com\/embed\/cBSBRreHBZ0?feature=oembed\" frameborder=\"0\" allow=\"accelerometer; autoplay; clipboard-write; encrypted-media; gyroscope; picture-in-picture; web-share\" referrerpolicy=\"strict-origin-when-cross-origin\" allowfullscreen><\/iframe><\/p>\n<p>&nbsp;<\/p>\n<ol start=\"5\">\n<li>NO\u00c7\u00d5ES B\u00c1SICAS SOBRE BIOQU\u00cdMICA<\/li>\n<\/ol>\n<p>Defini\u00e7\u00e3o, propriedades e classifica\u00e7\u00e3o.<\/p>\n<p><iframe loading=\"lazy\" title=\"INTRODU\u00c7\u00c3O \u00c0 BIOQU\u00cdMICA - Bioqu\u00edmica | Biologia com Samuel Cunha\" width=\"474\" height=\"267\" src=\"https:\/\/www.youtube.com\/embed\/ZVKB4F7XpHo?feature=oembed\" frameborder=\"0\" allow=\"accelerometer; autoplay; clipboard-write; encrypted-media; gyroscope; picture-in-picture; web-share\" referrerpolicy=\"strict-origin-when-cross-origin\" allowfullscreen><\/iframe><\/p>\n<p>5.1Glic\u00eddios;<\/p>\n<p><iframe loading=\"lazy\" title=\"Defini\u00e7\u00e3o de Glic\u00eddios - Qu\u00edmica Org\u00e2nica - Qu\u00edmica\" width=\"474\" height=\"267\" src=\"https:\/\/www.youtube.com\/embed\/DgfiPhBSnwE?feature=oembed\" frameborder=\"0\" allow=\"accelerometer; autoplay; clipboard-write; encrypted-media; gyroscope; picture-in-picture; web-share\" referrerpolicy=\"strict-origin-when-cross-origin\" allowfullscreen><\/iframe><\/p>\n<p>Exerc\u00edcios de glic\u00eddios:<\/p>\n<p>&nbsp;<\/p>\n<p>&nbsp;<\/p>\n<p>https:\/\/www.youtube.com\/watch?v=p9zTcZU9v4U<\/p>\n<p>&nbsp;<\/p>\n<p>5.2 Lip\u00eddios;<\/p>\n<p><iframe loading=\"lazy\" title=\"LIP\u00cdDIOS - BIOQU\u00cdMICA - COMPOSTOS ORG\u00c2NICOS - Biologia com o Prof. Kennedy Ramos\" width=\"474\" height=\"267\" src=\"https:\/\/www.youtube.com\/embed\/ngmpvkuQNNs?feature=oembed\" frameborder=\"0\" allow=\"accelerometer; autoplay; clipboard-write; encrypted-media; gyroscope; picture-in-picture; web-share\" referrerpolicy=\"strict-origin-when-cross-origin\" allowfullscreen><\/iframe><\/p>\n<p>Exerc\u00edcios para lip\u00eddios:<\/p>\n<p>&nbsp;<\/p>\n<p>&nbsp;<\/p>\n<p><iframe loading=\"lazy\" title=\"Lip\u00eddios - Quest\u00f5es - Bioqu\u00edmica - Biologia com o Tubar\u00e3o\" width=\"474\" height=\"267\" src=\"https:\/\/www.youtube.com\/embed\/Id9bDINtOs8?feature=oembed\" frameborder=\"0\" allow=\"accelerometer; autoplay; clipboard-write; encrypted-media; gyroscope; picture-in-picture; web-share\" referrerpolicy=\"strict-origin-when-cross-origin\" allowfullscreen><\/iframe><\/p>\n<p>&nbsp;<\/p>\n<p>5.3 Amino\u00e1cidos;<\/p>\n<p><iframe loading=\"lazy\" title=\"BIOLOGIA \u2013 Bioqu\u00edmica Celular \u2013 Amino\u00e1cidos ENEM\" width=\"474\" height=\"267\" src=\"https:\/\/www.youtube.com\/embed\/g3ldlRKOvFc?feature=oembed\" frameborder=\"0\" allow=\"accelerometer; autoplay; clipboard-write; encrypted-media; gyroscope; picture-in-picture; web-share\" referrerpolicy=\"strict-origin-when-cross-origin\" allowfullscreen><\/iframe><\/p>\n<p>Exerc\u00edcios sobre amino\u00e1cidos:<\/p>\n<p>https:\/\/www.youtube.com\/watch?v=JfHS4bMCA4k<\/p>\n<p>&nbsp;<\/p>\n<p>5.4 Prote\u00ednas;<\/p>\n<p><iframe loading=\"lazy\" title=\"\ud83e\uddec Bioqu\u00edmica (4\/5): Prote\u00ednas - Biologia - ENEM\" width=\"474\" height=\"267\" src=\"https:\/\/www.youtube.com\/embed\/IAWNA8pXC24?feature=oembed\" frameborder=\"0\" allow=\"accelerometer; autoplay; clipboard-write; encrypted-media; gyroscope; picture-in-picture; web-share\" referrerpolicy=\"strict-origin-when-cross-origin\" allowfullscreen><\/iframe><\/p>\n<p>Exerc\u00edcios sobre prote\u00ednas:<\/p>\n<p><iframe loading=\"lazy\" title=\"Exerc\u00edcios de Prote\u00ednas, Vitaminas e \u00c1cidos Nucleicos - Biologia | Descomplica\" width=\"474\" height=\"267\" src=\"https:\/\/www.youtube.com\/embed\/0ccfZ7DN37Q?feature=oembed\" frameborder=\"0\" allow=\"accelerometer; autoplay; clipboard-write; encrypted-media; gyroscope; picture-in-picture; web-share\" referrerpolicy=\"strict-origin-when-cross-origin\" allowfullscreen><\/iframe><\/p>\n<p>&nbsp;<\/p>\n<p>5.5 Pol\u00edmeros.<\/p>\n<p><iframe loading=\"lazy\" title=\"POL\u00cdMEROS: conceito e classifica\u00e7\u00e3o | Qu\u00edmica para ENEM e Vestibulares | Prof. Paulo Valim\" width=\"474\" height=\"267\" src=\"https:\/\/www.youtube.com\/embed\/OxQ32K84jEM?feature=oembed\" frameborder=\"0\" allow=\"accelerometer; autoplay; clipboard-write; encrypted-media; gyroscope; picture-in-picture; web-share\" referrerpolicy=\"strict-origin-when-cross-origin\" allowfullscreen><\/iframe><\/p>\n<p>exerc\u00edcios sobre pol\u00edmeros:<\/p>\n<p><iframe loading=\"lazy\" title=\"List\u00e3o Pol\u00edmeros - Resolu\u00e7\u00e3o de exerc\u00edcios\" width=\"474\" height=\"267\" src=\"https:\/\/www.youtube.com\/embed\/Jv8jCUVNbL4?feature=oembed\" frameborder=\"0\" allow=\"accelerometer; autoplay; clipboard-write; encrypted-media; gyroscope; picture-in-picture; web-share\" referrerpolicy=\"strict-origin-when-cross-origin\" allowfullscreen><\/iframe><\/p>\n","protected":false},"excerpt":{"rendered":"<p>E a\u00ed galerinha, tudo bem? N\u00f3s, somos o PIBID Qu\u00edmica UFPel, e estamos aqui, te esperando para a aprova\u00e7\u00e3o em todas as etapas do PAVE (Programa de Avalia\u00e7\u00e3o da Vida Escolar) O PAVE te concede uma futura vaga no nosso Sistema Federal de ensino. Vulgo, gradua\u00e7\u00e3o. E com esses pontos, precisamos te trazer alguns refor\u00e7os &hellip; <a href=\"https:\/\/wp.ufpel.edu.br\/pibidquimica\/auxilio-para-o-pave-etapa-3\/\" class=\"more-link\">Continue lendo <span class=\"screen-reader-text\">Aux\u00edlio para o Pave (Etapa 3)<\/span> <span class=\"meta-nav\">&rarr;<\/span><\/a><\/p>\n","protected":false},"author":1097,"featured_media":0,"parent":0,"menu_order":0,"comment_status":"closed","ping_status":"closed","template":"","meta":{"footnotes":""},"class_list":["post-316","page","type-page","status-publish","hentry"],"_links":{"self":[{"href":"https:\/\/wp.ufpel.edu.br\/pibidquimica\/wp-json\/wp\/v2\/pages\/316","targetHints":{"allow":["GET"]}}],"collection":[{"href":"https:\/\/wp.ufpel.edu.br\/pibidquimica\/wp-json\/wp\/v2\/pages"}],"about":[{"href":"https:\/\/wp.ufpel.edu.br\/pibidquimica\/wp-json\/wp\/v2\/types\/page"}],"author":[{"embeddable":true,"href":"https:\/\/wp.ufpel.edu.br\/pibidquimica\/wp-json\/wp\/v2\/users\/1097"}],"replies":[{"embeddable":true,"href":"https:\/\/wp.ufpel.edu.br\/pibidquimica\/wp-json\/wp\/v2\/comments?post=316"}],"version-history":[{"count":4,"href":"https:\/\/wp.ufpel.edu.br\/pibidquimica\/wp-json\/wp\/v2\/pages\/316\/revisions"}],"predecessor-version":[{"id":334,"href":"https:\/\/wp.ufpel.edu.br\/pibidquimica\/wp-json\/wp\/v2\/pages\/316\/revisions\/334"}],"wp:attachment":[{"href":"https:\/\/wp.ufpel.edu.br\/pibidquimica\/wp-json\/wp\/v2\/media?parent=316"}],"curies":[{"name":"wp","href":"https:\/\/api.w.org\/{rel}","templated":true}]}}