{"id":42,"date":"2013-03-09T23:14:16","date_gmt":"2013-03-10T02:14:16","guid":{"rendered":"https:\/\/wp.ufpel.edu.br\/pibidfisica\/?page_id=42"},"modified":"2024-05-31T15:24:41","modified_gmt":"2024-05-31T18:24:41","slug":"publicacoes","status":"publish","type":"page","link":"https:\/\/wp.ufpel.edu.br\/pibidfisica\/publicacoes\/","title":{"rendered":"Publica\u00e7\u00f5es"},"content":{"rendered":"<h3>Resumo em evento<\/h3>\n<p style=\"text-align: left;\">SILVA, Miguel Lima da; MALLMANN, Bianca Bugs; LUDTKE, D\u00e9bora Maria Bohm; BRAZ, Rafael da Silva; SANTOS, Thais Porto dos; DIEHL, Alexandre. Oficina for\u00e7a e movimento: uma experi\u00eancia de viv\u00eancia pr\u00e1tica do n\u00facleo de F\u00edsica do PIBID F\u00edsica\/Qu\u00edmica. <em>In<\/em>: SEMANA INTEGRADA DE INOVA\u00c7\u00c3O, ENSINO, PESQUISA E EXTENS\u00c3O, 9.; CONGRESSO DE ENSINO DE GRADUA\u00c7\u00c3O, IX, 2023, Pelotas. <strong>Anais <\/strong>[&#8230;]. Pelotas: UFPel, 2023. Dispon\u00edvel em: <a href=\"https:\/\/cti.ufpel.edu.br\/siepe\/arquivos\/2023\/G3_03044.pdf\">https:\/\/cti.ufpel.edu.br\/siepe\/arquivos\/2023\/G3_03044.pdf<\/a>. Acesso em: 28 maio 2024.<\/p>\n<p style=\"text-align: left;\">SANTOS, Marcelo Augusto Pereira dos; CARMEM, Adriana Selena Enriquez; GON\u00c7ALVES, Henrique de Matos;\u00a0 CAVAGNOLI, Rafael. Oficina de Astronomia: a interdisciplinaridade como ferramenta para o ensino de F\u00edsica. <em>In<\/em>: SEMANA INTEGRADA DE INOVA\u00c7\u00c3O, ENSINO, PESQUISA E EXTENS\u00c3O, 7.; CONGRESSO DE EXTENS\u00c3O E CULTURA, VIII, 2021, Pelotas. <strong>Anais <\/strong>[&#8230;]. Pelotas: UFPel, 2021. p. 322-325. Dispon\u00edvel em: <a href=\"https:\/\/wp.ufpel.edu.br\/congressoextensao\/files\/2022\/01\/Tema-4-Educacao-2021.pdf\">https:\/\/wp.ufpel.edu.br\/congressoextensao\/files\/2022\/01\/Tema-4-Educacao-2021.pdf<\/a>. Acesso em: 28 maio 2024.<\/p>\n<p style=\"text-align: left;\">SANTOS, Gabriel Martins dos; DUTRA, Davi Barwaldt; VARGAS, Giovani da Silva; CARNEIRO, Jean Batista; PEDRA, Thiago Kurz; CAVAGNOLI, Rafael. Aplica\u00e7\u00e3o da oficina de Astronomia b\u00e1sica pelo grupo PIBID-F\u00edsica: construindo um telesc\u00f3pico. <em>In<\/em>: SEMANA INTEGRADA DE INOVA\u00c7\u00c3O, ENSINO, PESQUISA E EXTENS\u00c3O, 5.; CONGRESSO DE ENSINO DE GRADUA\u00c7\u00c3O, V, 2019, Pelotas. <strong>Anais <\/strong>[&#8230;]. Pelotas: UFPel, 2019. Dispon\u00edvel em: <a href=\"https:\/\/cti.ufpel.edu.br\/siepe\/arquivos\/2019\/CE_02746.pdf\">https:\/\/cti.ufpel.edu.br\/siepe\/arquivos\/2019\/CE_02746.pdf<\/a>. Acesso em: 28 maio 2024.<\/p>\n<p style=\"text-align: left;\">SCHNEIDER, Renata Belmudes; ALVES, Samantha Cardoso; MIRANDA, Larissa Borba de; CAVAGNOLI, Rafael. \u00d3ptica da vis\u00e3o: uma oficina promovida pelo PIBID-F\u00edsica-UFPel no Desafio Pr\u00e9-vestibular. <em>In<\/em>: SEMANA INTEGRADA DE INOVA\u00c7\u00c3O, ENSINO, PESQUISA E EXTENS\u00c3O, 5.; CONGRESSO DE EXTENS\u00c3O E CULTURA, VI, 2019, Pelotas. <strong>Anais<\/strong> [&#8230;]. Pelotas: UFPel, 2019. Dispon\u00edvel em: <a href=\"https:\/\/wp.ufpel.edu.br\/congressoextensao\/files\/2019\/11\/Educa%C3%A7%C3%A3o.pdf\">https:\/\/wp.ufpel.edu.br\/congressoextensao\/files\/2019\/11\/Educa%C3%A7%C3%A3o.pdf<\/a>. Acesso em: 28 maio 2024.<\/p>\n<p style=\"text-align: left;\">CAMPELO, Thiago Snocck; CAVAGNOLI, Rafael. Experi\u00eancias no ensino de F\u00edsica para deficientes visuais. <em>In<\/em>: SEMIN\u00c1RIO DO PIBID UFPEL, VI, Pelotas, 2017. <strong>Anais<\/strong>\u00a0[&#8230;]. Pelotas: UFPel, 2017.\u00a0 Dispon\u00edvel em: <a href=\"https:\/\/wp.ufpel.edu.br\/pibid\/eventos\/vi-seminario\/anais\/\">https:\/\/wp.ufpel.edu.br\/pibid\/eventos\/vi-seminario\/anais\/<\/a>. Acesso em: 28 maio 2024.<\/p>\n<p style=\"text-align: left;\">BATISTA, Alisson Castro; RIBEIRO, Felipe Ferreira; BARBOZA, Jo\u00e3o V\u00edtor de Paula; D\u00dcSTENHAFET, Lorraine; SILVA, Lorr\u00e1yne de Menezes da; QUADRADO, Matheus Souza; SILVA, Ramon Goulart da; CAMPELO, Thiago Snocck; SANTOS, Wagner Rehbein dos; CAVAGNOLI, Rafael. A divertida\u00a0 F\u00edsica dos super-her\u00f3is. <em>In<\/em>: SEMIN\u00c1RIO DO PIBID UFPEL, VI, Pelotas, 2017. <strong>Anais<\/strong>\u00a0[&#8230;]. Pelotas: UFPel, 2017.\u00a0 Dispon\u00edvel em: <a href=\"https:\/\/wp.ufpel.edu.br\/pibid\/eventos\/vi-seminario\/anais\/\">https:\/\/wp.ufpel.edu.br\/pibid\/eventos\/vi-seminario\/anais\/<\/a>. Acesso em: 28 maio 2024.<\/p>\n<p style=\"text-align: left;\">SILVEIRA, Cl\u00e1udia Graciela Rehermann; FERRARI, Fl\u00e1via Iohana; ROLOFF, Josiane Estela; da SILVA, Maria Joseane Rusch; CAVAGNOLI, Rafael Conhecendo circuitos el\u00e9tricos. <em>In<\/em>: SEMANA INTEGRADA DE ENSINO, PESQUISA E EXTENS\u00c3O, I; CONGRESSO DE INICIA\u00c7\u00c3O CIENT\u00cdFICA, XXIV, 2015, Pelotas. <strong>Anais <\/strong>[&#8230;]. Pelotas: UFPel, 2015. Dispon\u00edvel em: <a href=\"https:\/\/cti.ufpel.edu.br\/siepe\/arquivos\/2015\/CE_01238.pdf\">https:\/\/cti.ufpel.edu.br\/siepe\/arquivos\/2015\/CE_01238.pdf<\/a>. Acesso em: 29 maio 2024.<\/p>\n<p style=\"text-align: left;\">VERONEZ, Gabriel G\u00fcez Vargas; CAVAGNOLI, Rafael. Lan\u00e7amento de foguetes: uma atividade pr\u00e1tica para o ensino de F\u00edsica e Astron\u00e1utica. <em>In<\/em>: SEMANA INTEGRADA DE ENSINO, PESQUISA E EXTENS\u00c3O, I; CONGRESSO DE INICIA\u00c7\u00c3O CIENT\u00cdFICA, XXIV, 2015, Pelotas. <strong>Anais <\/strong>[&#8230;]. Pelotas: UFPel, 2015. Dispon\u00edvel em: <a href=\"https:\/\/cti.ufpel.edu.br\/siepe\/arquivos\/2015\/CE_01696.pdf\">https:\/\/cti.ufpel.edu.br\/siepe\/arquivos\/2015\/CE_01696.pdf<\/a>. Acesso em: 29 maio 2024.<\/p>\n<p style=\"text-align: left;\">BLUHN, Julio; KROLOW, Tairize; G\u00f3is, D\u00e9rickc; BECKER, Margarete; CAVAGNOLI, Rafael. A F\u00edsica dos super-her\u00f3is. <em>In<\/em>: SEMANA INTEGRADA DE ENSINO, PESQUISA E EXTENS\u00c3O, I; CONGRESSO DE INICIA\u00c7\u00c3O CIENT\u00cdFICA, XXIV, 2015, Pelotas. <strong>Anais <\/strong>[&#8230;]. Pelotas: UFPel, 2015. Dispon\u00edvel em: <a href=\"https:\/\/cti.ufpel.edu.br\/siepe\/arquivos\/2015\/CE_02946.pdf\">https:\/\/cti.ufpel.edu.br\/siepe\/arquivos\/2015\/CE_02946.pdf<\/a>. Acesso em: 29 maio 2024.<\/p>\n<p style=\"text-align: left;\">REBONATO, Marcelo; KROLOW, Tairize; BECKER, Margarete; CAVAGNOLI, Rafael. Mec\u00e2nica do parque de divers\u00f5es. <em>In<\/em>: SEMANA INTEGRADA DE ENSINO, PESQUISA E EXTENS\u00c3O, I; CONGRESSO DE INICIA\u00c7\u00c3O CIENT\u00cdFICA, XXIV, 2015, Pelotas. <strong>Anais <\/strong>[&#8230;]. Pelotas: UFPel, 2015. Dispon\u00edvel em: <a href=\"https:\/\/cti.ufpel.edu.br\/siepe\/arquivos\/2015\/CE_01411.pdf\">https:\/\/cti.ufpel.edu.br\/siepe\/arquivos\/2015\/CE_01411.pdf<\/a>. Acesso em: 29 maio 2024.<\/p>\n<p style=\"text-align: left;\">SILVEIRA, Claudia Graciela Reherman; ROLOF, Josiane Estela; SILVA, Maria Joseane Rusch da; CAVAGNOLI, Rafael. O tr\u00e2nsito atrav\u00e9s das leis de Newton. <em>In<\/em>: ENCONTRO ESTADUAL DE ENSINO DE F\u00cdSICA &#8211; RS, VI, 2015, Porto Alegre. <strong>Atas <\/strong>[&#8230;]. Porto Alegre: UFRGS, 2015. Dispon\u00edvel em: <a href=\"https:\/\/ppgenfis.if.ufrgs.br\/6eeefis\/VI_EEEFis-RS\/home_files\/Atas_VI_EEEFis_RS.pdf\">https:\/\/ppgenfis.if.ufrgs.br\/6eeefis\/VI_EEEFis-RS\/home_files\/Atas_VI_EEEFis_RS.pdf<\/a>. Acesso em: 29 maio 2024.<\/p>\n<p style=\"text-align: left;\">MOREIRA, Patr\u00edcia Gon\u00e7alves; ALMEIDA, Pedro Miguel Alves; DIAS, C\u00e1ssia Chaiane Silva. Atividade experimental na escola: um desafio no ensino b\u00e1sico ao licenciando. In: SIMP\u00d3SIO NACIONAL DE ENSINO DE F\u00cdSICA, XX, 2013, S\u00e3o Paulo. Dispon\u00edvel em: <a href=\"https:\/\/wp.ufpel.edu.br\/pibidfisica\/files\/2013\/03\/resumo-snef.pdf\">https:\/\/wp.ufpel.edu.br\/pibidfisica\/files\/2013\/03\/resumo-snef.pdf<\/a>.<\/p>\n<p style=\"text-align: left;\">SILVEIRA, Cl\u00e1udia Graciela; VIANA, Sandro dos Santos; SILVA, Douglas Langie da. O movimento de queda livre atrav\u00e9s de simula\u00e7\u00f5es computacionais. <em>In<\/em>: CONGRESSO DE INICIA\u00c7\u00c3O CIENT\u00cdFICA, XXI, 2012, Pelotas. <strong>Anais do <\/strong>[&#8230;]. Pelotas: UFPel, 2012. Dispon\u00edvel em: <a href=\"https:\/\/www2.ufpel.edu.br\/cic\/2012\/anais\/pdf\/CE\/CE_00282.pdf\">https:\/\/www2.ufpel.edu.br\/cic\/2012\/anais\/pdf\/CE\/CE_00282.pdf<\/a>. Acesso em: 29 maio 2024.<\/p>\n<p style=\"text-align: left;\">GARCIA, Evelin da Luz; VIANA, Sandro dos Santos; FERREIRA, Anderson Augusto. A import\u00e2ncia da atividade experimental para o ensino de F\u00edsica. <em>In<\/em>: CONGRESSO DE INICIA\u00c7\u00c3O CIENT\u00cdFICA, XXI, 2012, Pelotas. <strong>Anais do <\/strong>[&#8230;]. Pelotas: UFPel, 2012. Dispon\u00edvel em: <a href=\"https:\/\/www2.ufpel.edu.br\/cic\/2012\/anais\/pdf\/CE\/CE_00098.pdf\">https:\/\/www2.ufpel.edu.br\/cic\/2012\/anais\/pdf\/CE\/CE_00098.pdf<\/a>. Acesso em: 29 maio 2024.<\/p>\n<p style=\"text-align: left;\">MOREIRA, Patr\u00edcia Gon\u00e7alves; DIAS, C\u00e1ssia Chaiane Silva; ALMEIDA, Pedro Miguel Alves de; SILVA, Douglas Langie da. Atividade experimental na escola &#8211; um desafio no ensino b\u00e1sico ao licenciando. <em>In<\/em>: CONGRESSO DE INICIA\u00c7\u00c3O CIENT\u00cdFICA, XXI, 2012, Pelotas. <strong>Anais do <\/strong>[&#8230;]. Pelotas: UFPel, 2012. Dispon\u00edvel em: <a href=\"https:\/\/www2.ufpel.edu.br\/cic\/2012\/anais\/pdf\/CE\/CE_00281.pdf\">https:\/\/www2.ufpel.edu.br\/cic\/2012\/anais\/pdf\/CE\/CE_00281.pdf<\/a>.\u00a0 Acesso em: 29 maio 2024.<\/p>\n<p style=\"text-align: left;\">ALMEIDA, Pedro Miguel Alves de; DIAS, C\u00e1ssia Chaiane Silva; MOREIRA, Patr\u00edcia Gon\u00e7alves; SILVA, Douglas Langie da. Termologia: uma abordagem experimental em sala de aula. <em>In<\/em>: CONGRESSO DE INICIA\u00c7\u00c3O CIENT\u00cdFICA, XXI, 2012, Pelotas. <strong>Anais do <\/strong>[&#8230;]. Pelotas: UFPel, 2012. Dispon\u00edvel em: <a href=\"https:\/\/www2.ufpel.edu.br\/cic\/2012\/anais\/pdf\/CE\/CE_00286.pdf\">https:\/\/www2.ufpel.edu.br\/cic\/2012\/anais\/pdf\/CE\/CE_00286.pdf<\/a>. Acesso em: 29 maio 2024.<\/p>\n<p style=\"text-align: left;\">SCHMITZ, Roberta Gon\u00e7alves; PAVANI, D\u00e9bora Piegas; BITTENCOURT, Franci\u00e9li Silveira; REBONATO; Marcelo; SILVA, Douglas Langie da. Circuitos el\u00e9tricos residenciais &#8211; uma abordagem em sala de aula. <em>In<\/em>: CONGRESSO DE INICIA\u00c7\u00c3O CIENT\u00cdFICA, XXI, 2012, Pelotas. <strong>Anais do <\/strong>[&#8230;]. Pelotas: UFPel, 2012. Dispon\u00edvel em: <a href=\"https:\/\/www2.ufpel.edu.br\/cic\/2012\/anais\/pdf\/CE\/CE_00278.pdf\">https:\/\/www2.ufpel.edu.br\/cic\/2012\/anais\/pdf\/CE\/CE_00278.pdf<\/a>. Acesso em: 29 maio 2024.<\/p>\n<p style=\"text-align: left;\">MOREIRA, Patr\u00edcia Gon\u00e7alves; DIAS, C\u00e1ssia Chaiane Silva; ALMEIDA, Pedro Miguel Alves; SILVA, Douglas Langie da. Atividade experimental na escola &#8211; um desafio no ensino b\u00e1sico ao licenciando. In: SIMP\u00d3SIO SUL-RIO-GRANDENSE DE PROFESSORES DE CI\u00caNCIAS E MATEM\u00c1TIVA, 8. , 2012, Pelotas. Dispon\u00edvel em: <a href=\"https:\/\/wp.ufpel.edu.br\/pibidfisica\/files\/2013\/03\/Resumo-NECIM-Atividade-experimental-na-escola-um-desafio-no-ensino-b\u00e1sico-ao-licenciando.pdf.\">https:\/\/wp.ufpel.edu.br\/pibidfisica\/files\/2013\/03\/Resumo-NECIM-Atividade-experimental-na-escola-um-desafio-no-ensino-b\u00e1sico-ao-licenciando.pdf.<\/a><\/p>\n<h3>Cap\u00edtulo de livro<\/h3>\n<p style=\"text-align: left;\">CAVAGNOLI, Rafael. Desafios na forma\u00e7\u00e3o de professores de F\u00edsica no contexto do Pibid-UFPel: revitalizando a intera\u00e7\u00e3o entre universidade e escola. <em>In<\/em>: LEITE, Vanessa C. et al. (org.). Contribui\u00e7\u00f5es Pibid-UFPel: inova\u00e7\u00f5es, desafios e realidades das diferentes \u00e1reas do conhecimento. S\u00e3o Leopoldo: Oikos, 2018. p. 39-51. Dispon\u00edvel em: <a href=\"https:\/\/guaiaca.ufpel.edu.br\/handle\/prefix\/6709?show=full\">https:\/\/guaiaca.ufpel.edu.br\/handle\/prefix\/6709?show=full<\/a>. Acesso em: 28 maio 2024.<\/p>\n<p style=\"text-align: left;\">BATISTA, Alisson Castro; RIBEIRO, Felipe Ferreira; BARBOZA, Jo\u00e3o Vitor de Paula; NOLASCO, Marcos Alexandre Brito; SILVA, Ramon Goulart da. Potenciais do Pibid na forma\u00e7\u00e3o de professores. <em>In<\/em>: LEITE, Vanessa C. et al. (org.). Pibid-UFPel: a inicia\u00e7\u00e3o \u00e0 doc\u00eancia sob o olhar de sujeitos de diferentes \u00e1reas do conhecimento. S\u00e3o Leopoldo: Oikos, 2018. p. 199-205. Dispon\u00edvel em: <a href=\"https:\/\/guaiaca.ufpel.edu.br\/handle\/prefix\/6734\">https:\/\/guaiaca.ufpel.edu.br\/handle\/prefix\/6734<\/a>. Acesso em: 28 maio 2024.<\/p>\n<p style=\"text-align: left;\">SILVA, Lorr\u00e1yne de Menezes da; DUSTENHAFET. Lorraine; QUADRADO, Matheus Souza; DUTRA, Mateus Souza; CAMPELO, Thiago Snocck. Experi\u00eancias vivenciadas e adquiridas na atua\u00e7\u00e3o como bolsista de inicia\u00e7\u00e3o \u00e0 doc\u00eancia. <em>In<\/em>: LEITE, Vanessa C. et al. (org.). Pibid-UFPel: a inicia\u00e7\u00e3o \u00e0 doc\u00eancia sob o olhar de sujeitos de diferentes \u00e1reas do conhecimento. S\u00e3o Leopoldo: Oikos, 2018. p. 206-211. Dispon\u00edvel em: <a href=\"https:\/\/guaiaca.ufpel.edu.br\/handle\/prefix\/6734\">https:\/\/guaiaca.ufpel.edu.br\/handle\/prefix\/6734<\/a>. Acesso em: 28 maio 2024.<\/p>\n","protected":false},"excerpt":{"rendered":"<p>Resumo em evento SILVA, Miguel Lima da; MALLMANN, Bianca Bugs; LUDTKE, D\u00e9bora Maria Bohm; BRAZ, Rafael da Silva; SANTOS, Thais Porto dos; DIEHL, Alexandre. Oficina for\u00e7a e movimento: uma experi\u00eancia de viv\u00eancia pr\u00e1tica do n\u00facleo de F\u00edsica do PIBID F\u00edsica\/Qu\u00edmica. In: SEMANA INTEGRADA DE INOVA\u00c7\u00c3O, ENSINO, PESQUISA E EXTENS\u00c3O, 9.; CONGRESSO DE ENSINO DE GRADUA\u00c7\u00c3O, [&hellip;]<\/p>\n","protected":false},"author":457,"featured_media":0,"parent":0,"menu_order":4,"comment_status":"closed","ping_status":"closed","template":"","meta":{"footnotes":""},"class_list":["post-42","page","type-page","status-publish","hentry"],"_links":{"self":[{"href":"https:\/\/wp.ufpel.edu.br\/pibidfisica\/wp-json\/wp\/v2\/pages\/42","targetHints":{"allow":["GET"]}}],"collection":[{"href":"https:\/\/wp.ufpel.edu.br\/pibidfisica\/wp-json\/wp\/v2\/pages"}],"about":[{"href":"https:\/\/wp.ufpel.edu.br\/pibidfisica\/wp-json\/wp\/v2\/types\/page"}],"author":[{"embeddable":true,"href":"https:\/\/wp.ufpel.edu.br\/pibidfisica\/wp-json\/wp\/v2\/users\/457"}],"replies":[{"embeddable":true,"href":"https:\/\/wp.ufpel.edu.br\/pibidfisica\/wp-json\/wp\/v2\/comments?post=42"}],"version-history":[{"count":63,"href":"https:\/\/wp.ufpel.edu.br\/pibidfisica\/wp-json\/wp\/v2\/pages\/42\/revisions"}],"predecessor-version":[{"id":1137,"href":"https:\/\/wp.ufpel.edu.br\/pibidfisica\/wp-json\/wp\/v2\/pages\/42\/revisions\/1137"}],"wp:attachment":[{"href":"https:\/\/wp.ufpel.edu.br\/pibidfisica\/wp-json\/wp\/v2\/media?parent=42"}],"curies":[{"name":"wp","href":"https:\/\/api.w.org\/{rel}","templated":true}]}}