{"id":351,"date":"2014-11-13T16:12:09","date_gmt":"2014-11-13T18:12:09","guid":{"rendered":"https:\/\/wp.ufpel.edu.br\/pibidfisica\/?page_id=351"},"modified":"2024-05-29T21:52:16","modified_gmt":"2024-05-30T00:52:16","slug":"documentos","status":"publish","type":"page","link":"https:\/\/wp.ufpel.edu.br\/pibidfisica\/atividades\/documentos\/","title":{"rendered":"Diagn\u00f3stico escolar"},"content":{"rendered":"<p style=\"text-align: justify;\">Ao longo as edi\u00e7\u00f5es do PIBID-F\u00edsica a\u00e7\u00f5es de diagn\u00f3stico das escolas atendidas pelo projeto t\u00eam sido propostas. A ideia \u00e9 que o pibidiano tenha contato com a realidade escolar durante sua forma\u00e7\u00e3o como futuro docente.<\/p>\n<p>DIAGN\u00d3STICOS das escolas de Ensino M\u00e9dio participantes do subprojeto PIBID\/F\u00edsica no ano de 2014:<\/p>\n<ul>\n<li>\u00a0<a href=\"https:\/\/wp.ufpel.edu.br\/pibidfisica\/files\/2014\/11\/diagnostico-Areal-2015-1.pdf\" target=\"_blank\" rel=\"noopener noreferrer\">E. E. E. M. Areal<\/a><\/li>\n<li><a href=\"https:\/\/wp.ufpel.edu.br\/pibidfisica\/files\/2014\/11\/diagnostico-pibid-fisica-Assis-Brasil.pdf\" target=\"_blank\" rel=\"noopener noreferrer\">I. E. E. Assis Brasil<\/a><\/li>\n<li><a href=\"https:\/\/wp.ufpel.edu.br\/pibidfisica\/files\/2014\/11\/diagnostico-DJB-pibid-fisica.pdf\" target=\"_blank\" rel=\"noopener noreferrer\">C. E. Dom Jo\u00e3o Braga<\/a><\/li>\n<li><a href=\"https:\/\/wp.ufpel.edu.br\/pibidfisica\/files\/2014\/11\/diagnostico-fisica-felix-da-cunha-2015-1.pdf\" target=\"_blank\" rel=\"noopener noreferrer\">C. E. Dr. F\u00e9lix da Cunha<\/a><\/li>\n<li><a href=\"https:\/\/wp.ufpel.edu.br\/pibidfisica\/files\/2014\/11\/diagnostico-Simoes-Lopes-2015-1.pdf\" target=\"_blank\" rel=\"noopener noreferrer\">E. E. E. M. Dr. Augusto Sim\u00f5es Lopes<\/a><\/li>\n<li><a href=\"https:\/\/wp.ufpel.edu.br\/pibidfisica\/files\/2014\/11\/Diagnostico-Sylvia-Mello-2015.pdf\" target=\"_blank\" rel=\"noopener noreferrer\">E. T. E. Prof\u00aa Sylvia Mello<\/a><\/li>\n<li><a href=\"https:\/\/wp.ufpel.edu.br\/pibidfisica\/files\/2014\/11\/diagnostico-Santa-Rita-2015-1.pdf\" target=\"_blank\" rel=\"noopener noreferrer\">E. E. E. M. Santa Rita<\/a><\/li>\n<li><a href=\"https:\/\/wp.ufpel.edu.br\/pibidfisica\/files\/2014\/11\/diagnostico-Simoes-Lopes-2015-1.pdf\" target=\"_blank\" rel=\"noopener noreferrer\">E. E. E. M. Dr Ant\u00f4nio Leivas Leite<\/a><\/li>\n<\/ul>\n<p>.<\/p>\n<hr \/>\n<p>&nbsp;<\/p>\n","protected":false},"excerpt":{"rendered":"<p>Ao longo as edi\u00e7\u00f5es do PIBID-F\u00edsica a\u00e7\u00f5es de diagn\u00f3stico das escolas atendidas pelo projeto t\u00eam sido propostas. A ideia \u00e9 que o pibidiano tenha contato com a realidade escolar durante sua forma\u00e7\u00e3o como futuro docente. DIAGN\u00d3STICOS das escolas de Ensino M\u00e9dio participantes do subprojeto PIBID\/F\u00edsica no ano de 2014: \u00a0E. E. E. M. Areal I. [&hellip;]<\/p>\n","protected":false},"author":457,"featured_media":0,"parent":1108,"menu_order":2,"comment_status":"closed","ping_status":"closed","template":"","meta":{"footnotes":""},"class_list":["post-351","page","type-page","status-publish","hentry"],"_links":{"self":[{"href":"https:\/\/wp.ufpel.edu.br\/pibidfisica\/wp-json\/wp\/v2\/pages\/351","targetHints":{"allow":["GET"]}}],"collection":[{"href":"https:\/\/wp.ufpel.edu.br\/pibidfisica\/wp-json\/wp\/v2\/pages"}],"about":[{"href":"https:\/\/wp.ufpel.edu.br\/pibidfisica\/wp-json\/wp\/v2\/types\/page"}],"author":[{"embeddable":true,"href":"https:\/\/wp.ufpel.edu.br\/pibidfisica\/wp-json\/wp\/v2\/users\/457"}],"replies":[{"embeddable":true,"href":"https:\/\/wp.ufpel.edu.br\/pibidfisica\/wp-json\/wp\/v2\/comments?post=351"}],"version-history":[{"count":26,"href":"https:\/\/wp.ufpel.edu.br\/pibidfisica\/wp-json\/wp\/v2\/pages\/351\/revisions"}],"predecessor-version":[{"id":1120,"href":"https:\/\/wp.ufpel.edu.br\/pibidfisica\/wp-json\/wp\/v2\/pages\/351\/revisions\/1120"}],"up":[{"embeddable":true,"href":"https:\/\/wp.ufpel.edu.br\/pibidfisica\/wp-json\/wp\/v2\/pages\/1108"}],"wp:attachment":[{"href":"https:\/\/wp.ufpel.edu.br\/pibidfisica\/wp-json\/wp\/v2\/media?parent=351"}],"curies":[{"name":"wp","href":"https:\/\/api.w.org\/{rel}","templated":true}]}}

Diagnóstico escolar

<p style="text-align: justify;">Ao longo as edições do PIBID-Física ações de diagnóstico das escolas atendidas pelo projeto têm sido propostas. A ideia é que o pibidiano tenha contato com a realidade escolar durante sua formação como futuro docente.</p>
<p>DIAGNÓSTICOS das escolas de Ensino Médio participantes do subprojeto PIBID/Física no ano de 2014:</p>
<ul>
<li> <a href="https://wp.ufpel.edu.br/pibidfisica/files/2014/11/diagnostico-Areal-2015-1.pdf" target="_blank" rel="noopener noreferrer">E. E. E. M. Areal</a></li>
<li><a href="https://wp.ufpel.edu.br/pibidfisica/files/2014/11/diagnostico-pibid-fisica-Assis-Brasil.pdf" target="_blank" rel="noopener noreferrer">I. E. E. Assis Brasil</a></li>
<li><a href="https://wp.ufpel.edu.br/pibidfisica/files/2014/11/diagnostico-DJB-pibid-fisica.pdf" target="_blank" rel="noopener noreferrer">C. E. Dom João Braga</a></li>
<li><a href="https://wp.ufpel.edu.br/pibidfisica/files/2014/11/diagnostico-fisica-felix-da-cunha-2015-1.pdf" target="_blank" rel="noopener noreferrer">C. E. Dr. Félix da Cunha</a></li>
<li><a href="https://wp.ufpel.edu.br/pibidfisica/files/2014/11/diagnostico-Simoes-Lopes-2015-1.pdf" target="_blank" rel="noopener noreferrer">E. E. E. M. Dr. Augusto Simões Lopes</a></li>
<li><a href="https://wp.ufpel.edu.br/pibidfisica/files/2014/11/Diagnostico-Sylvia-Mello-2015.pdf" target="_blank" rel="noopener noreferrer">E. T. E. Profª Sylvia Mello</a></li>
<li><a href="https://wp.ufpel.edu.br/pibidfisica/files/2014/11/diagnostico-Santa-Rita-2015-1.pdf" target="_blank" rel="noopener noreferrer">E. E. E. M. Santa Rita</a></li>
<li><a href="https://wp.ufpel.edu.br/pibidfisica/files/2014/11/diagnostico-Simoes-Lopes-2015-1.pdf" target="_blank" rel="noopener noreferrer">E. E. E. M. Dr Antônio Leivas Leite</a></li>
</ul>
<p>.</p>
<hr />
<p>&nbsp;</p>

<p>Ao longo as edições do PIBID-Física ações de diagnóstico das escolas atendidas pelo projeto têm sido propostas. A ideia é que o pibidiano tenha contato com a realidade escolar durante sua formação como futuro docente. DIAGNÓSTICOS das escolas de Ensino Médio participantes do subprojeto PIBID/Física no ano de 2014:  E. E. E. M. Areal I. [&hellip;]</p>
