{"id":62,"date":"2021-05-30T14:07:44","date_gmt":"2021-05-30T17:07:44","guid":{"rendered":"https:\/\/wp.ufpel.edu.br\/pibidedinfantil\/?page_id=62"},"modified":"2021-12-23T15:04:57","modified_gmt":"2021-12-23T18:04:57","slug":"escola-municipal-de-educacao-infantil-profo-jacema-r-prestes","status":"publish","type":"page","link":"https:\/\/wp.ufpel.edu.br\/pibidedinfantil\/escola-municipal-de-educacao-infantil-profo-jacema-r-prestes\/","title":{"rendered":"Escola Municipal de Educa\u00e7\u00e3o Infantil Prof\u00aa Jacema R. Prestes"},"content":{"rendered":"<p><strong>E.M.E.I Prof\u00aa Jacema R. Prestes<\/strong><\/p>\n<p><strong>Localiza\u00e7\u00e3o:<\/strong> Comunidade do Arco Iris, no bairro tr\u00eas vendas.<\/p>\n<p><strong>A escola conta com 9 turmas, atende 180 crian\u00e7as e possui um total de 42 funcion\u00e1rios.<\/strong><\/p>\n<hr \/>\n<p style=\"text-align: center\"><strong>Filosofia da Escola<\/strong><\/p>\n<p>Promover uma educa\u00e7\u00e3o de qualidade que oportunize aos alunos o desenvolvimento integral, com o potencial criativo e respons\u00e1vel. A inclus\u00e3o acontece em todos os n\u00edveis da Educa\u00e7\u00e3o Infantil atrav\u00e9s de recursos did\u00e1ticos, mecanismos e ferramentas que atendam todos os alunos com aten\u00e7\u00e3o e cuidado especial aquele que apresentam desempenho diferente.<\/p>\n<hr \/>\n<p style=\"text-align: center\"><strong>Objetivos da Institui\u00e7\u00e3o<\/strong><\/p>\n<p>Favorecer o desenvolvimento integral da crian\u00e7a nos seus aspectos biopsicossociais; promover oportunidade para o desenvolvimento f\u00edsico, respeitando os n\u00edveis em que se encontra; colocar o pensar e o agir da crian\u00e7a como centro do processo educativo e o trabalho organizado a partir dos campos de experi\u00eancia; Assegurar os direitos das crian\u00e7as, consideradas nas suas diferen\u00e7as individuais, sociais, econ\u00f4micas, culturais, \u00e9tnicas, religiosas, preservando suas caracter\u00edsticas et\u00e1rias e atendendo suas necessidades b\u00e1sicas;<\/p>\n<p>A Escola, visa o educar e cuidar, com a finalidade de preservar a espontaneidade do educando, buscando desenvolv\u00ea-lo em seus aspectos f\u00edsicos, emocionais, afetivos, cognitivos sociais e \u00e9ticos, estimulando-o e desafiando-o continuamente, a ter atitudes de coopera\u00e7\u00e3o, autonomia e responsabilidade, num contexto l\u00fadico e prazeroso.<\/p>\n","protected":false},"excerpt":{"rendered":"<p>E.M.E.I Prof\u00aa Jacema R. Prestes Localiza\u00e7\u00e3o: Comunidade do Arco Iris, no bairro tr\u00eas vendas. A escola conta com 9 turmas, atende 180 crian\u00e7as e possui um total de 42 funcion\u00e1rios. Filosofia da Escola Promover uma educa\u00e7\u00e3o de qualidade que oportunize&#8230; <a class=\"more-link\" href=\"https:\/\/wp.ufpel.edu.br\/pibidedinfantil\/escola-municipal-de-educacao-infantil-profo-jacema-r-prestes\/\">Continue lendo &rarr;<\/a><\/p>\n","protected":false},"author":1154,"featured_media":0,"parent":0,"menu_order":0,"comment_status":"closed","ping_status":"closed","template":"","meta":{"footnotes":""},"class_list":["post-62","page","type-page","status-publish","hentry"],"_links":{"self":[{"href":"https:\/\/wp.ufpel.edu.br\/pibidedinfantil\/wp-json\/wp\/v2\/pages\/62","targetHints":{"allow":["GET"]}}],"collection":[{"href":"https:\/\/wp.ufpel.edu.br\/pibidedinfantil\/wp-json\/wp\/v2\/pages"}],"about":[{"href":"https:\/\/wp.ufpel.edu.br\/pibidedinfantil\/wp-json\/wp\/v2\/types\/page"}],"author":[{"embeddable":true,"href":"https:\/\/wp.ufpel.edu.br\/pibidedinfantil\/wp-json\/wp\/v2\/users\/1154"}],"replies":[{"embeddable":true,"href":"https:\/\/wp.ufpel.edu.br\/pibidedinfantil\/wp-json\/wp\/v2\/comments?post=62"}],"version-history":[{"count":8,"href":"https:\/\/wp.ufpel.edu.br\/pibidedinfantil\/wp-json\/wp\/v2\/pages\/62\/revisions"}],"predecessor-version":[{"id":829,"href":"https:\/\/wp.ufpel.edu.br\/pibidedinfantil\/wp-json\/wp\/v2\/pages\/62\/revisions\/829"}],"wp:attachment":[{"href":"https:\/\/wp.ufpel.edu.br\/pibidedinfantil\/wp-json\/wp\/v2\/media?parent=62"}],"curies":[{"name":"wp","href":"https:\/\/api.w.org\/{rel}","templated":true}]}}