{"id":58,"date":"2021-05-30T14:06:11","date_gmt":"2021-05-30T17:06:11","guid":{"rendered":"https:\/\/wp.ufpel.edu.br\/pibidedinfantil\/?page_id=58"},"modified":"2021-12-23T15:07:44","modified_gmt":"2021-12-23T18:07:44","slug":"escola-municipal-de-educacao-infantil-darcy-ribeiro","status":"publish","type":"page","link":"https:\/\/wp.ufpel.edu.br\/pibidedinfantil\/escola-municipal-de-educacao-infantil-darcy-ribeiro\/","title":{"rendered":"Escola Municipal de Educa\u00e7\u00e3o Infantil Darcy Ribeiro"},"content":{"rendered":"<p><strong>E.M.E.I Darcy Ribeiro<\/strong><\/p>\n<p><strong>Localiza\u00e7\u00e3o: <\/strong>Cohab Fragata.<\/p>\n<p><strong>A escola conta com 17 turmas, atende 230 crian\u00e7as e possui 41 funcion\u00e1rios.<\/strong><\/p>\n<hr \/>\n<p style=\"text-align: center\" data-ccp-props=\"{&quot;335551550&quot;:2,&quot;335551620&quot;:2,&quot;335559683&quot;:0,&quot;335559685&quot;:0,&quot;335559731&quot;:0,&quot;335559737&quot;:0,&quot;335562764&quot;:2,&quot;335562765&quot;:1,&quot;335562766&quot;:4,&quot;335562767&quot;:0,&quot;335562768&quot;:4,&quot;335562769&quot;:0}\"><b><span data-usefontface=\"true\" data-contrast=\"none\">Filosofia da Escola<\/span><\/b>\u200b<\/p>\n<p data-ccp-props=\"{&quot;335551550&quot;:6,&quot;335551620&quot;:6,&quot;335559683&quot;:0,&quot;335559685&quot;:0,&quot;335559731&quot;:0,&quot;335559737&quot;:0,&quot;335562764&quot;:2,&quot;335562765&quot;:1,&quot;335562766&quot;:4,&quot;335562767&quot;:0,&quot;335562768&quot;:4,&quot;335562769&quot;:0}\"><span data-usefontface=\"true\" data-contrast=\"none\">A filosofia da EMEI Darcy Ribeiro tem como prerrogativa a concep\u00e7\u00e3o do cuidar e educar, elementos estes <\/span><span data-usefontface=\"true\" data-contrast=\"none\">importantes no processo educativo contribuindo de forma significativa na aprendizagem e no\u00a0<\/span><span data-usefontface=\"true\" data-contrast=\"none\">desenvolvimento das crian\u00e7as de 0 a 5 anos. Com este intuito proporcionamos um ambiente acolhedor,\u00a0<\/span><span data-usefontface=\"true\" data-contrast=\"none\">rico em novas experi\u00eancias atendendo \u00e0s necessidades educacionais de todos os alunos e assegurando\u00a0<\/span><span data-usefontface=\"true\" data-contrast=\"none\">\u00e0s crian\u00e7as com defici\u00eancia uma educa\u00e7\u00e3o inclusiva. Sabendo que as crian\u00e7as trazem para a escola uma\u00a0<\/span><span data-usefontface=\"true\" data-contrast=\"none\">gama de conhecimentos oriundos do meio familiar e que devem ser aprimorados buscamos ampliar a\u00a0<\/span><span data-usefontface=\"true\" data-contrast=\"none\">rela\u00e7\u00e3o entre escola e fam\u00edlia assegurando a consolida\u00e7\u00e3o e o pleno direito das aprendizagens dos\u00a0<\/span><span data-usefontface=\"true\" data-contrast=\"none\">nossos alunos.<\/span>\u200b<\/p>\n<hr \/>\n<p style=\"text-align: center\" data-ccp-props=\"{&quot;335551550&quot;:2,&quot;335551620&quot;:2,&quot;335559683&quot;:0,&quot;335559685&quot;:0,&quot;335559731&quot;:0,&quot;335559737&quot;:0,&quot;335562764&quot;:2,&quot;335562765&quot;:1,&quot;335562766&quot;:4,&quot;335562767&quot;:0,&quot;335562768&quot;:4,&quot;335562769&quot;:0}\"><strong>Metodologia De Ensino<\/strong>\u200b<\/p>\n<p data-ccp-props=\"{&quot;335551550&quot;:1,&quot;335551620&quot;:1,&quot;335559683&quot;:0,&quot;335559685&quot;:0,&quot;335559731&quot;:0,&quot;335559737&quot;:0,&quot;335562764&quot;:2,&quot;335562765&quot;:1,&quot;335562766&quot;:4,&quot;335562767&quot;:0,&quot;335562768&quot;:4,&quot;335562769&quot;:0}\"><span data-usefontface=\"true\" data-contrast=\"none\">S\u00e3o elaborados tr\u00eas projetos anuais, sendo desenvolvidos um por trimestre. A elabora\u00e7\u00e3o \u00e9 feita pelas <\/span><span data-usefontface=\"true\" data-contrast=\"none\">professoras, divididas em tr\u00eas grupos, ber\u00e7\u00e1rio, maternal<\/span><span data-usefontface=\"true\" data-contrast=\"none\">\u00a0e <\/span><span data-usefontface=\"true\" data-contrast=\"none\">pr\u00e9<\/span><span data-usefontface=\"true\" data-contrast=\"none\">. Todas as turmas dever\u00e3o <\/span><span data-usefontface=\"true\" data-contrast=\"none\">desenvolver os projetos ao longo dos respectivos trimestres acrescentando as principais datas comemorativas<\/span><span data-usefontface=\"true\" data-contrast=\"none\"> trabalhando de forma interdisciplinar os campos de experi\u00eancia preconizados na <\/span><span data-usefontface=\"true\" data-contrast=\"none\">BNCC. Para consolidar esta metodologia, as pr\u00e1ticas docentes ser\u00e3o alicer\u00e7adas no brincar e nas\u00a0<\/span><span data-usefontface=\"true\" data-contrast=\"none\">intera\u00e7\u00f5es, pois \u00e9 atrav\u00e9s destes que as crian\u00e7as constroem e apropriam-se dos novos conhecimentos.\u00a0<\/span>\u200b\u200b<\/p>\n<p data-ccp-props=\"{&quot;335551550&quot;:6,&quot;335551620&quot;:6,&quot;335559683&quot;:0,&quot;335559685&quot;:0,&quot;335559731&quot;:0,&quot;335559737&quot;:0,&quot;335562764&quot;:2,&quot;335562765&quot;:1,&quot;335562766&quot;:4,&quot;335562767&quot;:0,&quot;335562768&quot;:4,&quot;335562769&quot;:0}\"><span data-usefontface=\"true\" data-contrast=\"none\">Nossa proposta pedag\u00f3gica \u00e9 desenvolvida na teoria construtivista s\u00f3cio interacionista, na qual a\u00a0<\/span><span data-usefontface=\"true\" data-contrast=\"none\">crian\u00e7a\u00a0<\/span><span data-usefontface=\"true\" data-contrast=\"none\">constr\u00f3i progressivamente seu saber, por meio de atividades e intera\u00e7\u00e3o com o meio em que vive\u00a0<\/span><span data-usefontface=\"true\" data-contrast=\"none\">intermediadas pela a\u00e7\u00e3o do educador. Sabe-se que na educa\u00e7\u00e3o infantil para que a crian\u00e7a seja\u00a0<\/span><span data-usefontface=\"true\" data-contrast=\"none\">protagonista de suas aprendizagens, \u00e9 necess\u00e1rio ambientes desafiadores, para que elas possam\u00a0<\/span><span data-usefontface=\"true\" data-contrast=\"none\">explorar, construir e expressar seus conhecimentos, tendo o professor como mediador deste processo,\u00a0<\/span><span data-usefontface=\"true\" data-contrast=\"none\">selecionando, organizando e planejando as atividades.\u00a0<\/span>\u200b<\/p>\n","protected":false},"excerpt":{"rendered":"<p>E.M.E.I Darcy Ribeiro Localiza\u00e7\u00e3o: Cohab Fragata. A escola conta com 17 turmas, atende 230 crian\u00e7as e possui 41 funcion\u00e1rios. Filosofia da Escola\u200b A filosofia da EMEI Darcy Ribeiro tem como prerrogativa a concep\u00e7\u00e3o do cuidar e educar, elementos estes importantes&#8230; <a class=\"more-link\" href=\"https:\/\/wp.ufpel.edu.br\/pibidedinfantil\/escola-municipal-de-educacao-infantil-darcy-ribeiro\/\">Continue lendo &rarr;<\/a><\/p>\n","protected":false},"author":1154,"featured_media":0,"parent":0,"menu_order":0,"comment_status":"closed","ping_status":"closed","template":"","meta":{"footnotes":""},"class_list":["post-58","page","type-page","status-publish","hentry"],"_links":{"self":[{"href":"https:\/\/wp.ufpel.edu.br\/pibidedinfantil\/wp-json\/wp\/v2\/pages\/58","targetHints":{"allow":["GET"]}}],"collection":[{"href":"https:\/\/wp.ufpel.edu.br\/pibidedinfantil\/wp-json\/wp\/v2\/pages"}],"about":[{"href":"https:\/\/wp.ufpel.edu.br\/pibidedinfantil\/wp-json\/wp\/v2\/types\/page"}],"author":[{"embeddable":true,"href":"https:\/\/wp.ufpel.edu.br\/pibidedinfantil\/wp-json\/wp\/v2\/users\/1154"}],"replies":[{"embeddable":true,"href":"https:\/\/wp.ufpel.edu.br\/pibidedinfantil\/wp-json\/wp\/v2\/comments?post=58"}],"version-history":[{"count":8,"href":"https:\/\/wp.ufpel.edu.br\/pibidedinfantil\/wp-json\/wp\/v2\/pages\/58\/revisions"}],"predecessor-version":[{"id":832,"href":"https:\/\/wp.ufpel.edu.br\/pibidedinfantil\/wp-json\/wp\/v2\/pages\/58\/revisions\/832"}],"wp:attachment":[{"href":"https:\/\/wp.ufpel.edu.br\/pibidedinfantil\/wp-json\/wp\/v2\/media?parent=58"}],"curies":[{"name":"wp","href":"https:\/\/api.w.org\/{rel}","templated":true}]}}