{"id":10,"date":"2020-11-20T14:10:45","date_gmt":"2020-11-20T17:10:45","guid":{"rendered":"https:\/\/wp.ufpel.edu.br\/pibiddancateatro\/?page_id=10"},"modified":"2020-11-20T14:18:20","modified_gmt":"2020-11-20T17:18:20","slug":"pibid-danca-teatro","status":"publish","type":"page","link":"https:\/\/wp.ufpel.edu.br\/pibiddancateatro\/pibid-danca-teatro\/","title":{"rendered":"PIBID DAN\u00c7A e TEATRO"},"content":{"rendered":"<p>DISCUSS\u00c3O, IDEIAS, ESTRAT\u00c9GIAS E TROCAS DE EXPERI\u00caNCIAS<\/p>\n","protected":false},"excerpt":{"rendered":"<p>DISCUSS\u00c3O, IDEIAS, ESTRAT\u00c9GIAS E TROCAS DE EXPERI\u00caNCIAS<\/p>\n","protected":false},"author":1102,"featured_media":0,"parent":0,"menu_order":0,"comment_status":"closed","ping_status":"closed","template":"","meta":{"footnotes":""},"class_list":["post-10","page","type-page","status-publish","hentry"],"_links":{"self":[{"href":"https:\/\/wp.ufpel.edu.br\/pibiddancateatro\/wp-json\/wp\/v2\/pages\/10","targetHints":{"allow":["GET"]}}],"collection":[{"href":"https:\/\/wp.ufpel.edu.br\/pibiddancateatro\/wp-json\/wp\/v2\/pages"}],"about":[{"href":"https:\/\/wp.ufpel.edu.br\/pibiddancateatro\/wp-json\/wp\/v2\/types\/page"}],"author":[{"embeddable":true,"href":"https:\/\/wp.ufpel.edu.br\/pibiddancateatro\/wp-json\/wp\/v2\/users\/1102"}],"replies":[{"embeddable":true,"href":"https:\/\/wp.ufpel.edu.br\/pibiddancateatro\/wp-json\/wp\/v2\/comments?post=10"}],"version-history":[{"count":4,"href":"https:\/\/wp.ufpel.edu.br\/pibiddancateatro\/wp-json\/wp\/v2\/pages\/10\/revisions"}],"predecessor-version":[{"id":20,"href":"https:\/\/wp.ufpel.edu.br\/pibiddancateatro\/wp-json\/wp\/v2\/pages\/10\/revisions\/20"}],"wp:attachment":[{"href":"https:\/\/wp.ufpel.edu.br\/pibiddancateatro\/wp-json\/wp\/v2\/media?parent=10"}],"curies":[{"name":"wp","href":"https:\/\/api.w.org\/{rel}","templated":true}]}}