{"id":847,"date":"2020-07-03T17:07:07","date_gmt":"2020-07-03T20:07:07","guid":{"rendered":"https:\/\/wp.ufpel.edu.br\/pibid\/?page_id=847"},"modified":"2026-04-10T14:47:08","modified_gmt":"2026-04-10T17:47:08","slug":"vii-seminario","status":"publish","type":"page","link":"https:\/\/wp.ufpel.edu.br\/pibid\/eventos\/vii-seminario\/","title":{"rendered":"VII SEMIN\u00c1RIO"},"content":{"rendered":"<h1 class=\"corTexto\"><span style=\"font-size: 18pt\">Pibid\/UFPel promove Semin\u00e1rio<\/span><\/h1>\n<p style=\"text-align: justify\"><img data-recalc-dims=\"1\" class=\"alignleft\" src=\"https:\/\/i0.wp.com\/ccs2.ufpel.edu.br\/wp\/wp-content\/uploads\/2019\/11\/cartazeventopibid-283x400.jpeg?resize=259%2C366\" width=\"259\" height=\"366\" \/><\/p>\n<p style=\"text-align: justify\">Com o tema \u201cO que aprendemos, o que ensinamos\u201d, o Programa Institucional de Bolsas de Inicia\u00e7\u00e3o \u00e0 Doc\u00eancia (Pibid) da Universidade Federal de Pelotas (UFPel) promove, de 26 a 30 de novembro, seu 7\u00ba Semin\u00e1rio.<\/p>\n<p style=\"text-align: justify\">Nos primeiros dias, de 26 a 29, as atividades ser\u00e3o de encontros entre os Grupos de Trabalho (GTs). O foco dos debates estar\u00e1 nos objetivos do projeto institucional do Pibid-UFPel. Os GTs far\u00e3o avalia\u00e7\u00e3o do ano de trabalho, respondendo \u00e0s quest\u00f5es norteadoras do Semin\u00e1rio: \u201co que aprendemos?\u201d e \u201co que ensinamos?\u201d. Os encontros ser\u00e3o nas Unidades dos cursos de Licenciatura.<\/p>\n<p style=\"text-align: justify\">No dia 30, encerrando o Semin\u00e1rio, haver\u00e1 a mostra dos trabalhos realizados durante a semana do evento nos GTs, com direito a piquenique (o Pibidnique) e confraterniza\u00e7\u00e3o de encerramento. Vai ser na \u00e1rea externa do Campus Anglo, das 9h \u00e0s 14h.<\/p>\n","protected":false},"excerpt":{"rendered":"<p>Pibid\/UFPel promove Semin\u00e1rio Com o tema \u201cO que aprendemos, o que ensinamos\u201d, o Programa Institucional de Bolsas de Inicia\u00e7\u00e3o \u00e0 Doc\u00eancia (Pibid) da Universidade Federal de Pelotas (UFPel) promove, de 26 a 30 de novembro, seu 7\u00ba Semin\u00e1rio. Nos primeiros dias, de 26 a 29, as atividades ser\u00e3o de encontros entre os Grupos de Trabalho [&hellip;]<\/p>\n","protected":false},"author":608,"featured_media":0,"parent":798,"menu_order":2,"comment_status":"closed","ping_status":"closed","template":"","meta":{"jetpack_post_was_ever_published":false,"footnotes":""},"class_list":["post-847","page","type-page","status-publish","hentry"],"jetpack_sharing_enabled":true,"jetpack_shortlink":"https:\/\/wp.me\/P9eX8m-dF","jetpack_likes_enabled":true,"jetpack-related-posts":[],"_links":{"self":[{"href":"https:\/\/wp.ufpel.edu.br\/pibid\/wp-json\/wp\/v2\/pages\/847","targetHints":{"allow":["GET"]}}],"collection":[{"href":"https:\/\/wp.ufpel.edu.br\/pibid\/wp-json\/wp\/v2\/pages"}],"about":[{"href":"https:\/\/wp.ufpel.edu.br\/pibid\/wp-json\/wp\/v2\/types\/page"}],"author":[{"embeddable":true,"href":"https:\/\/wp.ufpel.edu.br\/pibid\/wp-json\/wp\/v2\/users\/608"}],"replies":[{"embeddable":true,"href":"https:\/\/wp.ufpel.edu.br\/pibid\/wp-json\/wp\/v2\/comments?post=847"}],"version-history":[{"count":1,"href":"https:\/\/wp.ufpel.edu.br\/pibid\/wp-json\/wp\/v2\/pages\/847\/revisions"}],"predecessor-version":[{"id":849,"href":"https:\/\/wp.ufpel.edu.br\/pibid\/wp-json\/wp\/v2\/pages\/847\/revisions\/849"}],"up":[{"embeddable":true,"href":"https:\/\/wp.ufpel.edu.br\/pibid\/wp-json\/wp\/v2\/pages\/798"}],"wp:attachment":[{"href":"https:\/\/wp.ufpel.edu.br\/pibid\/wp-json\/wp\/v2\/media?parent=847"}],"curies":[{"name":"wp","href":"https:\/\/api.w.org\/{rel}","templated":true}]}}